NOAA-style Climate Reports

Select a Year or Month report

Report for 2021 Apr
                   Monthly Climatological Summary for Apr 2021

Name: Waikawa Beach Weather   City: Waikawa Beach   State: Horowhenua
Elevation: 28 ft  Lat: S 40° 41' 44"   Lon: E 175° 09' 41"

                  Temperature (°C), Rain (mm), Wind Speed (km/h)

                                      Heat  Cool        Avg
    Mean                              Deg   Deg         Wind                 Dom
Day Temp  High   Time   Low    Time   Days  Days  Rain  Speed High   Time    Dir
----------------------------------------------------------------------------------
01  15.9  18.6   14:33   9.3   23:56   2.4   0.0   0.0   8.4  38.6   13:49     S
02  12.4  17.9   15:45   5.9   05:16   5.9   0.0   1.8   8.3  35.4   20:29     E
03  13.3  16.8   15:49   6.5   07:48   5.0   0.0   0.0   5.9  24.1   14:33   WNW
04  16.3  18.4   10:52  14.2   04:31   2.1   0.0   0.2  15.3  53.1   14:20    NW
05  18.5  20.4   11:51  16.4   00:26   0.3   0.5   0.6  16.3  49.9   12:33    NW
06  17.6  19.9   15:28  14.5   22:07   1.0   0.3   0.0   8.3  27.4   13:30   NNW
07  15.0  19.8   15:04  10.8   06:44   3.4   0.2   0.0   6.0  19.3   11:17     S
08  16.1  20.9   13:01  11.4   01:01   2.6   0.4   0.0   6.9  19.3   02:53    NE
09  17.1  21.3   13:32  13.2   00:50   1.7   0.5   0.0   6.9  19.3   04:36   ENE
10  17.7  21.4   13:20  14.8   05:43   1.1   0.5   8.2  12.5  43.5   13:14   ENE
11  17.7  20.6   14:53  14.8   23:50   0.8   0.2   3.6   5.9  30.6   00:44   NNE
12  17.5  23.2   11:25  12.9   06:50   2.0   1.3   0.2   4.9  16.1   03:49   ENE
13  17.7  21.1   13:30  16.1   17:41   0.8   0.3   1.4  12.8  51.5   14:13   NNW
----------------------------------------------------------------------------------
    16.4  23.2    12     5.9     2    29.1   4.2  16.0   9.1  53.1     4       N

Max >=  15.0 13
Max <=  10.0  0
Min <=   5.0  0
Min <=   0.0  0
Max Rain: 8.2 on day 10
Days of Rain: 1 (>= 5.0 mm)  0 (>= 10.0 mm)  0 (>= 15.0 mm)
Heat Base: 18.3  Cool Base: 18.3  Method: Integration