NOAA-style Climate Reports

Select a Year or Month report

Report for 2008 Nov
                   Monthly Climatological Summary for Nov 2008

Name: Waikawa Beach Weather   City: Waikawa Beach   State: Horowhenua
Elevation: 28 m  Lat: S 40 41' 46"   Lon: E 175 09' 43"

                  Temperature (C), Rain (mm), Wind Speed (km/h)

                                      Heat  Cool        Avg
    Mean                              Deg   Deg         Wind                 Dom
Day Temp  High   Time   Low    Time   Days  Days  Rain  Speed High   Time    Dir
----------------------------------------------------------------------------------
 1  13.6  14.7   11:15  10.5   23:30   4.7   0.0   3.9  26.3  66.2   16:40   WNW
 2  14.4  21.8   10:10   8.1   23:50   3.9   0.0   0.0   8.7  27.0   14:00   WSW
 3  13.6  20.7   10:30   6.2   06:10   4.7   0.0   0.0   9.0  23.4   12:00   NNW
 4  13.9  18.3   16:00  11.4   05:50   4.4   0.0   1.8  17.1  51.5   14:30   WNW
 5  12.9  15.2   13:50   9.5   23:40   5.4   0.0  60.6  56.0  88.2   18:10     W
 6  11.6  16.1   15:50   8.7   08:40   6.7   0.0   2.1  43.9  74.5   01:00     W
 7   9.8  17.2   09:20   4.2   23:50   8.5   0.0   3.3  12.6  54.0   00:40   WSW
 8  11.3  20.0   14:30   1.7   04:40   7.0   0.0   0.0   9.1  30.6   17:20    SW
 9  15.0  26.4   17:20   5.7   02:00   3.3   0.0   0.6  10.9  23.4   05:00     N
10  15.7  23.6   14:00  13.3   01:50   2.6   0.0   0.0   9.5  22.0   01:40    NE
11  16.8  24.2   18:20  12.7   23:50   1.5   0.0   0.0   6.7  24.5   14:50   WNW
12  17.1  23.7   17:10  11.4   00:50   1.2   0.0   0.0  10.4  28.1   13:20    SW
13  16.3  22.1   17:20  12.8   21:10   2.0   0.0   0.0   9.9  27.0   14:10   NNW
14  17.7  25.4   17:50  12.3   06:00   0.6   0.0   0.0   9.0  25.6   16:10    SW
15  16.2  22.0   14:00  11.5   02:10   2.1   0.0   0.0   8.2  27.0   21:50   WSW
16  17.4  22.6   14:10  14.2   21:20   0.9   0.0   0.0  13.9  33.1   17:40     W
17  15.0  17.2   15:20  13.0   23:30   3.3   0.0   4.8  30.4  66.2   16:20   WNW
18  15.0  21.5   19:00   7.8   23:50   3.3   0.0   0.0  27.5  55.1   01:00     W
19  13.1  18.8   13:30   5.8   02:40   5.2   0.0   0.0  19.8  52.6   19:10    NW
20  15.4  21.8   17:10   7.8   23:50   2.9   0.0   0.0  11.5  30.6   13:20   WSW
21  13.8  22.7   14:40   5.5   04:00   4.5   0.0   0.0  10.8  29.5   16:10   WNW
22  17.3  24.3   14:20   9.6   00:50   1.0   0.0   0.0  14.9  40.3   18:50    NW
23  20.9  30.0   15:00  15.9   03:50   0.0   2.6   0.0   8.1  23.4   01:20    NW
24  22.0  29.0   11:40  18.5   03:50   0.0   3.7   2.4  14.3  35.6   16:10   NNE
25  17.7  20.3   00:00  14.4   23:40   0.6   0.0   6.9  26.0  52.6   15:00   WNW
26  15.9  23.1   16:00  12.7   22:20   2.4   0.0   1.2  14.0  37.8   01:30     W
27  17.5  27.1   16:50  12.5   05:40   0.8   0.0   0.0  10.1  29.5   13:00   WSW
28  18.8  25.2   15:00  10.3   05:20   0.0   0.5   0.0  14.3  45.4   14:40    NE
29  18.1  25.5   15:50  10.6   04:50   0.2   0.0   0.0  10.9  24.5   09:10     N
30  18.6  27.6   15:20  11.4   01:20   0.0   0.3   0.0  10.8  30.6   16:20    SW
----------------------------------------------------------------------------------
    15.7  30.0    23     1.7     8    83.7   7.1  87.6  16.0  88.2     5     WNW

Max >=  25.0:  8
Max <=  30.0: 30
Min <=   5.0:  2
Min <=   0.0:  0
Max Rain: 60.6 on day 5
Days of Rain: 1 (>= 10.0 mm)  1 (>= 30.0 mm)  1 (>= 50.0 mm)
Heat Base: 18.3  Cool Base: 18.3  Method: Integration