NOAA-style Climate Reports

Select a Year or Month report

Report for 2008 Dec
                   Monthly Climatological Summary for Dec 2008

Name: Waikawa Beach Weather   City: Waikawa Beach   State: Horowhenua
Elevation: 28 m  Lat: S 40 41' 46"   Lon: E 175 09' 43"

                  Temperature (C), Rain (mm), Wind Speed (km/h)

                                      Heat  Cool        Avg
    Mean                              Deg   Deg         Wind                 Dom
Day Temp  High   Time   Low    Time   Days  Days  Rain  Speed High   Time    Dir
----------------------------------------------------------------------------------
 1  18.8  25.3   10:50  15.3   23:40   0.0   0.5   6.0   9.9  27.0   14:10   WSW
 2  15.8  18.7   17:40  14.1   05:50   2.5   0.0   4.8  25.0  61.2   20:00   WNW
 3  17.6  22.0   17:50  15.7   05:20   0.7   0.0   0.3  21.4  41.8   02:10   WNW
 4  18.4  24.2   09:50  12.8   06:50   0.0   0.1   0.0  17.4  56.2   18:30   WNW
 5  17.3  21.1   18:30  12.3   23:50   1.0   0.0   0.0  17.6  35.6   04:40   WNW
 6  16.7  26.6   17:30  10.7   04:10   1.6   0.0   0.0  12.6  31.7   11:00     N
 7  17.5  25.3   18:10   9.4   04:30   0.8   0.0   0.0   9.2  30.6   15:20   WSW
 8  19.1  25.9   10:00  13.5   00:30   0.0   0.8   0.9  10.6  29.5   11:20     N
 9  16.6  23.0   13:40  14.3   03:50   1.7   0.0  15.9  12.8  31.7   12:00   NNE
10  18.2  26.8   15:30  13.4   05:30   0.1   0.0   0.3  11.5  28.1   12:50   WSW
11  16.1  20.1   16:10  13.0   23:40   2.2   0.0   0.0  14.8  31.7   09:00   WNW
12  16.0  22.1   19:20  13.1   00:20   2.3   0.0   1.5  12.4  30.6   14:00    NW
13  17.1  22.4   17:10  10.8   23:50   1.2   0.0   0.0  11.4  29.5   13:20     W
14  16.4  28.0   16:10   5.8   06:10   1.9   0.0   0.0  10.0  28.1   13:50    SW
15  18.0  22.2   14:40  14.4   03:00   0.3   0.0   5.4  12.7  37.8   15:10    NE
16  18.4  24.0   11:50  13.9   06:10   0.0   0.1  14.1  19.1  52.6   14:40   WNW
17  17.3  22.8   13:20  14.8   21:10   1.0   0.0   0.0  31.6  54.0   06:30     W
18  16.1  19.3   15:00  11.5   05:00   2.2   0.0   0.0  24.7  56.2   12:50     W
19  16.8  20.5   17:20  13.6   06:00   1.5   0.0   0.0  14.3  46.4   16:20   WNW
20  17.1  20.2   11:30  14.8   16:20   1.2   0.0  10.5  17.5  45.4   16:20   NNW
21  14.3  20.5   17:30   9.4   23:40   4.0   0.0   9.9   8.2  29.5   02:40    SE
22  15.5  24.1   19:00   6.2   05:50   2.8   0.0   0.0   8.7  25.6   16:40   WSW
23  16.5  26.4   18:50   5.8   05:20   1.8   0.0   0.0  10.8  28.1   14:10    SW
24  14.2  18.1   11:10  11.6   06:00   4.1   0.0  14.1  10.7  37.8   21:50    SW
25  17.7  23.9   16:50  13.0   02:40   0.6   0.0   0.0  17.8  41.8   11:50    SW
26  18.6  25.4   14:20  10.2   05:10   0.0   0.3   0.0   8.5  25.6   15:40     W
27  18.5  23.6   18:30  15.1   22:20   0.0   0.2   0.0  11.1  30.6   15:00   WNW
28  19.3  26.3   16:50  12.5   23:30   0.0   1.0   0.0  10.8  29.5   11:50    NW
29  18.3  29.0   09:50   8.7   06:00   0.0   0.0   6.6   8.2  23.4   13:50   SSW
30  18.3  21.9   09:10  16.7   00:00   0.0   0.0   0.0  11.3  33.1   18:10   WNW
31  20.0  27.1   16:10  16.2   05:40   0.0   1.7   0.0  15.1  42.8   21:30   WNW
----------------------------------------------------------------------------------
    17.3  29.0    29     5.8    14    35.5   4.7  90.3  14.1  61.2     2     WNW

Max >=  25.0: 11
Max <=  30.0: 31
Min <=   5.0:  0
Min <=   0.0:  0
Max Rain: 15.9 on day 9
Days of Rain: 4 (>= 10.0 mm)  0 (>= 30.0 mm)  0 (>= 50.0 mm)
Heat Base: 18.3  Cool Base: 18.3  Method: Integration