NOAA-style Climate Reports

Select a Year or Month report

Report for 2009 Feb
                   Monthly Climatological Summary for Feb 2009

Name: Waikawa Beach Weather   City: Waikawa Beach   State: Horowhenua
Elevation: 28 m  Lat: S 40 41' 46"   Lon: E 175 09' 43"

                  Temperature (C), Rain (mm), Wind Speed (km/h)

                                      Heat  Cool        Avg
    Mean                              Deg   Deg         Wind                 Dom
Day Temp  High   Time   Low    Time   Days  Days  Rain  Speed High   Time    Dir
----------------------------------------------------------------------------------
 1  21.7  24.2   00:00  17.3   23:50   0.0   3.4   0.0  20.0  49.0   16:20    NW
 2  19.1  25.2   15:30  12.5   23:50   0.0   0.8   0.0  11.2  30.6   13:20   WSW
 3  17.9  26.0   14:20  10.4   03:30   0.4   0.0   0.0   9.0  29.5   13:20   WNW
 4  17.3  21.5   13:50  13.3   23:50   1.0   0.0   0.0  10.0  25.6   11:00     W
 5  19.8  27.7   15:20  12.4   05:50   0.0   1.5   0.3  10.1  27.0   15:00    SW
 6  20.9  26.8   12:10  13.9   02:00   0.0   2.6   0.0  10.8  34.2   13:50   WNW
 7  20.1  25.6   13:00  16.9   05:20   0.0   1.8   0.0  11.4  30.6   13:30    NW
 8  20.2  25.2   12:40  17.9   06:00   0.0   1.9   0.0  13.4  30.6   14:20     N
 9  20.2  25.3   14:10  17.9   23:40   0.0   1.9   0.0  10.9  33.1   16:20    NW
10  19.9  24.4   17:20  16.0   02:40   0.0   1.6   0.0   7.3  18.4   23:40     N
11  20.3  27.2   17:00  16.7   07:30   0.0   2.0   0.0  10.0  29.5   13:30   NNW
12  19.1  21.6   13:20  15.3   22:20   0.0   0.8   0.3  11.0  35.6   19:30   NNE
13  16.0  22.4   14:40  11.8   23:40   2.3   0.0   0.0   8.2  41.8   16:30     S
14  15.9  27.1   13:10   9.1   04:50   2.4   0.0   0.0   8.6  27.0   16:10   WSW
15  16.2  25.1   16:10   6.3   06:50   2.1   0.0   0.0  10.0  40.3   22:40   WNW
16  16.4  22.6   12:30  12.2   22:50   1.9   0.0  13.5   8.8  45.4   00:30     W
17  16.5  24.3   19:10   9.8   07:00   1.8   0.0   0.3   8.3  25.6   13:50    SW
18  17.7  27.3   18:00   8.4   07:00   0.6   0.0   0.0   9.1  28.1   14:00    SW
19  19.1  26.6   17:00  13.6   04:50   0.0   0.8   0.0   7.1  29.5   12:40    NW
20  19.2  22.8   17:10  16.9   00:40   0.0   0.9  43.3  11.7  35.6   10:20    NE
21  19.8  24.2   14:00  17.8   20:20   0.0   1.5   8.4  19.1  42.8   10:50   WNW
22  21.5  24.3   10:30  17.1   03:20   0.0   3.2   0.0  24.4  37.8   08:20   WNW
23  24.3  24.3   00:00  24.3   00:00   0.0   6.0   0.0  25.7  33.1   00:00   WNW
24  22.2  24.3   00:00  11.9   23:00   0.0   3.9   0.0  21.4  35.6   16:20     W
25  16.3  23.5   16:10  10.3   04:10   2.0   0.0   0.0   9.1  27.0   14:20    SW
26  16.8  25.5   17:40   9.8   05:10   1.5   0.0   0.0   9.4  22.0   12:10     N
27  18.5  26.0   10:30  11.8   05:50   0.0   0.2   0.0   7.4  27.0   13:10   SSW
28  17.4  20.2   15:10  15.6   04:10   0.9   0.0  15.2  16.7  64.8   18:50   ENE
----------------------------------------------------------------------------------
    18.9  27.7     5     6.3    15    16.9  34.8  81.3  12.2  64.8    28     WNW

Max >=  25.0: 14
Max <=  30.0: 28
Min <=   5.0:  0
Min <=   0.0:  0
Max Rain: 43.3 on day 20
Days of Rain: 3 (>= 10.0 mm)  1 (>= 30.0 mm)  0 (>= 50.0 mm)
Heat Base: 18.3  Cool Base: 18.3  Method: Integration