NOAA-style Climate Reports

Select a Year or Month report

Report for 2009 Mar
                   Monthly Climatological Summary for Mar 2009

Name: Waikawa Beach Weather   City: Waikawa Beach   State: Horowhenua
Elevation: 28 m  Lat: S 40 41' 46"   Lon: E 175 09' 43"

                  Temperature (C), Rain (mm), Wind Speed (km/h)

                                      Heat  Cool        Avg
    Mean                              Deg   Deg         Wind                 Dom
Day Temp  High   Time   Low    Time   Days  Days  Rain  Speed High   Time    Dir
----------------------------------------------------------------------------------
 1  19.6  24.0   14:00  17.2   00:20   0.0   1.3   2.8  16.7  36.7   01:00   WNW
 2  19.1  24.1   16:30  17.1   07:10   0.0   0.8   0.0  20.7  41.8   00:30   WNW
 3  19.3  25.9   15:01  13.0   23:40   0.0   1.0   0.0   8.5  31.7   14:30   SSW
 4  17.6  27.5   17:50   7.4   06:50   0.7   0.0   0.0   7.4  20.9   14:00   SSW
 5  19.6  26.7   16:20  12.8   01:50   0.0   1.3   0.0  10.5  30.6   20:30    NE
 6  21.8  27.9   11:50  17.8   03:50   0.0   3.5   4.0  14.2  37.8   01:10    NE
 7  20.1  24.1   14:20  17.4   11:20   0.0   1.8   0.8  13.8  33.1   18:00    NW
 8  18.6  21.1   13:00  17.1   05:20   0.0   0.3   0.0  33.8  61.2   22:50     W
 9  18.1  21.9   14:20  12.9   23:00   0.2   0.0   0.0  29.8  61.2   03:00     W
10  16.2  19.6   14:40  10.1   04:20   2.1   0.0  12.8  36.6  85.7   18:10     W
11  12.9  18.2   13:10   8.8   04:20   5.4   0.0   0.8  19.8  74.5   00:00   WSW
12  12.1  21.7   13:50   3.3   05:30   6.2   0.0   2.0  13.9  34.2   15:50    NW
13  16.6  22.5   14:10  11.8   22:30   1.7   0.0   0.0  11.9  40.3   15:30   SSW
14  15.5  23.3   13:40   8.8   04:10   2.8   0.0   0.0   8.1  27.0   15:40     W
15  15.2  24.5   17:20   5.9   07:10   3.1   0.0   0.8   8.4  23.4   12:50    SW
16  16.9  25.2   12:50   9.3   04:00   1.4   0.0   0.0  12.6  41.8   12:20    NE
17  18.1  26.0   15:20  10.6   05:00   0.2   0.0   0.0   6.3  20.9   12:40    SW
18  19.1  27.7   14:40  12.4   06:10   0.0   0.8   4.0   9.5  20.9   23:20   NNE
19  17.8  20.8   14:10  15.4   05:30   0.5   0.0   4.8  27.9  73.4   18:20     W
20  17.1  23.2   12:10  12.0   23:30   1.2   0.0   1.2  12.1  30.6   15:00     N
21  14.7  24.2   11:00   6.8   07:20   3.6   0.0   4.0   7.4  33.1   23:40   SSW
22  14.0  20.3   13:00  10.1   23:20   4.3   0.0   0.4  10.6  35.6   13:30   SSW
23  13.5  20.6   15:30   6.8   06:40   4.8   0.0   0.8  11.0  43.9   17:30     S
24  14.3  21.1   12:40   8.1   23:30   4.0   0.0   0.0  14.1  45.4   14:50    SW
25  14.0  22.2   11:00   5.5   02:30   4.3   0.0   0.0  10.3  22.0   13:30     N
26  16.9  23.8   16:30  14.4   06:00   1.4   0.0   0.0   9.8  23.4   16:10   NNE
27  17.1  21.5   13:10  13.6   07:30   1.2   0.0   0.0  17.5  41.8   23:10   WNW
28  18.1  22.2   09:50  14.7   22:40   0.2   0.0   0.0  22.5  49.0   03:00   WNW
29  16.3  19.9   12:20  14.0   03:40   2.0   0.0   0.0  18.1  35.6   12:50    NW
30  17.2  25.5   18:10  11.8   23:50   1.1   0.0   0.4  12.3  33.1   01:30   NNE
31  15.1  24.5   11:30   9.8   04:00   3.2   0.0   0.0   5.5  25.6   16:10    SE
----------------------------------------------------------------------------------
    16.9  27.9     6     3.3    12    55.6  10.8  39.6  14.9  85.7    10     WNW

Max >=  25.0:  8
Max <=  30.0: 31
Min <=   5.0:  1
Min <=   0.0:  0
Max Rain: 12.8 on day 10
Days of Rain: 1 (>= 10.0 mm)  0 (>= 30.0 mm)  0 (>= 50.0 mm)
Heat Base: 18.3  Cool Base: 18.3  Method: Integration