NOAA-style Climate Reports

Select a Year or Month report

Report for 2009 May
                   Monthly Climatological Summary for May 2009

Name: Waikawa Beach Weather   City: Waikawa Beach   State: Horowhenua
Elevation: 28 m  Lat: S 40 41' 46"   Lon: E 175 09' 43"

                  Temperature (C), Rain (mm), Wind Speed (km/h)

                                      Heat  Cool        Avg
    Mean                              Deg   Deg         Wind                 Dom
Day Temp  High   Time   Low    Time   Days  Days  Rain  Speed High   Time    Dir
----------------------------------------------------------------------------------
 1  11.8  20.3   11:50   5.9   23:40   6.5   0.0   0.0   4.2  19.4   12:10     S
 2  10.0  20.1   14:40   4.8   04:50   8.3   0.0   0.0   4.4  13.3   12:40   SSW
 3  10.7  19.6   09:40   2.9   05:50   7.6   0.0   0.0   7.2  24.5   14:50   SSW
 4  10.3  22.0   12:50   3.4   06:00   8.0   0.0   0.0   6.3  29.5   14:40   SSW
 5  11.3  17.7   11:10   2.4   01:10   7.0   0.0   0.0  22.3  58.7   21:40   WNW
 6  11.1  15.8   13:30   7.0   20:10   7.2   0.0  10.4  20.0  58.7   05:10   WSW
 7  10.8  16.6   14:30   3.7   06:10   7.5   0.0   0.0  15.8  50.0   22:30     W
 8  11.0  14.6   02:10   8.1   20:20   7.3   0.0  29.9  16.1  46.4   00:00    NW
 9  11.0  17.1   15:00   6.4   03:40   7.3   0.0   2.0  16.9  54.0   23:20   WSW
10   9.7  17.1   14:20   5.2   22:30   8.6   0.0   2.0  18.4  70.9   09:20     W
11   8.7  15.7   11:20   4.8   01:20   9.6   0.0   0.0   8.6  28.1   03:00   SSW
12   8.6  19.0   14:20   2.9   07:00   9.7   0.0   0.0   5.3  14.8   22:40   ESE
13  11.2  15.8   13:50   5.5   01:20   7.1   0.0   6.0  24.6  58.7   07:00     W
14  14.5  17.6   14:00  12.8   07:10   3.8   0.0   0.0  33.6  60.1   02:20     W
15  13.5  16.9   13:50  10.9   02:40   4.8   0.0   4.8  29.4  62.3   11:30   WNW
16  16.0  19.4   11:00  13.8   00:10   2.3   0.0   0.4  26.6  51.5   16:40   WNW
17  15.0  17.5   13:50  12.8   07:40   3.3   0.0   5.6  27.3  61.2   07:20   WNW
18  12.7  16.5   10:50   9.7   06:40   5.6   0.0   7.2  21.2  56.2   12:20    NW
19  12.3  15.6   11:40   8.8   23:50   6.0   0.0   3.2  32.4  79.6   12:50     W
20   7.9  12.3   11:40   4.9   23:10  10.4   0.0   0.4  18.9  56.2   10:30   SSW
21   6.9  12.8   14:40   0.5   23:50  11.4   0.0   0.4  12.8  41.8   10:50   SSW
22   6.7  12.2   14:00   0.2   00:20  11.6   0.0   0.8  17.8  52.6   23:50     S
23   8.8  10.6   10:40   6.8   00:30   9.5   0.0  12.8  27.4  62.3   07:10   SSW
24  11.6  15.4   13:30   8.9   02:40   6.7   0.0   0.8  14.3  37.8   10:00   SSW
25  12.3  18.4   13:00   9.0   21:50   6.0   0.0   0.0  12.5  34.2   15:00   SSW
26  11.1  18.4   10:40   5.7   23:40   7.2   0.0   0.0   7.0  22.0   04:00   SSE
27   8.6  19.2   13:40   3.5   05:20   9.7   0.0   0.0   4.9  12.2   12:20   SSE
28   9.9  17.6   11:20   3.1   07:50   8.4   0.0   0.0   6.5  20.9   13:20     E
29  11.8  17.4   14:20   9.3   00:40   6.5   0.0   0.0   8.5  22.0   10:50    NE
30  10.4  14.0   12:50   7.2   23:50   7.9   0.0   0.0   5.6  15.8   00:40   ESE
31   5.5  11.0   10:40   2.2   19:50  12.8   0.0   0.8  12.0  47.9   18:30     S
----------------------------------------------------------------------------------
    10.7  22.0     4     0.2    22   235.6   0.0  87.5  15.8  79.6    19     WSW

Max >=  25.0:  0
Max <=  30.0: 31
Min <=   5.0: 13
Min <=   0.0:  0
Max Rain: 29.9 on day 8
Days of Rain: 3 (>= 10.0 mm)  0 (>= 30.0 mm)  0 (>= 50.0 mm)
Heat Base: 18.3  Cool Base: 18.3  Method: Integration