NOAA-style Climate Reports

Select a Year or Month report

Report for 2009 Jun
                   Monthly Climatological Summary for Jun 2009

Name: Waikawa Beach Weather   City: Waikawa Beach   State: Horowhenua
Elevation: 28 m  Lat: S 40 41' 46"   Lon: E 175 09' 43"

                  Temperature (C), Rain (mm), Wind Speed (km/h)

                                      Heat  Cool        Avg
    Mean                              Deg   Deg         Wind                 Dom
Day Temp  High   Time   Low    Time   Days  Days  Rain  Speed High   Time    Dir
----------------------------------------------------------------------------------
 1   7.2  12.6   15:00   1.7   08:00  11.1   0.0   0.8  12.8  40.3   14:20   SSW
 2   8.7  17.6   11:40   2.9   07:10   9.6   0.0   0.0   6.6  17.3   03:10     E
 3   7.9  17.7   14:50   1.4   23:50  10.4   0.0   0.0   5.8  15.8   10:40   ENE
 4   6.1  17.5   13:20  -1.0   08:00  12.2   0.0   0.0   6.5  20.9   23:50   ENE
 5  10.9  16.6   13:30   6.5   00:00   7.4   0.0   0.0  16.2  45.4   08:20   WNW
 6   9.6  20.8   14:50   4.5   03:10   8.7   0.0   0.0   9.8  28.1   22:10   SSE
 7   7.0  17.1   14:05  -0.6   23:50  11.3   0.0   0.0   6.4  25.6   05:00    SE
 8   5.9  16.9   15:15  -2.2   07:35  12.4   0.0   0.0   7.0  29.5   23:50   ESE
 9  10.3  13.4   10:40   6.6   05:20   8.0   0.0   8.4  13.8  40.3   07:50    NE
10  13.2  15.0   23:30  10.9   01:00   5.1   0.0  10.8  14.0  35.6   14:10    NE
11  14.5  17.9   12:10  12.0   08:00   3.8   0.0   4.4  13.1  28.1   00:50    NE
12  14.0  17.1   11:10  11.7   01:30   4.3   0.0  14.4  11.6  33.1   22:00    NE
13  13.0  17.6   13:00   7.0   22:40   5.3   0.0   6.0   7.1  28.1   06:40   ENE
14   9.9  19.0   15:10   4.8   07:00   8.4   0.0   0.4   6.3  18.4   22:00     E
15  11.6  17.5   12:30   8.9   03:20   6.7   0.0   0.0  17.2  37.8   23:10    NW
16   8.1  14.6   12:50   2.3   20:40  10.2   0.0   0.8  21.8  49.0   00:30   WSW
17   6.4  12.6   14:20   3.5   00:00  11.9   0.0   0.0   9.3  45.4   01:10   SSW
18   5.3  14.9   14:20   0.0   07:40  13.0   0.0   0.0   7.0  36.7   14:50   SSE
19   6.2  18.0   13:10  -1.2   04:40  12.1   0.0   0.4   9.5  31.7   22:30   ESE
20   9.2  14.4   14:50   6.8   21:50   9.1   0.0   0.4  15.0  37.8   15:10   SSW
21   8.4  13.9   15:00   3.7   06:10   9.9   0.0   0.0  10.8  33.1   14:00     S
22   8.4  14.4   14:00   4.5   08:00   9.9   0.0   0.0  10.5  33.1   11:10   SSW
23   6.9  15.5   14:20   0.3   22:50  11.4   0.0   0.0   6.2  25.6   13:40     S
24   5.2  17.5   13:00  -1.6   08:10  13.1   0.0   0.0   6.4  13.3   09:20     E
25   7.8  12.4   14:00   2.9   03:00  10.5   0.0   0.0  10.4  23.4   20:00    NE
26  10.1  14.0   14:30   8.4   04:20   8.2   0.0   7.6   9.2  27.0   09:30   ENE
27   9.7  13.2   15:30   5.9   23:50   8.6   0.0   2.4   4.5  17.3   12:50   ENE
28   7.5  10.6   12:40   4.8   04:40  10.8   0.0   4.8   4.9  24.5   22:30   WSW
29   9.2  11.3   14:10   6.8   02:00   9.1   0.0   0.4  10.2  34.2   09:00     S
30   9.1  11.7   12:40   7.4   23:30   9.2   0.0   0.0   8.5  23.4   08:30   SSW
----------------------------------------------------------------------------------
     8.9  20.8     6    -2.2     8   281.7   0.0  62.0   9.8  49.0    16      SE

Max >=  25.0:  0
Max <=  30.0: 30
Min <=   5.0: 18
Min <=   0.0:  6
Max Rain: 14.4 on day 12
Days of Rain: 2 (>= 10.0 mm)  0 (>= 30.0 mm)  0 (>= 50.0 mm)
Heat Base: 18.3  Cool Base: 18.3  Method: Integration