NOAA-style Climate Reports


Report for 2009 Jul
                   Monthly Climatological Summary for Jul 2009

Name: Waikawa Beach Weather   City: Waikawa Beach   State: Horowhenua
Elevation: 28 m  Lat: S 40 41' 46"   Lon: E 175 09' 43"

                  Temperature (C), Rain (mm), Wind Speed (km/h)

                                      Heat  Cool        Avg
    Mean                              Deg   Deg         Wind                 Dom
Day Temp  High   Time   Low    Time   Days  Days  Rain  Speed High   Time    Dir
----------------------------------------------------------------------------------
 1   8.1  16.6   14:50   3.4   23:50  10.2   0.0   0.0   4.0  14.8   14:40    SE
 2   6.8  15.0   13:00  -0.1   07:50  11.5   0.0   2.8   9.1  31.7   19:40   ENE
 3  11.3  17.2   13:10   8.0   00:40   7.0   0.0   3.2  11.7  54.0   00:40   NNE
 4  11.1  17.1   12:50   7.9   21:50   7.2   0.0   6.0   7.2  19.4   01:40    NE
 5  10.0  15.1   10:50   7.6   06:10   8.3   0.0   0.0   4.4  17.3   12:40     S
 6   8.8  14.4   15:10   6.0   23:00   9.5   0.0   0.0   5.3  18.4   21:30    NE
 7   9.7  15.8   14:40   5.8   00:20   8.6   0.0   1.2  13.2  33.1   10:50     N
 8   8.7  17.9   13:10   3.0   23:30   9.6   0.0   8.0   6.2  23.4   00:00   SSE
 9   5.6  15.1   12:40   0.7   03:40  12.7   0.0   0.0   5.9  17.3   06:20     E
10   5.1  12.1   21:03  -0.2   05:40  13.2   0.0  10.0   6.0  22.0   08:30     E
11   5.6  18.1   11:19  -0.3   06:04  12.7   0.0   0.0   4.3  12.2   11:54   SSE
12   6.9   9.1   09:54   4.0   23:44  11.4   0.0   0.8   9.5  29.5   12:30     S
13   6.4  12.2   15:50   1.0   23:45  11.9   0.0   0.0   6.8  15.8   12:35   SSE
14   6.5  10.1   12:10   1.5   00:00  11.8   0.0   5.6  14.1  33.1   12:15    NE
15  10.4  13.6   15:45   6.8   23:55   7.9   0.0   3.2  14.9  58.7   09:20     W
16   9.5  19.3   13:20   4.1   23:05   8.8   0.0   0.0   7.6  22.0   03:40   ENE
17  10.6  18.8   14:10   4.1   01:15   7.7   0.0   0.4   7.5  23.4   05:50    NE
18   9.9  14.2   12:40   6.2   07:30   8.4   0.0   0.4  15.0  57.6   23:45   WSW
19  12.2  15.6   12:45  10.5   22:45   6.1   0.0   0.4  43.5  77.0   05:15     W
20  10.0  19.0   12:35   5.1   07:00   8.3   0.0   0.0  14.3  43.9   00:00     W
21  10.8  15.3   14:45   5.8   01:15   7.5   0.0   0.8  29.1  77.0   20:45   WNW
22  12.6  15.7   14:00  11.0   07:35   5.7   0.0   0.4  32.4  73.4   00:30     W
23  12.4  15.8   10:20  11.1   15:40   5.9   0.0  31.9  24.8  66.2   21:35    NW
24   9.1  12.9   00:50   3.7   23:45   9.2   0.0   1.6  18.2  63.7   02:05    SW
25   6.2  15.5   14:40   1.3   04:45  12.1   0.0   0.0   6.5  17.3   08:00   ESE
26   6.9  15.2   13:00   1.8   03:40  11.4   0.0   0.0   8.5  22.0   11:25   ENE
27   7.9  17.4   13:20   2.7   20:35  10.4   0.0   0.0   8.8  25.6   23:20    NE
28   8.9  13.2   11:45   5.2   00:25   9.4   0.0   0.4  12.9  30.6   22:30    NE
29  10.7  13.4   11:15   8.8   22:15   7.6   0.0   0.0  11.0  28.1   23:40    NE
30  11.5  17.2   14:20   6.5   22:55   6.8   0.0   0.0  18.0  49.0   10:20     W
31  12.2  15.8   15:50   6.4   01:10   6.1   0.0   0.4  34.8  64.8   20:25     W
----------------------------------------------------------------------------------
     9.1  19.3    16    -0.3    11   284.9   0.0  77.5  14.6  77.0    19     WNW

Max >=  25.0:  0
Max <=  30.0: 31
Min <=   5.0: 15
Min <=   0.0:  3
Max Rain: 31.9 on day 23
Days of Rain: 2 (>= 10.0 mm)  1 (>= 30.0 mm)  0 (>= 50.0 mm)
Heat Base: 18.3  Cool Base: 18.3  Method: Integration