NOAA-style Climate Reports

Select a Year or Month report

Report for 2009 Aug
                   Monthly Climatological Summary for Aug 2009

Name: Waikawa Beach Weather   City: Waikawa Beach   State: Horowhenua
Elevation: 28 m  Lat: S 40 41' 46"   Lon: E 175 09' 43"

                  Temperature (C), Rain (mm), Wind Speed (km/h)

                                      Heat  Cool        Avg
    Mean                              Deg   Deg         Wind                 Dom
Day Temp  High   Time   Low    Time   Days  Days  Rain  Speed High   Time    Dir
----------------------------------------------------------------------------------
 1  11.6  13.0   00:00   9.2   21:45   6.7   0.0  18.0  19.1  66.2   03:00     W
 2  10.5  14.3   10:15   6.3   05:10   7.8   0.0   6.0  27.5  80.6   15:45   WNW
 3  11.3  15.6   13:40   5.6   06:35   7.0   0.0   0.0  23.8  55.1   00:20     W
 4  11.5  13.8   10:45   8.9   06:35   6.8   0.0  11.2  24.4  64.8   21:10   WNW
 5  11.7  15.7   09:30   5.7   06:40   6.6   0.0   0.0  25.6  52.6   14:00     W
 6  10.6  18.7   10:25   3.3   23:00   7.7   0.0   0.0   8.0  33.1   00:30    SW
 7   9.5  18.1   12:40   3.6   23:35   8.8   0.0   0.0   9.0  24.5   01:00   ENE
 8   8.4  18.9   12:55   1.2   05:20   9.9   0.0   0.4   7.6  20.9   10:40    NE
 9   8.5  17.9   14:50   2.1   05:45   9.8   0.0   0.0   8.1  22.0   07:35   ENE
10   7.6  18.7   15:05   0.6   06:50  10.7   0.0   0.0   7.6  29.5   11:55   ENE
11  10.4  18.0   14:15   4.5   05:30   7.9   0.0   0.0  12.4  33.1   12:30    NE
12  11.9  16.9   13:15   8.4   05:15   6.4   0.0   0.0   9.6  20.9   06:40    NE
13  13.5  21.4   15:25  10.2   05:40   4.8   0.0   0.0   7.8  23.4   08:05    NE
14  13.9  21.7   12:05   8.5   07:25   4.4   0.0   0.0   7.0  24.5   23:50    NE
15  16.3  21.1   12:00  13.6   07:35   2.0   0.0   3.6  20.5  49.0   06:05    NE
16  13.0  15.4   13:08  11.6   23:28   5.3   0.0   0.4   8.5  33.1   21:28    SW
17  12.2  17.9   12:23   6.1   23:28   6.1   0.0   0.4  18.2  47.9   06:23    SW
18  11.7  15.5   13:41   6.8   00:03   6.6   0.0  16.4  12.5  24.5   12:41    NW
19  10.4  17.8   15:01   3.4   23:21   7.9   0.0   3.2   8.5  20.9   03:56   SSW
20   8.4  19.1   14:31   0.2   05:56   9.9   0.0   0.0   7.2  17.3   12:31   SSE
21   9.4  19.7   16:25   2.0   02:15   8.9   0.0   5.2   7.5  22.0   13:00     S
22  10.5  19.8   14:35   2.9   01:40   7.8   0.0   0.0   7.9  29.5   12:35    NE
23  12.3  19.5   11:40   7.2   01:20   6.0   0.0   0.0   8.5  22.0   06:40    NE
24  13.1  21.5   09:50   8.6   01:55   5.2   0.0   0.4   5.8  22.0   22:15   NNE
25  13.1  17.7   13:05  10.3   04:25   5.2   0.0   0.4  15.6  43.9   22:45   NNE
26  13.3  16.2   12:15  10.7   21:35   5.0   0.0  13.2  23.9  55.1   14:20    NW
27  13.2  15.3   14:45  10.7   01:40   5.1   0.0  16.4  50.1  91.8   15:05     W
28  13.5  16.5   12:10  11.8   01:05   4.8   0.0   0.0  30.2  57.6   09:10     W
29  14.0  18.9   14:55  10.2   19:50   4.3   0.0   0.0  19.4  54.0   00:45     W
30  13.9  18.9   10:40  10.6   04:40   4.4   0.0  17.2  16.2  40.3   15:10   NNE
31  13.2  17.8   13:30  12.0   19:55   5.1   0.0  39.9  47.3  90.7   08:55     W
----------------------------------------------------------------------------------
    11.7  21.7    14     0.2    20   204.9   0.0 152.3  16.3  91.8    27     WNW

Max >=  25.0:  0
Max <=  30.0: 31
Min <=   5.0: 10
Min <=   0.0:  0
Max Rain: 39.9 on day 31
Days of Rain: 7 (>= 10.0 mm)  1 (>= 30.0 mm)  0 (>= 50.0 mm)
Heat Base: 18.3  Cool Base: 18.3  Method: Integration