NOAA-style Climate Reports


Report for 2009 Sep
                   Monthly Climatological Summary for Sep 2009

Name: Waikawa Beach Weather   City: Waikawa Beach   State: Horowhenua
Elevation: 28 m  Lat: S 40 41' 46"   Lon: E 175 09' 43"

                  Temperature (C), Rain (mm), Wind Speed (km/h)

                                      Heat  Cool        Avg
    Mean                              Deg   Deg         Wind                 Dom
Day Temp  High   Time   Low    Time   Days  Days  Rain  Speed High   Time    Dir
----------------------------------------------------------------------------------
 1  13.1  15.9   12:05  11.3   03:30   5.2   0.0   9.2  33.9  60.1   20:05     W
 2  12.7  15.1   12:40  10.5   21:45   5.6   0.0   0.0  37.1  60.1   01:25     W
 3  10.1  18.1   12:30   3.4   06:50   8.2   0.0   0.0  12.6  43.9   01:55   SSW
 4   8.8  18.4   15:00   1.8   22:30   9.5   0.0   0.4   7.3  40.3   15:20   ESE
 5   6.9  16.2   10:00  -1.0   06:10  11.4   0.0   0.0   8.8  27.0   12:45    SW
 6   6.4  16.5   16:45  -0.6   06:06  11.9   0.0   0.0   6.2  33.1   09:06    SE
 7   8.8  18.5   14:14   0.8   05:39   9.5   0.0   0.0   9.5  18.4   07:08    NE
 8  10.3  20.1   16:34   3.6   04:53   8.0   0.0   0.0   9.0  20.9   01:31   ENE
 9  11.2  20.3   14:29   3.6   06:45   7.1   0.0   0.0   7.9  18.4   04:55   ENE
10  12.1  18.8   15:54   5.9   01:03   6.2   0.0   0.0   9.1  23.4   10:46    NE
11  13.6  17.0   10:52  11.8   00:25   4.7   0.0   9.6  13.3  24.5   00:48    NE
12  13.8  16.9   11:25  12.4   05:32   4.5   0.0   9.6  11.4  35.6   20:52   NNE
13  14.0  19.0   13:29  11.8   23:21   4.3   0.0   0.4  10.0  24.5   13:50    NW
14  12.7  17.8   16:18  11.1   02:01   5.6   0.0   0.0  10.5  22.0   06:46   NNE
15  12.6  16.3   16:51   6.7   22:57   5.7   0.0  10.4  13.0  39.2   01:33   WNW
16  10.9  16.2   15:14   4.7   02:59   7.4   0.0   8.0  12.8  34.2   12:00   WNW
17  13.9  20.5   16:03   9.8   20:32   4.4   0.0   1.6   6.7  20.9   13:14   WNW
18  13.1  16.1   12:47  11.6   02:28   5.2   0.0   0.0  22.6  47.9   15:30   WNW
19  11.5  18.3   13:17   3.6   22:48   6.8   0.0   9.2  11.2  47.9   02:08   SSW
20   9.5  19.7   12:49   1.3   04:28   8.8   0.0   0.0   8.4  29.5   14:22     S
21  11.2  19.0   16:35   3.0   02:23   7.1   0.0   0.0   9.8  25.6   11:40    NE
22  12.8  17.2   13:14  10.1   06:14   5.5   0.0   7.6  32.7  72.4   17:16     W
23  11.4  14.3   15:30   8.2   23:40   6.9   0.0   2.0  21.2  56.2   00:00     W
24   7.5   8.5   07:47   6.1   09:37  10.8   0.0  21.9   6.1  25.6   15:28   SSW
25  12.5  22.0   12:08   7.6   00:00   5.8   0.0   4.0   8.4  28.1   14:59   WSW
26  12.1  17.5   17:05   8.4   05:55   6.2   0.0   0.0  12.5  36.7   13:41   SSW
27  12.1  19.5   16:51   8.4   04:08   6.2   0.0   0.0   9.7  36.7   13:13   NNE
28  13.3  17.1   17:37  10.2   23:25   5.0   0.0   6.8  13.3  39.2   14:12    NE
29  13.0  19.2   12:53  10.0   00:44   5.3   0.0   5.6  13.2  30.6   17:34    NE
30  13.9  21.8   10:33  10.6   06:33   4.4   0.0   1.6   9.5  31.7   13:05     S
----------------------------------------------------------------------------------
    11.5  22.0    25    -1.0     5   203.2   0.0 107.9  12.4  72.4    22     WNW

Max >=  25.0:  0
Max <=  30.0: 30
Min <=   5.0: 11
Min <=   0.0:  2
Max Rain: 21.9 on day 24
Days of Rain: 2 (>= 10.0 mm)  0 (>= 30.0 mm)  0 (>= 50.0 mm)
Heat Base: 18.3  Cool Base: 18.3  Method: Integration