NOAA-style Climate Reports

Select a Year or Month report

Report for 2010 May
                   Monthly Climatological Summary for May 2010

Name: Waikawa Beach Weather   City: Waikawa Beach   State: Horowhenua
Elevation: 28 m  Lat: S 40 41' 46"   Lon: E 175 09' 43"

                  Temperature (C), Rain (mm), Wind Speed (km/h)

                                      Heat  Cool        Avg
    Mean                              Deg   Deg         Wind                 Dom
Day Temp  High   Time   Low    Time   Days  Days  Rain  Speed High   Time    Dir
----------------------------------------------------------------------------------
 1  15.1  22.7   10:01   8.5   23:59   3.2   0.0   0.0  13.9  40.3   14:35    SW
 2  13.5  20.9   13:08   7.8   21:58   4.8   0.0   0.0   7.1  22.0   15:19   WSW
 3  15.2  17.1   14:24  14.5   10:00   3.1   0.0   0.0  26.5  56.2   15:08     W
 4  15.0  21.5   11:50   8.3   23:15   3.3   0.0   0.0  14.4  35.6   12:15    SW
 5  12.6  19.1   10:46   3.8   23:33   5.7   0.0   0.0   6.6  18.4   11:47     W
 6  13.6  20.7   12:46   7.2   22:44   4.7   0.0   0.0   9.6  24.5   10:11     N
 7  15.7  20.6   13:42  12.1   23:56   2.6   0.0   0.0  11.2  30.6   12:43     N
 8  15.2  19.5   14:14  11.6   22:00   3.1   0.0   0.0   6.6  17.3   11:03   NNE
 9  15.6  21.9   15:22   9.6   22:45   2.7   0.0   0.4   6.3  20.9   15:23    SW
10  13.8  20.2   10:38   6.4   23:44   4.5   0.0   0.4   7.1  20.9   13:45    NW
11  15.8  21.8   15:09   9.0   20:29   2.5   0.0   0.0   7.4  29.5   23:34    NW
12  19.5  22.5   14:47  17.8   10:00   0.0   1.2   2.2  21.8  45.4   11:57   NNE
13  18.3  25.2   14:51  14.0   23:59   0.0   0.0   4.7  13.8  24.5   10:00   NNW
14  16.9  23.1   12:41  12.2   20:46   1.4   0.0   2.5   9.9  36.7   22:00     N
15  16.1  20.7   14:07  13.7   10:00   2.2   0.0   9.0  11.9  33.1   12:27   NNE
16  14.0  19.5   14:29  11.5   23:06   4.3   0.0  11.9  10.4  29.5   15:12    NE
17  15.5  22.9   11:54   7.7   23:55   2.8   0.0   0.0   6.7  17.3   14:01     W
18  14.4  21.3   11:15   9.3   20:55   3.9   0.0   0.0   6.8  30.6   13:16    SW
19  13.6  20.5   13:51  10.7   23:57   4.7   0.0   0.4   6.0  24.5   13:38   SSW
20  14.2  20.3   10:26  10.2   19:50   4.1   0.0   0.0   4.9  18.4   13:23    SW
21  13.1  15.2   10:57  11.5   21:48   5.2   0.0   0.0  16.2  35.6   14:11   SSW
22  14.2  20.4   12:18  10.6   19:41   4.1   0.0   0.0   6.4  20.9   23:15   NNW
23  12.7  15.8   13:59  10.2   19:32   5.6   0.0   0.0   8.8  20.9   10:11    NE
24  15.1  17.6   12:09  13.0   23:49   3.2   0.0  11.0   9.1  46.4   10:31   NNE
25  13.7  16.2   13:41  12.9   10:02   4.6   0.0   9.0   9.8  31.7   15:55     N
26  13.6  20.9   12:46  11.0   23:34   4.7   0.0   6.2  13.9  42.8   22:45    SW
27   9.4  14.3   11:09   6.7   23:31   8.9   0.0   2.1   9.9  25.6   11:55     S
28  12.8  17.8   12:57   9.2   23:58   5.5   0.0   4.5   6.5  18.4   19:48   SSW
29  11.9  16.2   14:57   8.5   21:33   6.4   0.0   0.4   9.8  36.7   12:33   SSW
30  10.3  15.7   14:15   5.5   22:20   8.0   0.0   0.0  13.0  34.2   12:02   SSW
31   9.1  16.4   11:47   2.8   21:47   9.2   0.0   0.0   5.8  15.8   12:44    NW
----------------------------------------------------------------------------------
    14.2  25.2    13     2.8    31   129.0   1.2  64.7  10.3  56.2     3     WNW

Max >=  25.0:  1
Max <=  30.0: 31
Min <=   5.0:  2
Min <=   0.0:  0
Max Rain: 11.9 on day 16
Days of Rain: 2 (>= 10.0 mm)  0 (>= 30.0 mm)  0 (>= 50.0 mm)
Heat Base: 18.3  Cool Base: 18.3  Method: Integration