NOAA-style Climate Reports

Select a Year or Month report

Report for 2010 Jun
                   Monthly Climatological Summary for Jun 2010

Name: Waikawa Beach Weather   City: Waikawa Beach   State: Horowhenua
Elevation: 28 m  Lat: S 40 41' 46"   Lon: E 175 09' 43"

                  Temperature (C), Rain (mm), Wind Speed (km/h)

                                      Heat  Cool        Avg
    Mean                              Deg   Deg         Wind                 Dom
Day Temp  High   Time   Low    Time   Days  Days  Rain  Speed High   Time    Dir
----------------------------------------------------------------------------------
 1  10.5  12.4   11:38   9.3   21:16   7.8   0.0  10.1   6.4  37.8   13:48    NE
 2  12.3  15.8   13:39   7.9   23:51   6.0   0.0   8.2   5.1  12.2   15:23   SSW
 3  13.2  20.5   13:42   5.0   23:51   5.1   0.0   0.4   4.6  14.8   16:41   WSW
 4  11.3  18.6   11:43   3.5   23:53   7.0   0.0   0.0   6.1  13.3   13:05   WSW
 5  13.0  18.0   13:23   9.7   22:19   5.3   0.0   0.0   9.3  23.4   10:25   NNE
 6  15.4  17.1   22:39  13.7   10:01   2.9   0.0  23.0  18.0  45.4   19:01   NNE
 7  13.2  16.6   15:04   2.0   11:26   5.1   0.0   2.5  28.4  68.4   11:29     W
 8   5.9   9.6   11:57   3.3   23:53  12.4   0.0   1.7  14.4  35.6   14:05   SSW
 9   8.8  16.0   14:34   1.7   20:28   9.5   0.0   2.2   7.9  31.7   11:48   SSE
10  11.9  15.3   13:36   8.7   10:01   6.4   0.0   2.2  14.9  40.3   23:00   NNE
11  13.0  17.7   14:00   9.4   22:01   5.3   0.0  12.6  14.3  31.7   22:55     W
12  13.0  16.2   12:55  10.8   13:21   5.3   0.0   4.4  31.2  67.3   13:17     W
13   8.1  14.2   14:27   3.7   23:22  10.2   0.0   9.1  15.4  49.0   12:16    SW
14  11.0  19.1   13:08   5.5   19:27   7.3   0.0   0.0   8.9  46.4   22:30     S
15   7.6  12.0   13:46   2.7   22:42  10.7   0.0   5.2  13.5  37.8   13:25   SSW
16  11.6  15.6   12:59   8.7   10:00   6.7   0.0   0.0  10.0  24.5   11:40   NNE
17  11.8  15.8   12:57   9.8   23:40   6.5   0.0   3.5   8.2  24.5   17:44   NNW
18  12.4  15.2   15:04  10.5   18:47   5.9   0.0   0.4  11.2  23.4   23:51   NNE
19  13.6  19.8   13:37   7.9   21:57   4.7   0.0   0.0  10.2  27.0   11:47   NNE
20  14.1  15.5   13:48  13.1   10:05   4.2   0.0  17.4  24.8  61.2   21:30   WNW
21  10.7  15.8   11:22   4.6   22:22   7.6   0.0   0.4  29.7  68.4   12:51     W
22  12.4  19.9   13:51   8.2   10:00   5.9   0.0   0.0   8.8  19.4   10:07   NNE
23  11.5  22.9   14:34   6.7   21:36   6.8   0.0   0.0  10.9  28.1   10:18   NNE
24  13.2  22.3   14:45   9.2   20:52   5.1   0.0   0.0   4.5  13.3   15:37    SW
25  13.0  19.4   14:45   9.6   19:58   5.3   0.0   0.0   4.6  13.3   16:15    SW
26  11.0  13.7   12:55   9.0   23:27   7.3   0.0   0.4  19.4  58.7   18:13   SSW
27   9.0  12.5   15:41   5.5   23:18   9.3   0.0   9.6  16.7  41.8   11:48    SW
28  12.4  18.1   10:51  10.5   20:31   5.9   0.0   2.2  12.5  25.6   20:10     N
29  10.3  15.2   12:48   5.9   23:16   8.0   0.0   2.6  10.3  25.6   11:36    SW
30   9.6  15.0   14:04   4.1   23:41   8.7   0.0   0.0   7.8  31.7   12:32   SSW
----------------------------------------------------------------------------------
    11.5  22.9    23     1.7     9   204.2   0.0 118.1  12.9  68.4     7       W

Max >=  25.0:  0
Max <=  30.0: 30
Min <=   5.0:  9
Min <=   0.0:  0
Max Rain: 23.0 on day 6
Days of Rain: 4 (>= 10.0 mm)  0 (>= 30.0 mm)  0 (>= 50.0 mm)
Heat Base: 18.3  Cool Base: 18.3  Method: Integration