NOAA-style Climate Reports

Select a Year or Month report

Report for 2010 Jul
                   Monthly Climatological Summary for Jul 2010

Name: Waikawa Beach Weather   City: Waikawa Beach   State: Horowhenua
Elevation: 28 m  Lat: S 40 41' 46"   Lon: E 175 09' 43"

                  Temperature (C), Rain (mm), Wind Speed (km/h)

                                      Heat  Cool        Avg
    Mean                              Deg   Deg         Wind                 Dom
Day Temp  High   Time   Low    Time   Days  Days  Rain  Speed High   Time    Dir
----------------------------------------------------------------------------------
 1   8.4  12.3   15:56   5.7   22:43   9.9   0.0   0.0  10.4  22.0   13:03   NNE
 2  11.5  17.8   15:02   6.4   20:50   6.8   0.0   0.0  13.0  28.1   10:49     N
 3  12.5  15.1   12:57  10.3   10:00   5.8   0.0   0.0  23.3  46.4   22:01     W
 4  16.1  16.2   10:41  12.8   10:00   2.2   0.0   0.0   6.9  14.8   10:37   NNE
10   8.3  16.5   15:45   1.1   23:56  10.0   0.0   0.0   9.4  31.7   12:44   SSW
11   7.7  16.7   11:40   1.5   23:59  10.6   0.0   0.0   7.6  17.3   14:55     W
12   7.9  15.6   14:03   1.9   22:26  10.4   0.0   3.5   8.4  22.0   15:05     S
13   8.1  13.6   13:37   2.7   23:52  10.2   0.0  23.1  10.7  23.4   11:08    NE
14  10.4  16.2   13:48   3.5   23:44   7.9   0.0   0.0   7.5  18.4   12:16   WSW
15   9.7  14.4   10:04   3.5   23:14   8.6   0.0   3.5   8.5  24.5   13:38    SW
16  11.3  16.2   14:30   7.3   10:00   7.0   0.0  34.8   7.7  19.4   15:18    SW
17  11.5  17.5   11:01   8.8   23:51   6.8   0.0  33.9   6.0  15.8   12:23     W
18  10.3  14.4   15:39   4.7   23:57   8.0   0.0  75.3   7.1  23.4   12:20   WNW
19  11.0  15.3   14:45   8.3   10:00   7.3   0.0  65.3  14.5  39.2   17:22   NNW
20  12.3  15.3   11:52  10.3   22:44   6.0   0.0   5.7  13.9  29.5   10:23    NW
21  11.4  14.5   14:23   9.0   21:22   6.9   0.0  30.5   7.2  22.0   23:56     S
22  11.0  12.1   15:59  10.1   23:51   7.3   0.0  32.6   9.5  30.6   10:00     N
23  11.0  13.5   11:44   9.4   19:28   7.3   0.0   1.7  11.6  41.8   22:16    SW
24  10.5  16.3   12:39   6.1   23:20   7.8   0.0   0.0  13.7  29.5   10:00   SSW
25   8.8  15.4   11:00   3.9   23:32   9.5   0.0   0.0   8.0  20.9   13:56   WSW
26  10.2  11.2   12:40   7.1   10:01   8.1   0.0   0.0  13.3  36.7   19:52   NNW
27  10.3  13.5   14:57   6.2   23:56   8.0   0.0   0.3  30.7  60.1   15:40     W
28  10.0  15.7   12:12   2.9   22:37   8.3   0.0   0.0   9.2  19.4   10:04   NNE
29   9.5  13.3   14:18   4.8   23:55   8.8   0.0   0.0   7.0  15.8   12:02   ENE
30   9.0  14.6   11:11   2.6   21:34   9.3   0.0   0.0   7.3  17.3   13:58   WSW
31  11.5  14.7   12:53   9.6   23:11   6.8   0.0   0.0  14.0  28.1   10:45   NNE
----------------------------------------------------------------------------------
    10.4  17.8     2     1.1    10   205.6   0.0 310.2  11.0  60.1    27     WNW

Max >=  25.0:  0
Max <=  30.0: 26
Min <=   5.0: 11
Min <=   0.0:  0
Max Rain: 75.3 on day 18
Days of Rain: 7 (>= 10.0 mm)  6 (>= 30.0 mm)  2 (>= 50.0 mm)
Heat Base: 18.3  Cool Base: 18.3  Method: Integration