NOAA-style Climate Reports


Report for 2010 Aug
                   Monthly Climatological Summary for Aug 2010

Name: Waikawa Beach Weather   City: Waikawa Beach   State: Horowhenua
Elevation: 28 m  Lat: S 40 41' 46"   Lon: E 175 09' 43"

                  Temperature (C), Rain (mm), Wind Speed (km/h)

                                      Heat  Cool        Avg
    Mean                              Deg   Deg         Wind                 Dom
Day Temp  High   Time   Low    Time   Days  Days  Rain  Speed High   Time    Dir
----------------------------------------------------------------------------------
 1  11.9  13.0   22:57  10.6   12:24   6.4   0.0   5.7  21.2  42.8   22:06     N
 2  13.1  16.6   16:06  10.0   21:37   5.2   0.0   6.0  16.0  40.3   13:06   WNW
 3  12.9  17.1   10:06  10.5   23:40   5.4   0.0  42.9   8.6  19.4   12:00   WSW
 4  13.0  15.6   10:12  11.0   22:18   5.3   0.0   3.3  14.2  43.9   22:12   WSW
 5  10.5  13.8   13:47   6.1   21:09   7.8   0.0   0.0  17.3  37.8   11:47   SSW
 6  12.2  14.1   14:51  10.4   23:59   6.1   0.0   0.3  12.2  34.2   14:04    NW
 7  11.8  13.8   12:42  10.5   17:14   6.5   0.0   0.3  15.6  37.8   16:42   NNE
 8  10.4  17.7   12:43   7.0   12:23   7.9   0.0  10.0  16.7  49.0   19:35    SW
 9   6.7   8.3   14:09   5.4   22:06  11.6   0.0   0.0  29.8  69.8   10:37   SSW
10   8.6  13.3   12:07   4.0   22:01   9.7   0.0   0.0   9.3  20.9   12:24   WNW
11   9.9  14.7   12:44   3.7   22:07   8.4   0.0   0.0  11.0  23.4   13:55   NNW
12  10.8  13.3   12:36   9.5   10:01   7.5   0.0   0.6  14.5  24.5   10:00     N
13  15.0  16.0   16:37  13.4   23:49   3.3   0.0   0.2  18.7  35.6   21:56     N
14  13.1  16.0   14:59  11.1   21:00   5.2   0.0  28.0   6.0  14.8   21:35   WSW
15  13.0  17.3   15:50  10.1   23:45   5.3   0.0   0.0   6.9  37.8   13:35   WSW
16  13.1  17.0   13:59  10.9   21:57   5.2   0.0   0.0   8.4  22.0   18:02    NW
17  13.4  15.6   15:08  11.4   23:32   4.9   0.0   0.6  26.1  67.3   10:05    NW
18  10.6  13.8   14:00   8.1   23:05   7.7   0.0   3.0  23.1  56.2   10:23   WNW
19  11.3  15.4   14:48   7.4   20:42   7.0   0.0   1.2  15.3  52.6   11:06    SW
20  10.7  16.7   15:24   4.9   22:38   7.6   0.0  27.5   7.1  17.3   18:23     W
21  12.4  16.3   14:42   9.4   22:40   5.9   0.0   0.0   7.3  25.6   13:31   WSW
22  12.3  13.9   14:23  10.5   10:00   6.0   0.0   0.0   9.2  37.0   21:41   WNW
23  11.3  13.9   13:10   7.6   23:45   7.0   0.0   0.0   8.9  25.7   12:30   WNW
24  10.5  13.8   16:49   5.5   23:35   7.8   0.0   0.2   7.2  33.8   12:59   SSW
25  12.8  15.6   13:29  10.3   10:30   5.5   0.0   0.4  10.1  37.0   20:08   ENE
26  13.5  15.3   13:52  11.8   18:57   4.8   0.0   2.6  12.8  25.7   13:08     N
27  12.3  14.7   15:12   8.8   23:44   6.0   0.0   0.2   7.1  24.1   13:08     N
----------------------------------------------------------------------------------
    11.7  17.7     8     3.7    11   177.0   0.0 133.0  13.4  69.8     9     WNW

Max >=  25.0:  0
Max <=  30.0: 27
Min <=   5.0:  3
Min <=   0.0:  0
Max Rain: 42.9 on day 3
Days of Rain: 4 (>= 10.0 mm)  1 (>= 30.0 mm)  0 (>= 50.0 mm)
Heat Base: 18.3  Cool Base: 18.3  Method: Integration