NOAA-style Climate Reports

Select a Year or Month report

Report for 2010 Sep
                   Monthly Climatological Summary for Sep 2010

Name: Waikawa Beach Weather   City: Waikawa Beach   State: Horowhenua
Elevation: 28 m  Lat: S 40 41' 46"   Lon: E 175 09' 43"

                  Temperature (C), Rain (mm), Wind Speed (km/h)

                                      Heat  Cool        Avg
    Mean                              Deg   Deg         Wind                 Dom
Day Temp  High   Time   Low    Time   Days  Days  Rain  Speed High   Time    Dir
----------------------------------------------------------------------------------
 1   8.8  13.1   09:55   4.2   04:36   9.5   0.0   0.0   3.9  15.0   12:07   WSW
 2   9.3  12.6   15:41   5.2   01:52   9.0   0.0   0.0  11.5  45.0   18:31   NNW
 3  10.4  12.6   12:26   5.2   20:21   7.9   0.0   1.2  17.1  42.0   18:01     W
 4   8.5  12.6   15:36   5.4   00:28   9.8   0.0   0.0   5.2  18.0   00:54   SSW
 5  11.1  13.3   15:54   5.6   00:57   7.2   0.0   2.8  12.2  33.0   15:19   WNW
 6  13.5  14.2   12:59  12.7   03:52   4.8   0.0  23.6  12.5  37.0   00:43    NW
 7  13.2  15.1   11:04   9.6   23:38   5.1   0.0   0.2   4.3  16.0   12:09   WNW
 8  11.6  16.8   15:49   6.1   04:55   6.7   0.0   0.0   3.0  12.0   15:43   SSW
 9  11.5  15.3   13:53   6.3   04:33   6.8   0.0  12.8   3.1  15.0   23:29   SSW
10  12.4  14.7   13:53  10.2   06:23   5.9   0.0   1.2   9.7  31.0   05:29     W
11  12.5  15.2   13:03  10.5   05:36   5.8   0.0   2.6   6.3  22.0   15:57   NNE
12  15.1  18.5   10:54  12.1   00:00   3.2   0.0   0.4   6.2  17.0   12:34    NE
13  13.2  14.7   11:13  12.0   21:07   5.1   0.0   4.8   8.7  26.0   23:45    NW
14  12.9  14.9   14:26  11.2   12:45   5.4   0.0   0.8  13.8  35.0   12:35   WNW
15  11.3  13.2   14:29   8.7   06:43   7.0   0.0   0.0   9.9  27.0   17:16     W
16  10.0  12.5   23:49   7.5   04:48   8.3   0.0   3.4   7.3  29.0   22:56   NNW
17  11.9  14.9   12:20   9.3   17:57   6.4   0.0  17.6  22.2  50.0   22:27   WNW
18  11.6  13.7   13:50   8.6   04:27   6.7   0.0   4.4  29.4  57.0   22:01     W
19  11.5  12.7   11:00  10.4   22:47   6.8   0.0   0.0  22.6  41.0   01:00     W
20  11.8  14.0   12:43   9.3   07:28   6.5   0.0   3.8  23.4  56.0   17:30     W
21  11.6  12.8   11:55  10.3   23:34   6.7   0.0   0.8  19.6  43.0   02:43     W
22   9.3  12.3   23:26   5.1   05:52   9.0   0.0   8.6  15.9  50.0   22:35     W
23  11.2  12.3   00:10  10.5   07:30   7.1   0.0   0.0  24.7  61.0   00:27     W
24  12.1  14.1   14:20  10.6   00:58   6.2   0.0   0.6  22.7  43.0   22:26     W
25  13.1  14.4   13:02  12.4   20:33   5.2   0.0   0.0  17.9  42.0   00:08     W
26  12.7  12.8   01:09  12.6   00:06   5.6   0.0   0.0  11.3  26.0   01:32   WNW
----------------------------------------------------------------------------------
    11.6  18.5    12     4.2     1   173.7   0.0  89.6  13.3  61.0    23       W

Max >=  25.0:  0
Max <=  30.0: 26
Min <=   5.0:  1
Min <=   0.0:  0
Max Rain: 23.6 on day 6
Days of Rain: 3 (>= 10.0 mm)  0 (>= 30.0 mm)  0 (>= 50.0 mm)
Heat Base: 18.3  Cool Base: 18.3  Method: Integration