NOAA-style Climate Reports

Select a Year or Month report

Report for 2010 Dec
                   Monthly Climatological Summary for Dec 2010

Name: Waikawa Beach Weather   City: Waikawa Beach   State: Horowhenua
Elevation: 28 m  Lat: S 40 41' 46"   Lon: E 175 09' 43"

                  Temperature (C), Rain (mm), Wind Speed (km/h)

                                      Heat  Cool        Avg
    Mean                              Deg   Deg         Wind                 Dom
Day Temp  High   Time   Low    Time   Days  Days  Rain  Speed High   Time    Dir
----------------------------------------------------------------------------------
 1  17.6  22.5   17:29  13.8   04:02   0.7   0.0   0.0   4.8  15.0   14:02     W
 2  17.0  20.8   14:25  11.7   05:03   1.3   0.0   0.0   6.0  19.0   14:49    SW
 3  16.5  20.0   14:02  10.9   05:53   1.8   0.0   0.0   5.5  15.0   14:53   WSW
 4  16.4  21.8   17:53  10.1   05:58   1.9   0.0   0.0   5.0  14.0   14:22    SW
 5  16.0  19.6   14:47  11.7   02:42   2.3   0.0   0.0   6.0  18.0   12:55    NW
 6  16.8  18.3   11:42  15.6   01:12   1.5   0.0   0.0   6.7  18.0   10:52    NW
 7  14.6  16.1   00:00  11.9   23:58   3.7   0.0   5.8   3.5  13.0   08:45   ESE
 8  13.4  19.3   15:42  10.3   02:22   4.9   0.0   0.0   5.2  25.0   15:30     S
 9  12.5  16.1   17:00   6.3   05:00   5.8   0.0   0.0   5.0  18.0   12:42   WSW
10  15.4  18.0   13:55  12.7   03:59   2.9   0.0   0.0  10.2  31.0   17:19    NW
11  16.7  18.4   15:07  16.0   09:54   1.6   0.0   5.3  13.3  36.0   03:44   WNW
12  17.1  20.3   14:42  15.4   23:52   1.2   0.0   0.0   5.7  18.0   10:59     N
13  17.5  22.3   13:43  14.1   03:19   0.8   0.0   3.9   3.3  14.0   15:25   NNE
14  17.4  20.2   18:20  16.3   23:39   0.9   0.0   5.8   4.4  17.0   06:08    NW
15  18.2  22.6   16:22  13.6   06:10   0.1   0.0   0.0   4.3  15.0   13:26   WSW
16  18.3  23.0   11:15  14.3   03:16   0.0   0.0   2.1   2.9  17.0   23:53   SSW
17  18.6  22.2   18:09  15.8   03:26   0.0   0.3  18.4   5.7  18.0   18:35    NE
18  20.3  24.9   18:25  17.7   10:12   0.0   2.0   8.7   2.2  15.0   21:50    NW
19  20.4  24.3   11:11  18.7   16:54   0.0   2.1  13.3   6.0  17.0   12:21    NE
20  19.6  21.3   15:04  18.6   11:52   0.0   1.3   3.7   4.5  16.0   11:16     N
21  20.1  23.2   10:39  17.5   16:36   0.0   1.8   6.2   7.5  35.0   15:08   NNW
22  18.8  20.4   13:10  17.5   23:42   0.0   0.5   0.0   8.8  23.0   18:17    NW
23  17.2  19.6   15:48  13.4   05:52   1.1   0.0   0.0   8.6  28.0   00:50   WNW
24  17.0  18.9   14:07  15.5   08:44   1.3   0.0   1.8  15.5  43.0   15:36   WNW
25  16.1  18.4   15:18  11.7   04:02   2.2   0.0   0.0   8.1  20.0   10:12   WNW
26  16.6  19.5   16:25  15.3   04:41   1.7   0.0   0.0   8.3  20.0   09:59    NW
27  18.9  22.8   16:07  16.1   02:18   0.0   0.6   0.0   7.3  21.0   18:23    NW
28  18.8  21.6   10:14  13.9   23:59   0.0   0.5   2.7  15.0  45.0   16:19    NW
29  16.0  20.3   17:33  12.5   05:44   2.3   0.0   0.0   5.0  17.0   12:47     N
30  16.3  19.9   11:41  12.4   01:55   2.0   0.0   0.0   5.0  17.0   10:37    NW
31  16.9  20.7   14:35  13.3   05:37   1.4   0.0   0.0   5.6  16.0   12:52     N
----------------------------------------------------------------------------------
    17.2  24.9    18     6.3     9    43.4   9.1  77.7   6.6  45.0    28      NW

Max >=  25.0:  0
Max <=  30.0: 31
Min <=   5.0:  0
Min <=   0.0:  0
Max Rain: 18.4 on day 17
Days of Rain: 2 (>= 10.0 mm)  0 (>= 30.0 mm)  0 (>= 50.0 mm)
Heat Base: 18.3  Cool Base: 18.3  Method: Integration