NOAA-style Climate Reports

Select a Year or Month report

Report for 2011 Jan
                   Monthly Climatological Summary for Jan 2011

Name: Waikawa Beach Weather   City: Waikawa Beach   State: Horowhenua
Elevation: 28 m  Lat: S 40 41' 46"   Lon: E 175 09' 43"

                  Temperature (C), Rain (mm), Wind Speed (km/h)

                                      Heat  Cool        Avg
    Mean                              Deg   Deg         Wind                 Dom
Day Temp  High   Time   Low    Time   Days  Days  Rain  Speed High   Time    Dir
----------------------------------------------------------------------------------
 1  18.0  22.9   15:32  15.3   23:53   0.3   0.0   0.7   5.4  21.0   13:58   WNW
 2  16.0  19.0   11:04  12.8   05:18   2.3   0.0   0.0   4.5  17.0   09:18   NNE
 3  19.0  21.7   16:29  16.9   23:12   0.0   0.7   0.0   4.5  12.0   09:52     N
 4  17.8  22.0   14:18  12.9   06:03   0.5   0.0   0.0   4.8  14.0   13:00     W
 5  19.4  22.9   14:22  16.9   03:36   0.0   1.1   0.0   3.7  16.0   16:17    SW
 6  21.1  26.1   14:02  16.5   06:14   0.0   2.8   0.0   6.9  24.0   20:20    NW
 7  18.7  21.0   15:43  16.6   23:33   0.0   0.4   0.0   8.5  23.0   01:50   WNW
 8  17.6  21.4   14:35  13.8   22:54   0.7   0.0   0.0   6.5  24.0   13:33   SSE
 9  16.4  23.0   16:11   9.2   05:47   1.9   0.0   0.0   5.2  24.0   12:22   SSE
10  15.4  21.7   18:55   8.7   06:30   2.9   0.0   0.0   5.3  20.0   15:06    SW
11  16.1  21.5   17:09   7.5   06:36   2.2   0.0   0.0   5.1  19.0   18:34     W
12  15.6  19.3   17:40  11.1   05:17   2.7   0.0   0.5   6.3  21.0   13:37    NW
13  14.8  18.0   12:49  11.8   04:19   3.5   0.0   0.0   6.5  19.0   00:18    SW
14  15.2  20.5   18:56   7.8   06:13   3.1   0.0   0.0   4.9  17.0   13:18    SW
15  16.4  20.4   12:55   9.7   06:42   1.9   0.0   0.0   5.6  17.0   22:26    NW
16  19.0  21.1   16:26  17.2   02:43   0.0   0.7   0.0  10.6  31.0   15:14   WNW
17  19.2  23.1   15:34  17.4   23:34   0.0   0.9   1.1   5.3  16.0   17:11   WNW
18  22.9  28.8   14:24  17.2   00:18   0.0   4.6   3.4   6.1  30.0   21:27   NNE
19  19.1  22.8   00:00  17.4   23:51   0.0   0.8   2.5  13.3  31.0   01:10   WNW
20  18.0  23.6   13:05  13.8   23:29   0.3   0.0   0.7   5.1  20.0   17:28    SE
21  16.3  21.7   18:34   9.9   06:48   2.0   0.0   0.0   4.6  16.0   13:48   WSW
22  17.6  21.8   14:59  13.1   06:05   0.7   0.0   0.0   3.6  18.0   15:20   SSE
23  15.2  17.3   00:00  14.4   04:46   3.1   0.0  35.3   3.4  17.0   18:53   SSW
24  17.2  22.1   14:47  14.4   04:10   1.1   0.0   4.1   5.2  19.0   06:35     S
25  16.7  20.4   16:42  12.2   05:03   1.6   0.0   0.0   4.5  14.0   14:28    NW
26  17.4  20.4   16:30  14.7   06:56   0.9   0.0   0.0   4.5  15.0   10:35   NNW
27  17.2  20.6   19:16  14.3   03:14   1.1   0.0   5.6   3.8  12.0   08:10     N
28  17.9  23.1   12:38  11.8   06:33   0.4   0.0   0.2   3.2  14.0   10:59     N
29  18.2  22.1   14:00  15.6   23:59   0.1   0.0   0.5   6.4  30.0   13:12   WSW
30  16.8  19.5   13:20  13.4   06:37   1.5   0.0   0.0  11.0  35.0   17:20   WNW
31  17.8  20.1   14:51  15.3   23:56   0.5   0.0   0.2  19.2  46.0   12:11   WNW
----------------------------------------------------------------------------------
    17.5  28.8    18     7.5    11    35.3  12.0  54.8   6.3  46.0    31     WNW

Max >=  25.0:  2
Max <=  30.0: 31
Min <=   5.0:  0
Min <=   0.0:  0
Max Rain: 35.3 on day 23
Days of Rain: 1 (>= 10.0 mm)  1 (>= 30.0 mm)  0 (>= 50.0 mm)
Heat Base: 18.3  Cool Base: 18.3  Method: Integration