NOAA-style Climate Reports

Select a Year or Month report

Report for 2011 Feb
                   Monthly Climatological Summary for Feb 2011

Name: Waikawa Beach Weather   City: Waikawa Beach   State: Horowhenua
Elevation: 28 m  Lat: S 40 41' 46"   Lon: E 175 09' 43"

                  Temperature (C), Rain (mm), Wind Speed (km/h)

                                      Heat  Cool        Avg
    Mean                              Deg   Deg         Wind                 Dom
Day Temp  High   Time   Low    Time   Days  Days  Rain  Speed High   Time    Dir
----------------------------------------------------------------------------------
 1  14.4  15.2   00:01  13.5   04:56   3.9   0.0   0.0   4.2  10.0   00:51    NE
 3  18.3  22.1   15:22  14.9   06:54   0.0   0.0   3.1   6.0  23.0   23:26     N
 4  18.9  19.6   16:41  17.8   11:35   0.0   0.6   3.6   4.9  29.0   02:34    NW
 5  19.2  20.1   12:54  18.4   04:27   0.0   0.9   3.4   3.3  12.0   21:23     N
 6  19.2  20.9   16:21  18.1   06:51   0.0   0.9   0.5   4.4  14.0   14:41   NNW
 7  19.4  21.4   16:35  17.6   23:59   0.0   1.1  18.7   5.7  22.0   16:38    NW
 8  16.4  18.3   17:45  14.2   05:53   1.9   0.0  10.3   5.2  16.0   13:22     N
 9  17.6  20.5   14:56  13.7   23:17   0.7   0.0   0.0   8.7  27.0   08:43   WNW
10  16.0  19.0   12:43  12.7   07:09   2.3   0.0   0.0   3.7  13.0   15:22   WSW
11  18.0  25.4   16:33  10.4   05:06   0.3   0.0   0.0   4.6  14.0   19:25    SW
12  20.5  25.0   13:32  17.3   08:03   0.0   2.2   3.6   5.4  16.0   07:14   NNE
13  20.3  25.7   16:09  16.8   09:25   0.0   2.0   5.0   2.9  10.0   05:46   WNW
14  19.6  21.4   17:28  17.3   23:58   0.0   1.3   2.8   4.1  13.0   12:14   NNW
15  18.1  23.5   18:42  13.6   05:26   0.2   0.0   0.0   3.6  12.0   12:06   WSW
16  16.1  21.2   16:57   9.6   06:53   2.2   0.0   0.0   4.3  14.0   18:21   WSW
17  16.7  22.0   15:50  10.0   06:54   1.6   0.0   0.0   4.2  14.0   15:08    SW
18  16.6  21.7   11:17  10.6   05:21   1.7   0.0   0.0   4.8  14.0   12:23   NNE
19  18.9  22.6   10:40  16.5   03:37   0.0   0.6   0.0   4.8  13.0   12:55   WSW
20  18.1  23.0   17:53  13.2   05:34   0.2   0.0   0.0   4.5  17.0   16:03    SW
21  20.2  24.5   13:10  15.5   01:06   0.0   1.9   0.0   4.5  14.0   12:52     N
22  19.8  23.8   15:15  16.7   01:44   0.0   1.5   4.8   3.9  17.0   19:12     N
23  18.5  20.8   15:32  15.7   07:56   0.0   0.2   0.2   5.4  17.0   03:12     W
24  16.7  20.0   14:17  13.2   22:56   1.6   0.0   0.0   4.2  18.0   15:17   WSW
25  17.7  21.9   14:34  13.9   00:00   0.6   0.0   0.0   5.4  16.0   11:44     N
26  17.3  20.8   14:28  14.2   23:46   1.0   0.0   0.0   6.8  23.0   14:29     S
27  15.8  20.1   12:12  11.9   07:50   2.5   0.0   0.0   3.9  16.0   15:43     W
28  18.5  22.3   17:08  16.6   06:37   0.0   0.2   0.0   5.3  17.0   00:49   WNW
----------------------------------------------------------------------------------
    18.0  25.7    13     9.6    16    20.7  13.4  56.0   4.8  29.0     4      NW

Max >=  25.0:  3
Max <=  30.0: 27
Min <=   5.0:  0
Min <=   0.0:  0
Max Rain: 18.7 on day 7
Days of Rain: 2 (>= 10.0 mm)  0 (>= 30.0 mm)  0 (>= 50.0 mm)
Heat Base: 18.3  Cool Base: 18.3  Method: Integration