NOAA-style Climate Reports

Select a Year or Month report

Report for 2011 Mar
                   Monthly Climatological Summary for Mar 2011

Name: Waikawa Beach Weather   City: Waikawa Beach   State: Horowhenua
Elevation: 28 m  Lat: S 40 41' 46"   Lon: E 175 09' 43"

                  Temperature (C), Rain (mm), Wind Speed (km/h)

                                      Heat  Cool        Avg
    Mean                              Deg   Deg         Wind                 Dom
Day Temp  High   Time   Low    Time   Days  Days  Rain  Speed High   Time    Dir
----------------------------------------------------------------------------------
 1  19.2  23.2   17:33  15.1   03:47   0.0   0.9   0.0   5.0  17.0   13:04     N
 2  19.3  20.9   10:39  15.6   23:42   0.0   1.0   1.2  11.8  30.0   21:39   NNW
 3  15.6  20.4   16:02  11.3   23:04   2.7   0.0   0.0   5.3  17.0   14:37    NE
 4  18.0  20.5   17:06  12.1   00:07   0.3   0.0   2.2   7.7  29.0   10:36     N
 5  18.2  20.0   14:06  16.4   07:07   0.1   0.0  16.8   5.1  14.0   17:27     N
 6  13.3  17.8   00:02  10.9   23:57   5.0   0.0   8.2   6.9  25.0   15:48     S
 7  12.1  16.9   16:55   5.8   05:06   6.2   0.0   0.0   4.9  26.0   16:37   SSE
 8  11.5  16.5   17:13   5.6   05:03   6.8   0.0   0.0   4.3  16.0   17:44    SW
 9  13.4  19.4   17:59   7.8   07:51   4.9   0.0   0.0   3.7  13.0   13:10   WNW
10  13.4  18.7   11:31   7.9   07:14   4.9   0.0   0.0   3.9  13.0   12:28   WNW
11  16.3  20.0   14:18  12.8   00:00   2.0   0.0   0.0   5.6  17.0   12:40   NNE
12  16.6  20.8   18:13  12.8   04:53   1.7   0.0   0.0   3.3  12.0   13:50     W
13  15.8  20.8   17:21   9.8   07:16   2.5   0.0   0.0   3.7  10.0   13:35   WSW
14  17.6  20.9   13:19  12.7   00:39   0.7   0.0   0.0   7.2  23.0   17:40    NW
15  18.6  20.8   13:07  17.4   03:25   0.0   0.3   0.0   7.6  19.0   05:35   WNW
16  18.3  21.7   15:03  14.4   23:54   0.0   0.0   2.9   3.8  12.0   15:28     N
17  18.3  22.2   13:57  13.8   01:05   0.0   0.0   0.0   4.9  17.0   11:04   NNE
18  17.9  19.7   14:27  16.7   20:26   0.4   0.0   1.9   8.3  22.0   17:21   WNW
19  17.6  20.0   15:07  15.6   08:09   0.7   0.0   0.0   6.5  21.0   00:24   WNW
20  16.5  19.7   14:52  13.8   05:58   1.8   0.0   0.0   4.5  12.0   13:14   NNW
21  17.1  24.0   14:59  11.4   08:05   1.2   0.0   0.2   3.0  19.0   15:50   ESE
22  16.8  20.5   12:27  14.7   05:27   1.5   0.0   7.0   4.9  21.0   16:21   SSW
23  15.6  19.1   15:35  12.7   23:54   2.7   0.0   0.0   5.9  20.0   11:00     S
24  13.3  18.6   15:58   7.9   07:43   5.0   0.0   0.0   3.7  12.0   14:13   SSW
25  16.0  22.3   15:54   9.6   05:41   2.3   0.0   0.0   4.0  16.0   12:09   ENE
26  18.0  21.4   15:25  15.1   05:25   0.3   0.0  19.2   5.1  17.0   11:08    NE
27  18.5  21.7   12:34  17.3   06:29   0.0   0.2   9.8   5.0  25.0   23:48    NW
28  14.5  17.9   11:53  10.1   23:57   3.8   0.0   0.0   5.1  29.0   00:16   SSW
29  13.7  19.8   12:48   6.9   06:38   4.6   0.0   0.0   3.6  15.0   15:10     E
30  14.1  19.4   17:08   8.4   07:49   4.2   0.0   0.0   4.1  13.0   13:21   WNW
31  13.1  19.4   13:00   5.9   08:14   5.2   0.0   0.0   4.0  17.0   23:11     N
----------------------------------------------------------------------------------
    16.1  24.0    21     5.6     8    71.5   2.4  69.4   5.2  30.0     2      NW

Max >=  25.0:  0
Max <=  30.0: 31
Min <=   5.0:  0
Min <=   0.0:  0
Max Rain: 19.2 on day 26
Days of Rain: 2 (>= 10.0 mm)  0 (>= 30.0 mm)  0 (>= 50.0 mm)
Heat Base: 18.3  Cool Base: 18.3  Method: Integration