NOAA-style Climate Reports

Select a Year or Month report

Report for 2011 May
                   Monthly Climatological Summary for May 2011

Name: Waikawa Beach Weather   City: Waikawa Beach   State: Horowhenua
Elevation: 28 m  Lat: S 40 41' 46"   Lon: E 175 09' 43"

                  Temperature (C), Rain (mm), Wind Speed (km/h)

                                      Heat  Cool        Avg
    Mean                              Deg   Deg         Wind                 Dom
Day Temp  High   Time   Low    Time   Days  Days  Rain  Speed High   Time    Dir
----------------------------------------------------------------------------------
 1  13.5  18.3   12:37   7.3   02:15   4.8   0.0   0.0   3.6  13.0   12:57   SSE
 2  16.8  18.9   10:30  10.5   00:00   1.5   0.0   0.0   7.7  24.0   05:31   ENE
 3  17.8  22.6   13:46  13.9   06:34   0.5   0.0   3.4   4.8  16.0   03:16   ENE
 4  17.5  19.6   14:37  15.6   02:24   0.8   0.0   3.6   6.3  20.0   11:39   NNE
 5  15.6  17.9   15:08  12.3   23:47   2.7   0.0   3.6   3.6  12.0   03:31    NE
 6  14.7  17.8   13:29  11.1   04:25   3.6   0.0   0.2   2.6  10.0   14:37    SE
 7  16.2  21.7   13:53  13.7   19:09   2.1   0.0   6.2   4.6  17.0   13:55   NNE
 8  15.7  17.8   15:08  13.3   01:07   2.6   0.0   0.5   6.5  28.0   08:06     N
 9  14.0  17.3   13:41  12.4   02:54   4.3   0.0   0.2   3.5  10.0   14:49    NE
10  14.1  17.2   14:20  10.6   22:01   4.2   0.0   0.2   2.8   9.0   23:13     E
11  15.5  21.4   19:04   8.0   05:49   2.8   0.0   3.8   5.0  23.0   19:38   ENE
12  16.1  19.6   00:00  13.8   23:39   2.2   0.0   1.4   4.6  22.0   00:55   NNE
13  15.8  19.0   14:09  13.4   23:23   2.5   0.0   2.9   6.5  21.0   15:31   NNE
14  15.4  16.5   14:29  13.5   00:00   2.9   0.0  12.2  14.3  42.0   11:28   WNW
15  14.4  15.8   12:03  12.2   23:55   3.9   0.0  11.8  17.8  50.0   20:07   WNW
16  14.3  15.4   20:03  12.2   00:00   4.0   0.0   3.3  26.7  49.0   05:21     W
17  15.0  16.3   13:12  13.0   23:47   3.3   0.0   0.0  26.6  54.0   13:34     W
18   9.5  13.2   00:00   4.9   19:45   8.8   0.0   0.0   6.6  28.0   00:10     S
19  11.6  15.7   13:30   7.1   01:02   6.7   0.0   0.0   6.5  18.0   12:33    NE
20  12.8  16.4   14:14  10.9   19:16   5.5   0.0   0.0   5.6  12.0   00:19    NE
21  13.4  16.3   14:49  10.7   23:58   4.9   0.0   0.0   4.4  15.0   01:41   ENE
22  11.8  13.8   13:40   9.1   03:43   6.5   0.0   4.3   5.0  14.0   16:49   ENE
23  12.8  15.9   14:07  10.4   04:36   5.5   0.0   0.3   4.4  16.0   12:14    NE
24  13.4  16.2   14:24  11.5   01:02   4.9   0.0   3.8   4.2  12.0   23:56    NE
25  15.8  18.1   11:07  12.8   00:00   2.5   0.0   4.3   7.1  18.0   11:40    NE
26  16.7  18.3   03:53  15.6   00:10   1.6   0.0  38.3   5.3  18.0   11:04    NE
27  14.9  16.2   00:02  13.2   23:26   3.4   0.0   2.5  11.1  29.0   02:45   WNW
28  12.9  15.4   13:05   8.2   23:49   5.4   0.0   0.0  10.0  36.0   07:38     W
29  10.2  13.9   12:29   6.1   05:41   8.1   0.0   0.0   6.1  20.0   02:46    NE
30  11.2  15.4   14:59   8.6   22:18   7.1   0.0   0.0   5.2  12.0   00:44    NE
31  10.6  15.6   14:56   7.7   08:02   7.7   0.0   0.0   5.2  13.0   22:41   ENE
----------------------------------------------------------------------------------
    14.2  22.6     3     4.9    18   127.3   0.0 106.8   7.6  54.0    17     NNW

Max >=  25.0:  0
Max <=  30.0: 31
Min <=   5.0:  1
Min <=   0.0:  0
Max Rain: 38.3 on day 26
Days of Rain: 3 (>= 10.0 mm)  1 (>= 30.0 mm)  0 (>= 50.0 mm)
Heat Base: 18.3  Cool Base: 18.3  Method: Integration