NOAA-style Climate Reports

Select a Year or Month report

Report for 2011 Jun
                   Monthly Climatological Summary for Jun 2011

Name: Waikawa Beach Weather   City: Waikawa Beach   State: Horowhenua
Elevation: 28 m  Lat: S 40 41' 46"   Lon: E 175 09' 43"

                  Temperature (C), Rain (mm), Wind Speed (km/h)

                                      Heat  Cool        Avg
    Mean                              Deg   Deg         Wind                 Dom
Day Temp  High   Time   Low    Time   Days  Days  Rain  Speed High   Time    Dir
----------------------------------------------------------------------------------
 1  11.2  16.2   14:14   6.6   07:49   7.1   0.0   0.0   4.5  13.0   15:01   ESE
 2   9.4  15.4   12:34   4.7   22:37   8.9   0.0   0.0   2.8  10.0   17:37     E
 3  10.6  14.8   12:10   5.2   04:06   7.7   0.0   0.0   4.1  17.0   20:58     E
 4  14.9  17.1   13:57  11.6   00:51   3.4   0.0   0.5   7.3  19.0   09:14   ENE
 5  15.8  18.2   11:30  14.2   22:36   2.5   0.0   6.5   4.5  17.0   10:38    NE
 6  14.0  15.6   15:42  13.3   21:20   4.3   0.0   1.9   2.2  13.0   18:15   NNW
 7  14.1  16.0   10:39  11.8   23:01   4.2   0.0   1.3   5.9  22.0   22:04    NE
 8  11.6  14.5   13:52   8.3   22:11   6.7   0.0   8.5   3.5  12.0   13:20    SE
 9   9.8  13.9   11:32   5.7   06:10   8.5   0.0   0.0   2.4   7.0   01:22     E
10  11.2  14.0   23:56   8.1   00:06   7.1   0.0  18.5   6.0  17.0   15:49   ENE
11  12.5  14.3   08:31   9.6   23:52   5.8   0.0  21.3   6.0  20.0   00:03   WNW
12  11.3  13.5   20:51   8.1   07:48   7.0   0.0   0.3   6.1  22.0   20:43   WNW
13  11.5  15.4   13:04   7.9   08:05   6.8   0.0   0.0   5.2  17.0   15:05    NE
14  11.6  14.7   12:49   9.0   00:27   6.7   0.0   0.0   6.0  17.0   23:48    NE
15  12.1  14.7   14:15   8.0   06:23   6.2   0.0   0.0   7.2  20.0   11:25     W
16   8.9  12.9   13:02   4.4   21:53   9.4   0.0   0.0   4.1  16.0   14:25   SSE
17   6.7  11.9   23:56   2.1   08:07  11.6   0.0   0.0   2.7  10.0   23:52     E
18  13.7  15.7   14:53  11.5   01:55   4.6   0.0   6.5   9.6  29.0   11:36   ENE
19  14.2  15.9   13:19  12.7   23:43   4.1   0.0   2.5   8.0  28.0   09:11     N
20  12.3  15.2   14:35   9.6   22:39   6.0   0.0   0.5   4.4  14.0   18:07   SSE
21  10.3  13.4   11:40   6.8   07:50   8.0   0.0   0.0   2.6   8.0   14:47     E
22  11.4  13.3   13:53  10.1   00:08   6.9   0.0   2.5   5.2  23.0   15:15     N
23  12.1  14.1   11:14  10.1   03:25   6.2   0.0   4.5   8.4  21.0   21:55    NE
24  11.8  14.8   13:57   9.3   08:13   6.5   0.0   2.8   4.2  22.0   00:02   WSW
25  10.0  13.5   15:14   6.3   21:01   8.3   0.0   1.8   3.7  18.0   11:13   SSW
26   8.9  10.9   12:15   7.5   04:35   9.4   0.0   0.0   6.7  24.0   15:16   SSW
27   7.6  11.7   15:18   1.9   07:14  10.7   0.0   0.0   4.5  13.0   13:33   ENE
28  10.3  14.3   11:35   7.3   06:39   8.0   0.0   0.0   4.6  25.0   19:37   SSE
29   9.4  12.5   12:17   6.9   21:19   8.9   0.0   0.0   7.2  28.0   14:27     S
30   8.2  11.3   12:57   4.9   03:23  10.1   0.0   0.0   3.7  23.0   14:10   SSE
----------------------------------------------------------------------------------
    11.2  18.2     5     1.9    27   211.6   0.0  79.9   5.1  29.0    18     ENE

Max >=  25.0:  0
Max <=  30.0: 30
Min <=   5.0:  5
Min <=   0.0:  0
Max Rain: 21.3 on day 11
Days of Rain: 2 (>= 10.0 mm)  0 (>= 30.0 mm)  0 (>= 50.0 mm)
Heat Base: 18.3  Cool Base: 18.3  Method: Integration