NOAA-style Climate Reports

Select a Year or Month report

Report for 2011 Jul
                   Monthly Climatological Summary for Jul 2011

Name: Waikawa Beach Weather   City: Waikawa Beach   State: Horowhenua
Elevation: 28 m  Lat: S 40 41' 46"   Lon: E 175 09' 43"

                  Temperature (C), Rain (mm), Wind Speed (km/h)

                                      Heat  Cool        Avg
    Mean                              Deg   Deg         Wind                 Dom
Day Temp  High   Time   Low    Time   Days  Days  Rain  Speed High   Time    Dir
----------------------------------------------------------------------------------
 1   8.4  11.6   15:32   5.1   02:37   9.9   0.0   0.0   2.7  11.0   15:44    SE
 2   7.4  11.5   13:36   2.0   23:30  10.9   0.0   0.0   3.3  10.0   09:33   ENE
 3   7.6  12.1   15:21   2.6   00:00  10.7   0.0   0.0   4.6  11.0   02:36   ENE
 4   8.1  11.3   15:05   4.1   23:23  10.2   0.0   0.0   4.0  11.0   11:58   ENE
 5   9.3  12.4   12:24   4.7   00:15   9.0   0.0   0.0   3.9  16.0   21:35   WSW
 6  12.0  14.2   12:18   9.1   02:33   6.3   0.0   5.0  13.8  40.0   14:10   WNW
 7  12.0  13.1   13:49  10.6   18:10   6.3   0.0  14.7  14.2  43.0   03:15   WNW
 8  11.4  13.2   22:34   8.6   03:55   6.9   0.0   3.0  16.7  37.0   02:47     W
 9  13.1  14.6   15:15   9.9   17:40   5.2   0.0   4.5  25.8  57.0   17:34     W
10  12.9  14.3   13:57  11.2   07:45   5.4   0.0   2.0  25.1  53.0   00:31     W
11  11.3  13.9   02:20   9.4   18:57   7.0   0.0  51.3  15.8  50.0   06:47   WNW
12  11.5  13.2   17:38   9.3   01:17   6.8   0.0   3.0  24.7  56.0   18:15     W
13  12.3  13.8   09:03   8.9   14:25   6.0   0.0  10.2  23.1  60.0   17:21     W
14  11.2  13.4   06:38   4.7   23:54   7.1   0.0   3.5  20.3  49.0   00:40     W
15   6.5  10.3   13:32   2.3   07:39  11.8   0.0   0.0   4.3  20.0   02:51     S
16   5.8  11.5   15:12   0.2   04:01  12.5   0.0   0.3   4.0  11.0   04:32   ENE
17   8.0  13.7   14:46   3.3   04:53  10.3   0.0   0.0   3.2  14.0   14:18    SE
18   7.7  12.3   13:30   3.9   02:17  10.6   0.0   0.0   3.3  10.0   05:22    NE
19   7.1  13.1   14:50   3.3   07:36  11.2   0.0   0.0   4.6  11.0   11:05   ENE
20   7.8  12.9   14:26   2.7   06:18  10.5   0.0   0.0   3.9  11.0   01:51   ENE
21   7.8  13.0   13:53   2.2   07:30  10.5   0.0   0.0   3.2  10.0   13:33    SE
22  10.2  12.3   11:46   9.0   08:45   8.1   0.0   0.0   5.4  22.0   11:35   SSE
23  12.4  16.8   12:32   8.9   08:00   5.9   0.0   0.0   5.5  20.0   22:09   SSW
24   8.0  10.1   00:00   4.9   21:25  10.3   0.0   0.0   7.0  23.0   12:34   SSW
25   4.2   6.2   11:54   2.7   15:01  14.1   0.0   1.5   7.2  25.0   14:44   SSW
26   8.2  11.6   14:32   3.1   07:38  10.1   0.0   0.0   7.7  32.0   23:48     W
27  10.7  12.3   13:40   8.7   06:09   7.6   0.0   1.5  12.6  37.0   05:57     W
28  11.4  13.3   14:09   8.3   07:47   6.9   0.0   0.0   9.3  30.0   21:20     W
29  12.1  13.4   13:09   9.7   06:55   6.2   0.0   0.0  12.0  37.0   22:14   WNW
30  11.3  13.6   14:03   7.4   21:15   7.0   0.0   0.0  10.6  36.0   00:02   WSW
31   6.9  10.8   14:05   1.7   04:53  11.4   0.0   0.3   3.3  12.0   00:10   ESE
----------------------------------------------------------------------------------
     9.5  16.8    23     0.2    16   272.7   0.0 100.8   9.9  60.0    13       W

Max >=  25.0:  0
Max <=  30.0: 31
Min <=   5.0: 16
Min <=   0.0:  0
Max Rain: 51.3 on day 11
Days of Rain: 3 (>= 10.0 mm)  1 (>= 30.0 mm)  1 (>= 50.0 mm)
Heat Base: 18.3  Cool Base: 18.3  Method: Integration