NOAA-style Climate Reports

Select a Year or Month report

Report for 2011 Aug
                   Monthly Climatological Summary for Aug 2011

Name: Waikawa Beach Weather   City: Waikawa Beach   State: Horowhenua
Elevation: 28 m  Lat: S 40 41' 46"   Lon: E 175 09' 43"

                  Temperature (C), Rain (mm), Wind Speed (km/h)

                                      Heat  Cool        Avg
    Mean                              Deg   Deg         Wind                 Dom
Day Temp  High   Time   Low    Time   Days  Days  Rain  Speed High   Time    Dir
----------------------------------------------------------------------------------
 1   9.3  11.3   13:47   8.1   01:16   9.0   0.0   0.3   4.9  12.0   11:28   ENE
 2   9.6  13.0   13:11   6.5   23:58   8.7   0.0   0.0   4.2  13.0   10:15   ENE
 3   8.8  14.2   13:32   3.6   08:26   9.5   0.0   0.0   3.1  11.0   15:30   SSE
 4   7.8  12.9   13:36   2.8   06:13  10.5   0.0   0.0   2.8   7.0   02:37   NNE
 5   8.0  12.6   12:31   3.7   22:14  10.3   0.0   0.3   4.2  23.0   14:34    SE
 6  10.4  13.4   23:11   5.5   00:00   7.9   0.0   0.0   9.2  32.0   23:39    NW
 7  10.9  13.4   00:55   5.2   23:57   7.4   0.0   0.0  16.1  43.0   07:55     W
 8   8.6  12.7   14:13   1.8   02:31   9.7   0.0   0.0  10.9  30.0   18:32     W
 9  10.2  14.4   13:04   4.7   23:28   8.1   0.0   0.0   5.1  15.0   02:18   NNE
10   8.7  12.1   14:06   5.1   02:56   9.6   0.0   0.0   3.8  10.0   06:09   ENE
11   9.0  12.8   13:20   4.9   03:35   9.3   0.0   0.0   3.0  10.0   12:00   ESE
12  10.1  13.0   15:24   7.2   03:07   8.2   0.0   3.8   2.3  12.0   13:41   ESE
13   9.8  12.4   14:59   6.6   21:59   8.5   0.0   0.0   2.8  11.0   13:18    SW
14   7.1  10.0   12:44   3.0   19:07  11.2   0.0   5.7   6.3  39.0   17:29   SSW
15   3.0   6.2   11:58   0.9   19:19  15.3   0.0  11.0   9.4  37.0   16:49   SSW
16   4.2   8.6   13:49   1.6   18:42  14.1   0.0   5.5   4.9  25.0   13:53     S
17   5.3   8.9   14:36   1.6   02:44  13.0   0.0   0.8   5.1  23.0   15:47     S
18   6.2  10.1   11:27   2.5   07:59  12.1   0.0   0.8   4.3  20.0   13:47     S
19   7.2  10.5   11:55   3.5   07:51  11.1   0.0   0.0   5.5  23.0   12:07   SSW
20   4.9   5.7   00:17   4.3   04:14  13.4   0.0   0.0   5.2  12.0   03:56     S
21   9.6  10.5   17:14   9.2   18:18   8.7   0.0   0.0   4.5  10.0   17:13    SW
22   9.6  10.2   18:30   9.1   22:31   8.7   0.0   0.0   3.8   8.0   17:54   ENE
23  11.0  13.7   13:25   8.6   07:34   7.3   0.0   0.3   4.7  13.0   23:56   NNE
24  11.7  12.5   11:57  10.7   06:08   6.6   0.0   0.0   6.8  20.0   12:43   NNW
25  11.9  13.7   13:36  10.2   01:48   6.4   0.0   0.3   7.6  19.0   12:08    NW
26  11.8  13.4   13:03   9.8   07:14   6.5   0.0   1.5   8.4  23.0   23:50   NNW
27  12.7  14.7   14:43  10.4   22:54   5.6   0.0   0.0   8.5  26.0   02:53   WNW
28  11.2  13.1   14:28   9.4   21:22   7.1   0.0   1.0   4.8  15.0   10:44   NNE
29  11.1  14.2   11:53   8.3   05:40   7.2   0.0   0.0   3.8  12.0   11:10   ENE
30  12.6  16.8   14:10   8.8   00:20   5.7   0.0   0.5   3.3  10.0   00:02   NNE
31  12.1  14.0   12:51  10.8   20:30   6.2   0.0   0.5   7.2  25.0   17:46    NW
----------------------------------------------------------------------------------
     9.2  16.8    30     0.9    15   282.9   0.0  32.3   5.8  43.0     7     WNW

Max >=  25.0:  0
Max <=  30.0: 31
Min <=   5.0: 13
Min <=   0.0:  0
Max Rain: 11.0 on day 15
Days of Rain: 1 (>= 10.0 mm)  0 (>= 30.0 mm)  0 (>= 50.0 mm)
Heat Base: 18.3  Cool Base: 18.3  Method: Integration