NOAA-style Climate Reports

Select a Year or Month report

Report for 2011 Sep
                   Monthly Climatological Summary for Sep 2011

Name: Waikawa Beach Weather   City: Waikawa Beach   State: Horowhenua
Elevation: 28 m  Lat: S 40 41' 46"   Lon: E 175 09' 43"

                  Temperature (C), Rain (mm), Wind Speed (km/h)

                                      Heat  Cool        Avg
    Mean                              Deg   Deg         Wind                 Dom
Day Temp  High   Time   Low    Time   Days  Days  Rain  Speed High   Time    Dir
----------------------------------------------------------------------------------
 1  10.8  13.4   11:13   6.3   23:55   7.5   0.0   0.0   9.3  26.0   04:27     W
 2   7.8  11.2   12:27   2.9   23:07  10.5   0.0   0.0   5.3  18.0   10:40     S
 3   8.7  13.6   12:20   3.9   00:00   9.6   0.0   0.0   6.1  15.0   10:14    NE
 4   9.9  14.3   16:10   5.7   07:15   8.4   0.0   0.0   5.4  17.0   14:13   SSW
 5   9.2  15.0   11:49   3.4   06:53   9.1   0.0   0.0   3.6  10.0   13:00    NE
 6  11.0  13.4   13:24   9.4   22:37   7.3   0.0   0.0   3.6  16.0   10:36   NNE
 7  10.5  12.6   14:29   9.5   00:00   7.8   0.0   0.0   4.1  16.0   12:07   NNE
 8  11.8  14.3   13:49   9.7   05:23   6.5   0.0   0.0   5.9  17.0   14:37    NW
 9  12.0  13.8   12:40  10.8   06:44   6.3   0.0   0.0   6.9  23.0   14:43   NNW
10  11.6  15.7   15:36   8.4   05:20   6.7   0.0   8.8   3.7  12.0   10:00   ENE
11  12.0  14.7   14:55   8.8   03:32   6.3   0.0  10.5   6.9  21.0   14:52    NE
12  12.0  13.2   15:49  10.0   04:42   6.3   0.0   5.0  17.4  41.0   17:33   WNW
13   9.8  13.0   14:17   5.7   20:24   8.5   0.0   1.1   8.9  37.0   23:57   WSW
14  10.1  12.6   15:02   5.9   06:37   8.2   0.0   0.0  10.1  42.0   02:45   WSW
15  11.8  13.7   11:34   8.1   22:46   6.5   0.0   1.5  13.9  37.0   13:37     W
16  11.7  13.2   13:32   9.5   00:55   6.6   0.0   0.0  18.6  39.0   17:48     W
17  11.1  13.2   13:57   7.5   22:29   7.2   0.0   0.0  11.2  31.0   01:18     W
18   9.9  13.6   14:02   7.4   23:07   8.4   0.0   1.0   5.0  13.0   15:05    NE
19   9.3  12.1   14:10   7.4   22:22   9.0   0.0  30.5   5.5  23.0   10:52    NE
20   9.0  12.1   14:48   6.8   06:12   9.3   0.0   0.0   7.1  23.0   13:22   SSW
21   9.1  12.9   12:48   4.6   22:42   9.2   0.0   0.0   5.0  17.0   09:48    SW
22   9.5  13.1   13:12   4.6   00:00   8.8   0.0   0.0   3.7  11.0   14:15    NE
23   9.8  15.0   16:03   4.6   03:42   8.5   0.0   0.0   4.1  12.0   14:51   SSW
24  12.0  14.4   13:36   9.4   01:30   6.3   0.0   0.8   6.6  19.0   20:55    NW
25  11.0  13.2   13:22   7.2   23:29   7.3   0.0   0.0   9.7  26.0   07:55     W
26   8.0  12.0   17:34   3.4   07:19  10.3   0.0   0.0   4.7  15.0   12:32    SW
27  10.6  13.9   13:44   7.3   00:00   7.7   0.0   0.0   8.5  28.0   16:06   NNW
28  11.8  14.7   14:23   9.3   06:41   6.5   0.0   0.0   5.8  17.0   14:37     N
29  11.3  16.6   17:22   5.7   07:46   7.0   0.0   0.0   4.5  13.0   13:50     S
30  11.3  17.1   11:18   5.5   07:26   7.0   0.0   0.0   4.7  14.0   13:27     S
----------------------------------------------------------------------------------
    10.5  17.1    30     2.9     2   234.6   0.0  59.2   7.2  42.0    14     WNW

Max >=  25.0:  0
Max <=  30.0: 30
Min <=   5.0:  7
Min <=   0.0:  0
Max Rain: 30.5 on day 19
Days of Rain: 2 (>= 10.0 mm)  1 (>= 30.0 mm)  0 (>= 50.0 mm)
Heat Base: 18.3  Cool Base: 18.3  Method: Integration