NOAA-style Climate Reports

Select a Year or Month report

Report for 2011 Nov
                   Monthly Climatological Summary for Nov 2011

Name: Waikawa Beach Weather   City: Waikawa Beach   State: Horowhenua
Elevation: 28 m  Lat: S 40 41' 46"   Lon: E 175 09' 43"

                  Temperature (C), Rain (mm), Wind Speed (km/h)

                                      Heat  Cool        Avg
    Mean                              Deg   Deg         Wind                 Dom
Day Temp  High   Time   Low    Time   Days  Days  Rain  Speed High   Time    Dir
----------------------------------------------------------------------------------
 1  16.6  20.5   13:57  11.6   00:27   1.7   0.0   5.0   3.8  14.8   23:28    NE
 2  16.2  18.5   12:38  14.4   22:43   2.1   0.0   6.2   9.3  26.1   16:22    NW
 3  14.2  16.1   15:37  12.6   06:15   4.1   0.0   0.0  13.6  28.7   02:37     W
 4  13.4  15.7   16:05  11.4   20:05   4.9   0.0   2.3  16.0  41.7   17:10     W
 5  11.5  12.9   14:27  10.1   05:20   6.8   0.0   0.0  17.1  33.0   03:15     W
 6  12.3  14.8   17:23  10.7   01:25   6.0   0.0   0.5  10.8  27.0   13:53     W
 7  13.9  17.1   15:28  11.7   03:52   4.4   0.0   0.0   5.8  15.7   12:43   NNE
 8  14.3  15.6   13:28  12.9   01:21   4.0   0.0   3.0   5.6  17.4   03:55    NW
 9  14.0  15.2   13:05  12.6   19:37   4.3   0.0  19.0   6.3  26.1   23:59    NW
10  12.9  15.7   12:45   9.8   23:55   5.4   0.0   3.0   7.3  30.4   00:08     S
11  12.7  17.3   16:14   7.1   03:52   5.6   0.0   0.0   4.6  13.9   01:08     S
12  13.2  15.6   09:32   9.6   03:47   5.1   0.0   0.0   4.6  13.0   11:52   SSW
13  13.9  16.5   14:35  12.1   06:00   4.4   0.0   0.0   4.4  17.4   18:28     W
14  14.5  19.0   17:23  10.8   23:48   3.8   0.0   0.0   4.2  14.8   14:09   WSW
15  13.0  16.6   12:31   8.2   06:21   5.3   0.0   0.0   7.8  23.5   19:19   WNW
16  14.3  18.4   16:25  11.3   23:18   4.0   0.0  26.5   7.4  27.8   09:50    SW
17  14.2  16.4   15:28  11.8   00:05   4.1   0.0   0.0  15.6  36.5   21:50     W
18  13.6  16.7   19:14  10.0   22:05   4.7   0.0   0.0  15.0  35.7   00:08   WSW
19  12.5  15.4   10:42  10.2   00:10   5.8   0.0   0.0   6.6  20.0   14:57    SW
20  13.8  15.9   15:52  11.7   00:00   4.5   0.0   2.8   9.6  25.2   16:08   WNW
21  15.3  17.8   16:39  12.7   23:55   3.0   0.0   1.3  15.5  42.6   13:10   WNW
22  13.4  16.2   13:54   9.1   03:13   4.9   0.0   0.0   7.4  27.0   14:24   WNW
23  14.9  17.2   14:32  13.6   01:46   3.4   0.0   0.0  10.3  40.0   16:05   WNW
24  14.5  17.2   12:39  13.0   06:37   3.8   0.0   3.5  12.4  30.4   03:49     W
25  13.9  16.2   11:38  11.3   05:03   4.4   0.0   0.0  10.9  40.0   19:35   WNW
26  14.8  17.6   09:04  13.2   23:54   3.5   0.0   0.0   9.8  35.7   02:16   WNW
27  14.2  17.3   14:09  12.6   04:31   4.1   0.0   0.0   6.0  20.0   02:08     N
28  15.2  17.2   12:43  13.6   01:16   3.1   0.0   0.5   8.5  27.0   15:55   WNW
29  13.9  17.3   15:19   9.9   07:39   4.4   0.0   2.8   4.1  15.7   00:04     W
30  12.8  18.3   17:48   5.3   05:30   5.5   0.0   0.0   4.2  12.2   14:45    SW
----------------------------------------------------------------------------------
    13.9  20.5     1     5.3    30   131.1   0.0  76.4   8.8  42.6    21       W

Max >=  25.0:  0
Max <=  30.0: 30
Min <=   5.0:  0
Min <=   0.0:  0
Max Rain: 26.5 on day 16
Days of Rain: 2 (>= 10.0 mm)  0 (>= 30.0 mm)  0 (>= 50.0 mm)
Heat Base: 18.3  Cool Base: 18.3  Method: Integration