NOAA-style Climate Reports

Select a Year or Month report

Report for 2011 Dec
                   Monthly Climatological Summary for Dec 2011

Name: Waikawa Beach Weather   City: Waikawa Beach   State: Horowhenua
Elevation: 28 m  Lat: S 40 41' 46"   Lon: E 175 09' 43"

                  Temperature (C), Rain (mm), Wind Speed (km/h)

                                      Heat  Cool        Avg
    Mean                              Deg   Deg         Wind                 Dom
Day Temp  High   Time   Low    Time   Days  Days  Rain  Speed High   Time    Dir
----------------------------------------------------------------------------------
 1  14.4  18.3   12:07   9.6   04:32   3.9   0.0   0.0   5.6  16.5   13:46   WNW
 2  16.4  19.7   15:14  12.2   23:54   1.9   0.0   0.0   4.4  12.2   17:22     W
 3  17.8  22.1   15:13  12.4   00:00   0.5   0.0   0.0   4.5  12.2   13:22   NNW
 4  19.0  22.2   12:13  16.6   05:33   0.0   0.7   1.3   4.9  16.5   09:39   NNE
 5  16.6  19.4   17:28  15.4   14:18   1.7   0.0   3.0   4.7  13.0   01:36   WSW
 6  15.8  18.4   16:18  12.6   23:41   2.5   0.0   4.5   3.3  12.2   16:37   WNW
 7  14.1  18.7   15:18  10.1   05:14   4.2   0.0   0.0   4.9  16.5   13:00     S
 8  14.0  17.6   17:32   7.6   04:53   4.3   0.0   0.0   3.8  13.0   14:45   WSW
 9  16.4  19.9   16:30  12.9   23:29   1.9   0.0   0.0   3.9  12.2   13:34    SW
10  15.9  20.7   15:40   9.9   04:56   2.4   0.0   0.0   4.0  13.0   13:28    SW
11  17.3  23.0   15:20  13.6   02:55   1.0   0.0   0.0   4.4  18.3   12:37   NNE
12  17.0  19.1   14:34  14.9   00:15   1.3   0.0   1.5   4.1  13.9   15:01    NE
13  19.6  25.4   18:58  16.1   03:32   0.0   1.3   1.3   3.9  11.3   03:24    NE
14  19.8  23.5   11:26  17.2   21:02   0.0   1.5   2.8   3.7  13.0   10:21   NNE
15  17.0  18.1   13:10  15.9   04:57   1.3   0.0  30.5   7.4  19.1   11:02    NE
16  16.7  19.7   14:02  14.4   23:40   1.6   0.0   3.8   6.6  20.0   21:18   SSW
17  13.6  17.0   14:56  11.7   07:47   4.7   0.0   2.1   7.6  25.2   15:11   SSE
18  13.4  17.4   12:14  10.0   05:09   4.9   0.0   0.0   7.0  22.6   12:42    SE
19  13.5  18.0   13:24   8.3   03:22   4.8   0.0   0.0   5.1  20.9   12:13   SSE
20  12.7  18.2   17:29   5.4   05:16   5.6   0.0   0.0   4.8  14.8   14:08     W
21  14.5  18.8   18:32   9.6   03:06   3.8   0.0   0.0   3.9  14.8   13:09    SW
22  14.7  19.2   19:06   8.9   06:03   3.6   0.0   0.0   4.6  15.7   13:25    SW
23  15.0  18.8   17:21   9.9   06:10   3.3   0.0   0.0   4.5  13.9   13:01    SW
24  15.4  20.6   17:35   9.2   05:46   2.9   0.0   0.0   4.5  13.0   12:51   WSW
25  16.4  21.2   17:55   9.9   04:58   1.9   0.0   0.0   3.7  12.2   12:19   WSW
26  16.5  21.6   18:26  11.1   06:18   1.8   0.0   0.0   4.6  14.8   13:41   WSW
27  17.5  21.5   15:55  12.7   02:30   0.8   0.0   0.0   3.5  12.2   12:13     W
28  18.4  21.6   14:43  15.2   23:32   0.0   0.1   0.0   4.2  13.0   16:57     W
29  18.5  22.7   23:42  14.6   00:28   0.0   0.2   1.3   4.4  13.9   18:20    NE
30  19.7  22.8   00:35  16.3   23:55   0.0   1.4  30.8   5.3  15.7   19:32   ESE
31  16.5  19.0   15:15  15.1   23:46   1.8   0.0  29.5   4.7  13.0   10:34   SSW
----------------------------------------------------------------------------------
    16.3  25.4    13     5.4    20    68.4   5.2 112.4   4.7  25.2    17      SW

Max >=  25.0:  1
Max <=  30.0: 31
Min <=   5.0:  0
Min <=   0.0:  0
Max Rain: 30.8 on day 30
Days of Rain: 3 (>= 10.0 mm)  2 (>= 30.0 mm)  0 (>= 50.0 mm)
Heat Base: 18.3  Cool Base: 18.3  Method: Integration