NOAA-style Climate Reports

Select a Year or Month report

Report for 2012 Jan
                   Monthly Climatological Summary for Jan 2012

Name: Waikawa Beach Weather   City: Waikawa Beach   State: Horowhenua
Elevation: 28 m  Lat: S 40 41' 46"   Lon: E 175 09' 43"

                  Temperature (C), Rain (mm), Wind Speed (km/h)

                                      Heat  Cool        Avg
    Mean                              Deg   Deg         Wind                 Dom
Day Temp  High   Time   Low    Time   Days  Days  Rain  Speed High   Time    Dir
----------------------------------------------------------------------------------
 1  16.6  18.4   12:34  14.4   04:51   1.7   0.0   5.5   2.6  12.2   12:58    SW
 2  17.7  21.1   12:34  15.4   06:27   0.6   0.0   0.8   2.8  13.0   16:59   WSW
 3  16.8  19.9   19:53  14.1   05:49   1.5   0.0   0.0   3.5  12.2   12:33    SW
 4  17.7  20.7   15:03  14.7   05:55   0.6   0.0   0.0   3.3  11.3   10:47   WNW
 5  18.2  20.6   16:10  15.8   22:39   0.1   0.0   0.0   6.2  18.3   17:09   WNW
 6  18.2  21.8   17:24  16.0   02:01   0.1   0.0   0.8   3.9  14.8   12:36    NW
 7  17.9  20.3   10:44  13.8   05:51   0.4   0.0   0.0   3.9  12.2   19:42    SW
 8  18.3  20.8   19:33  16.5   09:01   0.0   0.0  10.5   7.9  32.2   21:58     S
 9  19.5  24.2   16:27  14.9   06:29   0.0   1.2   0.0   4.3  14.8   15:42   SSW
10  20.6  25.5   15:12  16.5   06:19   0.0   2.3   0.0   3.8  12.2   20:38    NW
11  19.5  22.3   18:35  18.1   23:27   0.0   1.2   0.0   3.9  13.0   13:24     W
12  20.5  23.7   12:06  17.8   23:31   0.0   2.2   0.0   3.8  15.7   13:14   NNW
13  18.7  22.7   02:05  15.6   15:51   0.0   0.4  16.0  16.1  41.7   15:25   WNW
14  18.5  20.1   17:29  16.8   21:29   0.0   0.2   1.3  16.1  39.1   00:53     W
15  17.9  19.8   14:44  15.8   08:20   0.4   0.0   2.5  12.9  29.6   04:01     W
16  17.0  19.4   18:19  12.7   23:37   1.3   0.0   0.0  10.5  29.6   03:57   WSW
17  16.3  22.9   17:22   8.8   05:57   2.0   0.0   0.0   3.7  10.4   11:32    SW
18  16.7  21.0   14:19  11.2   05:51   1.6   0.0   0.0   3.9  12.2   12:05     N
19  18.0  19.9   15:02  16.4   00:48   0.3   0.0   0.0   7.5  21.7   12:46   WNW
20  19.0  21.5   14:37  17.8   00:00   0.0   0.7   0.0   8.7  26.1   09:15   WNW
21  18.5  20.9   14:55  16.7   05:33   0.0   0.2   0.0   8.2  20.0   13:13   NNW
22  16.4  20.2   12:08  11.4   23:47   1.9   0.0   4.5  12.8  33.9   14:49     W
23  14.6  17.9   13:15  11.3   03:00   3.7   0.0   0.0   7.4  24.3   11:16   SSW
24  16.3  19.0   17:42  13.6   06:16   2.0   0.0   0.0   5.5  16.5   12:17    SW
25  16.1  20.9   16:32   9.9   05:50   2.2   0.0   0.0   4.1  12.2   13:36     W
26  18.2  20.4   16:03  16.7   07:51   0.1   0.0   0.0  10.8  28.7   21:36   WNW
27  16.6  19.4   17:32  10.1   23:40   1.7   0.0   0.8   9.3  32.2   07:12   WSW
28  14.8  20.0   16:29   8.7   06:11   3.5   0.0   0.0   6.8  21.7   19:46    NW
29  18.6  21.8   14:08  16.5   23:48   0.0   0.3   0.0   8.4  25.2   03:30   WNW
30  19.0  24.7   16:21  15.2   03:57   0.0   0.7   0.0   2.7  12.2   13:13     W
31  18.6  20.8   18:27  14.9   01:33   0.0   0.3   0.0   5.1  20.0   23:16   WNW
----------------------------------------------------------------------------------
    17.8  25.5    10     8.7    28    25.7   9.7  42.7   6.8  41.7    13       W

Max >=  25.0:  1
Max <=  30.0: 31
Min <=   5.0:  0
Min <=   0.0:  0
Max Rain: 16.0 on day 13
Days of Rain: 2 (>= 10.0 mm)  0 (>= 30.0 mm)  0 (>= 50.0 mm)
Heat Base: 18.3  Cool Base: 18.3  Method: Integration