NOAA-style Climate Reports

Select a Year or Month report

Report for 2012 Mar
                   Monthly Climatological Summary for Mar 2012

Name: Waikawa Beach Weather   City: Waikawa Beach   State: Horowhenua
Elevation: 28 m  Lat: S 40 41' 46"   Lon: E 175 09' 43"

                  Temperature (C), Rain (mm), Wind Speed (km/h)

                                      Heat  Cool        Avg
    Mean                              Deg   Deg         Wind                 Dom
Day Temp  High   Time   Low    Time   Days  Days  Rain  Speed High   Time    Dir
----------------------------------------------------------------------------------
 1  15.1  17.4   05:06  10.9   20:59   3.2   0.0  13.8   9.4  37.4   09:41     W
 2  12.7  16.8   13:05   7.8   07:28   5.6   0.0   4.3   5.2  17.4   16:52   NNW
 3  12.9  16.9   04:21  10.7   20:16   5.4   0.0  23.8  10.1  31.3   02:37   SSE
 4  13.2  16.7   15:30   8.9   23:58   5.1   0.0   0.2   6.7  25.2   14:39     S
 5  12.2  18.4   15:57   5.7   05:16   6.1   0.0   0.0   4.3  13.0   14:15    SE
 6  14.7  20.1   14:45   9.3   02:09   3.6   0.0   0.0   3.9  11.3   10:51    NE
 7  16.1  22.3   18:08  11.2   06:39   2.2   0.0   0.0   5.9  23.5   19:05   SSW
 8  14.6  17.0   17:15  11.4   22:50   3.7   0.0   0.0   8.9  27.8   09:14   SSE
 9  12.6  17.7   16:40   6.4   06:39   5.7   0.0   0.0   4.3  12.2   15:17    SW
10  14.3  20.9   12:12   7.4   04:50   4.0   0.0   0.0   3.5  13.9   12:38    SW
11  18.7  22.1   13:34  14.9   02:17   0.0   0.4   5.0   4.2  15.7   13:54    NE
12  16.9  19.2   00:00  14.8   23:53   1.4   0.0   9.0   2.9  13.0   00:06     E
13  14.8  18.5   12:24   9.5   23:58   3.5   0.0   0.0   3.8  19.1   13:12   SSE
14  13.2  18.4   16:32   5.9   04:44   5.1   0.0   0.0   3.5  13.9   13:44   NNE
15  15.4  16.3   14:13  13.9   21:28   2.9   0.0   0.8   8.4  25.2   14:59   WNW
16  15.2  19.5   15:40  11.5   23:59   3.1   0.0   0.2   3.4  12.2   13:01   SSW
17  15.7  20.6   12:46   9.8   03:29   2.6   0.0   0.0   4.0  13.0   11:05    NE
18  16.6  22.0   15:59  12.4   02:07   1.7   0.0   0.0   4.7  18.3   12:34   NNE
19  16.4  19.1   12:55  13.4   07:11   1.9   0.0   0.0   6.4  29.6   21:53   SSE
20  15.5  17.3   10:45  12.6   06:46   2.8   0.0   0.0   9.7  30.4   00:22     S
21  18.6  22.7   16:25  14.9   07:46   0.0   0.3   5.8   5.5  22.6   00:11   SSW
22  18.8  22.6   03:11  16.2   07:54   0.0   0.5   6.0   6.7  33.9   04:46     N
23  16.7  18.5   00:48  15.4   22:48   1.6   0.0   3.8   4.0  17.4   00:50    NW
24  17.3  19.9   13:23  15.1   04:51   1.0   0.0   4.0   4.2  14.8   18:50    NE
25  16.4  17.8   11:13  15.1   22:00   1.9   0.0   2.0  12.3  27.8   20:15     W
26  14.4  16.7   16:52  12.3   20:51   3.9   0.0   0.0   7.8  27.0   01:17     W
27  15.1  18.0   13:33  12.2   00:46   3.2   0.0   0.0   6.7  19.1   15:03   NNE
28  16.7  21.1   14:16  12.7   23:58   1.6   0.0   0.0   5.4  23.5   14:52    SE
29  12.8  17.3   16:41   7.8   07:23   5.5   0.0   0.0   4.2  13.9   13:26     W
30  13.4  18.8   16:00   7.1   04:49   4.9   0.0   0.0   3.8  13.0   14:07     S
31  15.1  19.3   17:07  11.3   08:06   3.2   0.0   0.0   3.4  12.2   15:42   SSW
----------------------------------------------------------------------------------
    15.2  22.7    21     5.7     5    96.4   1.2  78.7   5.7  37.4     1     SSW

Max >=  25.0:  0
Max <=  30.0: 31
Min <=   5.0:  0
Min <=   0.0:  0
Max Rain: 23.8 on day 3
Days of Rain: 2 (>= 10.0 mm)  0 (>= 30.0 mm)  0 (>= 50.0 mm)
Heat Base: 18.3  Cool Base: 18.3  Method: Integration