NOAA-style Climate Reports

Select a Year or Month report

Report for 2012 Apr
                   Monthly Climatological Summary for Apr 2012

Name: Waikawa Beach Weather   City: Waikawa Beach   State: Horowhenua
Elevation: 28 m  Lat: S 40 41' 46"   Lon: E 175 09' 43"

                  Temperature (C), Rain (mm), Wind Speed (km/h)

                                      Heat  Cool        Avg
    Mean                              Deg   Deg         Wind                 Dom
Day Temp  High   Time   Low    Time   Days  Days  Rain  Speed High   Time    Dir
----------------------------------------------------------------------------------
 1  14.7  19.9   15:41  10.0   07:18   3.6   0.0   0.0   3.4  11.3   15:34     S
 2  16.0  22.8   14:01  12.1   23:59   2.3   0.0   0.0   3.1  13.0   15:16   SSW
 3  16.7  22.6   11:51  10.8   04:23   1.6   0.0   0.0   4.9  23.5   17:09    SE
 4  17.6  22.2   13:16  14.7   00:48   0.7   0.0   0.0   5.4  24.3   13:48    SE
 5  16.9  21.8   12:57  11.2   22:28   1.4   0.0   0.0   4.6  20.0   11:23   ESE
 6  13.9  19.0   14:50   8.0   04:17   4.4   0.0   0.0   3.4  11.3   13:11   SSW
 7  12.9  18.8   15:39   6.8   04:41   5.4   0.0   0.0   3.6  13.9   12:51   SSE
 8  13.8  20.6   12:24   8.1   03:00   4.5   0.0   0.0   4.5  13.9   14:26    NE
 9  15.2  19.5   13:50  11.8   06:08   3.1   0.0   0.0   5.1  14.8   08:53   NNE
10  16.2  19.2   13:27  13.7   06:09   2.1   0.0   0.5   3.5  13.0   12:23     N
11  16.3  20.6   14:33  13.9   23:56   2.0   0.0   6.2   2.9   9.6   22:01     W
12  14.4  19.3   14:16  11.7   06:48   3.9   0.0   4.8   6.1  23.5   13:56   SSW
13  13.2  18.4   14:24   7.4   06:56   5.1   0.0   0.0   5.2  15.7   22:25   ENE
14  14.6  19.8   12:16   8.6   23:32   3.7   0.0   0.0   4.6  15.7   00:10    SE
15  12.2  17.7   11:42   5.8   06:30   6.1   0.0   0.0   3.4  11.3   13:30    NE
16  14.4  17.4   13:41  10.4   23:38   3.9   0.0   0.8   3.2  12.2   12:33   NNE
17  12.9  17.8   15:44   6.6   06:12   5.4   0.0   0.2   5.1  16.5   14:20   SSE
18  12.3  15.8   13:45   7.8   06:22   6.0   0.0   0.0   4.6  20.0   16:30   SSE
19  11.9  17.9   14:50   7.8   04:46   6.4   0.0   0.0   2.6   8.7   14:58   ESE
20  10.7  16.6   11:36   6.3   23:01   7.6   0.0   0.0   3.7  11.3   12:46    SE
21  11.6  17.5   13:29   5.1   04:11   6.7   0.0   0.0   4.7  12.2   13:16    NE
22  12.6  18.5   12:54   7.7   05:58   5.7   0.0   0.0   4.2  13.0   23:29    NE
23  13.2  17.9   14:00   9.3   06:39   5.1   0.0   0.0   5.2  13.0   09:39    NE
24  14.6  17.8   15:09  11.7   01:14   3.7   0.0   0.0   3.9  13.0   10:05   NNE
25  13.9  17.3   16:17   9.3   22:44   4.4   0.0   0.0   4.0  12.2   14:44    NE
26  13.5  18.7   13:29   7.8   02:46   4.8   0.0   0.0   5.3  13.9   12:50    NE
27  16.3  19.7   12:48  13.6   00:00   2.0   0.0   7.0   6.7  24.3   23:47     N
28  15.2  18.2   13:53  11.4   19:16   3.1   0.0   0.5   9.9  34.8   04:11   WSW
29  14.9  16.7   12:17  12.3   02:27   3.4   0.0   0.8  10.2  32.2   23:54   WNW
30  14.4  15.8   00:00  13.2   18:09   3.9   0.0   4.5  15.1  45.2   03:51     W
----------------------------------------------------------------------------------
    14.2  22.8     2     5.1    21   122.0   0.0  25.3   5.1  45.2    30     ENE

Max >=  25.0:  0
Max <=  30.0: 30
Min <=   5.0:  0
Min <=   0.0:  0
Max Rain: 7.0 on day 27
Days of Rain: 0 (>= 10.0 mm)  0 (>= 30.0 mm)  0 (>= 50.0 mm)
Heat Base: 18.3  Cool Base: 18.3  Method: Integration