NOAA-style Climate Reports

Select a Year or Month report

Report for 2012 Jul
                   Monthly Climatological Summary for Jul 2012

Name: Waikawa Beach Weather   City: Waikawa Beach   State: Horowhenua
Elevation: 28 m  Lat: S 40 41' 46"   Lon: E 175 09' 43"

                  Temperature (C), Rain (mm), Wind Speed (km/h)

                                      Heat  Cool        Avg
    Mean                              Deg   Deg         Wind                 Dom
Day Temp  High   Time   Low    Time   Days  Days  Rain  Speed High   Time    Dir
----------------------------------------------------------------------------------
 1   4.0  10.0   14:08  -1.4   04:10  14.3   0.0   0.0   3.5   7.8   00:54    NE
 2   4.3   9.9   15:14   0.1   08:03  14.0   0.0   0.0   3.7   7.8   13:16    NE
 3   6.9  11.9   12:54   0.3   03:08  11.4   0.0   0.0   4.2  15.7   15:43     E
 4   9.4  12.4   12:37   7.0   02:51   8.9   0.0   3.8   2.5   7.8   12:27     S
 5   9.9  11.9   16:53   7.7   05:55   8.4   0.0   1.5   2.9  13.0   16:43   SSE
 6  10.4  14.1   15:01   5.4   23:59   7.9   0.0   0.2   4.0  14.8   11:54     S
 7   6.7  11.7   15:19   2.1   07:33  11.6   0.0   0.0   2.4   7.0   07:47   SSE
 8   5.9   9.7   14:24   1.3   04:38  12.4   0.0   0.0   2.4   7.8   07:51    SE
 9   8.0  12.4   12:22   4.6   07:52  10.3   0.0   0.0   2.4   8.7   15:33     W
10   7.5   9.9   15:37   3.7   02:12  10.8   0.0   0.0   3.4  10.4   23:23   ENE
11   9.8  14.1   14:19   5.4   23:51   8.5   0.0   0.0   4.9  12.2   15:18    NE
12   8.0  12.2   13:01   3.5   06:10  10.3   0.0   2.0   5.1  14.8   17:36    NE
13  11.4  13.2   15:19   9.0   05:00   6.9   0.0   0.8   7.3  20.9   13:59    NW
14  11.6  12.8   12:25  10.2   05:23   6.7   0.0   4.0   6.5  17.4   00:05   ENE
15  12.9  15.1   14:43  10.8   01:26   5.4   0.0  18.5   8.4  35.7   14:44   NNE
16  13.2  15.2   12:35  11.8   05:04   5.1   0.0  17.3   6.3  23.5   14:17    NW
17  10.3  13.9   14:12   5.3   21:41   8.0   0.0   0.8   5.0  21.7   04:28     S
18  10.0  13.8   14:57   5.8   02:40   8.3   0.0   0.0   6.0  13.9   06:22    NE
19  11.0  13.8   13:23   7.3   23:55   7.3   0.0   0.0   4.5  11.3   10:34    NE
20   7.4  13.0   12:54   2.6   07:14  10.9   0.0   0.0   3.2   9.6   07:58    NE
21   9.0  14.7   13:06   1.9   05:30   9.3   0.0   0.0   4.1  12.2   12:25   ENE
22  10.1  14.0   11:31   6.8   07:25   8.2   0.0   0.0   1.8   7.0   11:40   WSW
23  10.4  12.6   12:01   8.8   00:01   7.9   0.0   7.0   2.2  10.4   03:34   SSW
24  12.0  14.9   15:05   8.7   06:45   6.3   0.0   2.3   2.0  10.4   02:37     S
25  11.3  13.5   02:00   9.5   20:52   7.0   0.0   0.0   8.5  24.3   11:19     S
26   7.9  11.6   11:24   3.1   23:43  10.4   0.0   0.0   3.9  15.7   00:03   SSW
27   5.6  11.4   15:26   0.3   07:40  12.7   0.0   0.0   3.4   8.7   12:48    SE
28   7.4  13.2   15:01   2.3   01:40  10.9   0.0   0.0   5.3  13.0   11:30   ENE
29  10.3  14.7   13:39   4.6   03:55   8.0   0.0   0.0   9.0  24.3   22:50   ENE
30  13.5  15.8   13:50  11.1   23:44   4.8   0.0   6.0  15.8  37.4   12:18   ENE
31   9.7  11.2   00:01   8.3   23:52   8.6   0.0   6.5   3.2  21.7   03:05   ENE
----------------------------------------------------------------------------------
     9.2  15.8    30    -1.4     1   281.5   0.0  70.7   4.8  37.4    30     ENE

Max >=  25.0:  0
Max <=  30.0: 31
Min <=   5.0: 14
Min <=   0.0:  1
Max Rain: 18.5 on day 15
Days of Rain: 2 (>= 10.0 mm)  0 (>= 30.0 mm)  0 (>= 50.0 mm)
Heat Base: 18.3  Cool Base: 18.3  Method: Integration