NOAA-style Climate Reports

Select a Year or Month report

Report for 2012 Aug
                   Monthly Climatological Summary for Aug 2012

Name: Waikawa Beach Weather   City: Waikawa Beach   State: Horowhenua
Elevation: 28 m  Lat: S 40 41' 46"   Lon: E 175 09' 43"

                  Temperature (C), Rain (mm), Wind Speed (km/h)

                                      Heat  Cool        Avg
    Mean                              Deg   Deg         Wind                 Dom
Day Temp  High   Time   Low    Time   Days  Days  Rain  Speed High   Time    Dir
----------------------------------------------------------------------------------
 1  12.2  16.2   12:59   8.3   00:01   6.1   0.0   0.8   7.6  32.2   03:08    NE
 2  11.5  14.8   12:33   7.4   07:12   6.8   0.0   0.0   4.4  16.5   13:47   ENE
 3  11.7  15.4   12:41   7.8   02:07   6.6   0.0   1.3   6.6  24.3   12:18   ENE
 4  12.0  16.0   13:16   8.6   23:34   6.3   0.0   0.0   4.3  18.3   12:20   ENE
 5  10.3  14.0   10:33   5.7   07:33   8.0   0.0   0.0   3.0   8.7   13:06     S
 6  10.2  14.1   14:13   6.1   00:11   8.1   0.0   2.3   4.3  14.8   21:23    NW
 7  11.1  12.7   15:19   9.2   04:40   7.2   0.0   3.5   6.1  14.8   11:33    NE
 8   9.9  14.3   14:12   5.6   23:55   8.4   0.0   4.3   3.4  12.2   04:59   ENE
 9   8.7  12.3   14:22   4.3   05:30   9.6   0.0   0.5   3.7  13.9   18:51     S
10   8.3  12.9   14:10   3.5   06:43  10.0   0.0   0.0   3.0   7.8   01:09     N
11   9.3  16.3   12:12   4.7   05:45   9.0   0.0   0.0   3.3  10.4   11:00    NW
12  11.8  14.7   10:42   9.8   21:42   6.5   0.0  13.5   5.2  22.6   09:24   ENE
13  11.2  14.3   15:10   9.8   20:28   7.1   0.0   3.0   3.2   9.6   00:03    NE
14  10.4  13.3   15:01   8.3   07:29   7.9   0.0   1.0   3.6  10.4   11:36   WSW
15  11.4  14.8   14:26   9.1   07:14   6.9   0.0   1.3   4.7  14.8   09:33    NE
16  10.1  12.8   14:23   8.7   23:57   8.2   0.0   8.6   4.1  14.8   12:07    NE
17  10.6  13.5   15:21   7.8   23:11   7.7   0.0   2.0   3.1  12.2   16:50     W
18  10.6  14.3   12:10   7.9   00:00   7.7   0.0   0.0   3.6  10.4   13:18     N
19  10.8  12.8   11:44   8.4   05:31   7.5   0.0   7.0   5.7  18.3   23:23   ENE
20  11.6  14.2   14:20   9.5   07:49   6.7   0.0   5.0   5.2  14.8   00:02   NNE
21  10.9  14.4   14:55   8.8   05:50   7.4   0.0   0.8   5.7  19.1   11:10     S
22  10.4  14.2   14:42   7.6   23:09   7.9   0.0   0.2   3.9  14.8   12:04   SSW
23   9.4  13.3   15:32   5.5   23:36   8.9   0.0   0.2   3.5  11.3   14:28   WSW
24   8.6  14.0   12:46   2.3   06:30   9.7   0.0   0.0   3.8  10.4   09:37    NE
25  11.1  14.6   14:10   7.6   03:23   7.2   0.0   0.8   4.6  16.5   12:29   NNE
26  12.5  14.5   14:26  10.7   02:39   5.8   0.0   0.5   5.2  15.7   14:27   NNE
27  13.0  14.8   10:19  11.8   04:21   5.3   0.0   0.2  11.4  31.3   14:42    NW
28   9.7  13.1   13:30   5.1   23:18   8.6   0.0  13.8   5.8  26.1   02:31    SW
29   8.6  13.8   11:56   3.2   02:51   9.7   0.0   0.2   4.0   9.6   05:23     E
30   9.0  13.9   10:35   3.8   05:17   9.3   0.0   0.0   3.7   9.6   12:09   SSE
31   9.3  15.4   15:23   3.8   04:58   9.0   0.0   0.0   3.9  15.7   11:20   ENE
----------------------------------------------------------------------------------
    10.5  16.3    11     2.3    24   241.1   0.0  70.8   4.6  32.2     1      NE

Max >=  25.0:  0
Max <=  30.0: 31
Min <=   5.0:  7
Min <=   0.0:  0
Max Rain: 13.8 on day 28
Days of Rain: 2 (>= 10.0 mm)  0 (>= 30.0 mm)  0 (>= 50.0 mm)
Heat Base: 18.3  Cool Base: 18.3  Method: Integration