NOAA-style Climate Reports


Report for 2012 Sep
                   Monthly Climatological Summary for Sep 2012

Name: Waikawa Beach Weather   City: Waikawa Beach   State: Horowhenua
Elevation: 28 m  Lat: S 40 41' 46"   Lon: E 175 09' 43"

                  Temperature (C), Rain (mm), Wind Speed (km/h)

                                      Heat  Cool        Avg
    Mean                              Deg   Deg         Wind                 Dom
Day Temp  High   Time   Low    Time   Days  Days  Rain  Speed High   Time    Dir
----------------------------------------------------------------------------------
 1   9.6  15.3   14:45   3.7   01:16   8.7   0.0   0.0   4.4  12.2   03:46    NE
 2  11.5  16.1   16:20   7.3   02:24   6.8   0.0   0.0   5.1  13.0   11:54    NE
 3  12.2  13.3   12:50  10.8   01:57   6.1   0.0  17.5   7.8  21.7   23:18    NE
 4  12.4  13.7   14:44  11.4   22:15   5.9   0.0   1.3  19.9  34.8   06:12     W
 5  12.0  14.0   12:14   5.4   05:02   6.3   0.0   0.0  15.3  33.9   13:50     W
 6  13.9  15.5   12:50  12.9   00:00   4.4   0.0   0.0  12.4  30.4   12:15   WNW
 7  14.3  15.3   15:49  13.8   00:00   4.0   0.0   1.8  13.4  38.3   06:41   WNW
 8  13.7  16.3   10:17  10.8   20:21   4.6   0.0   8.0  12.2  38.3   23:26    NW
 9  11.2  13.2   10:31   8.5   19:16   7.1   0.0  18.0  16.5  48.7   01:53     W
10  12.1  13.7   14:37  10.6   04:23   6.2   0.0   2.0  19.3  45.2   21:20     W
11  10.0  13.1   00:25   5.2   22:11   8.3   0.0   0.0  17.1  46.1   02:10   WSW
12   6.3   9.4   15:16   2.7   23:26  12.0   0.0   1.5   5.8  27.0   15:37     S
13   7.8  13.2   13:49   0.5   04:01  10.5   0.0   0.0   5.8  15.7   15:15     N
14  11.4  13.7   14:47   8.4   02:43   6.9   0.0   0.8   6.9  25.2   19:08   WNW
15  12.4  15.4   11:46   8.9   06:48   5.9   0.0   3.5   7.9  21.7   11:48   NNE
16  12.3  17.0   11:31   9.7   20:38   6.0   0.0   6.7   4.2  12.2   09:13   ENE
17  12.3  14.8   15:09   9.2   23:54   6.0   0.0   2.0   7.4  25.2   19:28   NNW
18   9.7  13.7   11:35   4.4   23:31   8.6   0.0   0.0   4.6  19.1   00:26   SSW
19   8.3  13.4   16:33   3.3   00:59  10.0   0.0   0.5   4.5  13.0   12:28    NE
20   8.9  14.3   14:39   3.9   06:14   9.4   0.0   0.8   3.4  15.7   17:53    SE
21   7.6  11.9   15:45   2.4   05:53  10.7   0.0   0.0   3.8  13.0   11:54   SSW
22   8.4  14.6   16:43   2.1   06:23   9.9   0.0   0.0   3.2  11.3   13:12   SSW
23   8.7  13.4   17:00   3.1   04:47   9.6   0.0   0.0   3.6  13.9   12:26   WNW
24   9.8  14.8   12:49   3.8   04:10   8.5   0.0   0.0   3.4  11.3   12:55     S
25  12.1  16.2   13:21   6.3   00:09   6.2   0.0   0.0   4.8  13.0   08:37   NNE
26  13.6  17.4   11:50  10.3   00:00   4.7   0.0   1.3   5.4  18.3   12:09   NNE
27  13.5  15.9   12:26  11.9   05:48   4.8   0.0   3.0   2.7  17.4   01:13     S
28  14.1  18.6   12:46  10.3   05:50   4.2   0.0   0.0   3.0  15.7   13:28    SW
29  14.0  17.3   13:35  10.4   22:13   4.3   0.0   0.0   3.5  12.2   06:02    SW
30  13.0  16.0   12:44  10.3   00:15   5.3   0.0   0.0   6.9  23.5   19:04    NW
----------------------------------------------------------------------------------
    11.2  18.6    28     0.5    13   211.9   0.0  68.7   7.8  48.7     9     WNW

Max >=  25.0:  0
Max <=  30.0: 30
Min <=   5.0: 10
Min <=   0.0:  0
Max Rain: 18.0 on day 9
Days of Rain: 2 (>= 10.0 mm)  0 (>= 30.0 mm)  0 (>= 50.0 mm)
Heat Base: 18.3  Cool Base: 18.3  Method: Integration