NOAA-style Climate Reports

Select a Year or Month report

Report for 2012 Nov
                   Monthly Climatological Summary for Nov 2012

Name: Waikawa Beach Weather   City: Waikawa Beach   State: Horowhenua
Elevation: 28 m  Lat: S 40 41' 46"   Lon: E 175 09' 43"

                  Temperature (C), Rain (mm), Wind Speed (km/h)

                                      Heat  Cool        Avg
    Mean                              Deg   Deg         Wind                 Dom
Day Temp  High   Time   Low    Time   Days  Days  Rain  Speed High   Time    Dir
----------------------------------------------------------------------------------
 1  12.9  17.9   16:45   7.9   04:23   5.4   0.0   0.0   4.6  14.8   17:00   NNW
 2  13.9  14.7   15:46  13.2   06:05   4.4   0.0   0.0   6.8  19.1   13:40    NW
 3  13.4  15.0   17:21   9.3   23:37   4.9   0.0   4.3   5.8  18.3   13:34   NNW
 4  10.3  13.7   15:22   7.7   06:04   8.0   0.0   0.0   6.5  19.1   13:19    SW
 5  11.6  15.9   14:49   7.0   06:04   6.7   0.0   0.0   5.7  14.8   11:46   NNE
 6  10.0  13.5   16:26   6.4   23:45   8.3   0.0   0.0   6.0  25.2   12:27   SSE
 7  10.2  16.9   17:05   3.0   06:26   8.1   0.0   0.0   4.4  20.0   14:30     S
 8   9.5  14.5   16:25   2.5   05:29   8.8   0.0   0.0   4.9  16.5   15:29     W
 9  10.8  16.4   18:15   4.0   05:29   7.5   0.0   0.0   4.9  13.0   14:44   NNW
10  13.5  16.2   14:08  10.9   00:00   4.8   0.0   0.0   7.1  20.0   12:14     N
11  13.0  14.6   13:51  11.2   09:40   5.3   0.0  11.0   8.5  23.5   13:09   WNW
12  12.5  15.3   14:08   9.7   23:58   5.8   0.0   3.0   7.8  28.7   16:33     S
13  11.2  15.0   10:31   8.6   02:29   7.1   0.0   0.0   3.2  14.8   11:53    SW
14  11.1  15.3   17:10   5.6   06:06   7.2   0.0   0.0   5.0  17.4   17:52     W
15  14.1  16.3   15:56  12.7   00:12   4.2   0.0   1.3   6.0  19.1   09:00   WNW
16  13.4  16.5   10:45  10.7   04:02   4.9   0.0   4.5   6.3  22.6   17:07   WNW
17  13.5  15.0   18:10  11.9   07:25   4.8   0.0   2.8   8.9  27.0   23:59    NW
18  13.6  15.2   12:55  11.9   01:43   4.7   0.0   1.0  15.4  36.5   01:36     W
22  14.4  19.4   16:35   8.9   06:33   3.9   0.0   0.0   4.2  13.0   11:37   WSW
23  13.9  16.6   14:14  10.3   20:12   4.4   0.0   0.0   5.8  17.4   12:25    NW
24  15.0  19.0   17:37  11.6   23:57   3.3   0.0   0.0   5.5  16.5   02:14   NNW
25  13.6  16.8   14:10   9.4   05:34   4.7   0.0   0.0   6.6  18.3   11:00   NNW
26  15.1  17.0   10:55  13.9   04:10   3.2   0.0   1.3   6.9  25.2   18:49    NW
27  14.8  17.1   15:36  13.6   08:18   3.5   0.0   0.0   7.1  19.1   09:21     N
28  15.1  17.6   12:02  13.0   05:50   3.2   0.0   0.0   7.3  23.5   22:55   NNW
29  14.9  17.3   12:47  12.4   23:29   3.4   0.0   0.8   8.3  20.9   00:14   WNW
30  12.3  16.8   15:46   8.9   05:37   6.0   0.0   0.5   6.1  23.5   11:14     S
----------------------------------------------------------------------------------
    12.9  19.4    22     2.5     8   146.5   0.0  30.5   6.4  36.5    18     WNW

Max >=  25.0:  0
Max <=  30.0: 27
Min <=   5.0:  3
Min <=   0.0:  0
Max Rain: 11.0 on day 11
Days of Rain: 1 (>= 10.0 mm)  0 (>= 30.0 mm)  0 (>= 50.0 mm)
Heat Base: 18.3  Cool Base: 18.3  Method: Integration