NOAA-style Climate Reports

Select a Year or Month report

Report for 2013 Feb
                   Monthly Climatological Summary for Feb 2013

Name: Waikawa Beach Weather   City: Waikawa Beach   State: Horowhenua
Elevation: 28 m  Lat: S 40 41' 46"   Lon: E 175 09' 43"

                  Temperature (C), Rain (mm), Wind Speed (km/h)

                                      Heat  Cool        Avg
    Mean                              Deg   Deg         Wind                 Dom
Day Temp  High   Time   Low    Time   Days  Days  Rain  Speed High   Time    Dir
----------------------------------------------------------------------------------
 1  17.6  22.3   19:02  11.8   05:37   0.7   0.0   0.0   4.2  13.9   14:21   WSW
 2  18.3  22.5   17:00  14.2   02:49   0.0   0.0   0.0   3.5  13.0   13:54   WSW
 3  19.6  25.6   18:07  13.5   01:44   0.0   1.3   0.0   4.1  13.0   13:50    SW
 4  20.0  23.4   13:49  16.6   02:17   0.0   1.7  22.2   5.6  20.0   22:00    NE
 5  14.1  19.5   00:21  10.9   23:25   4.2   0.0   3.8   8.2  33.0   04:48     S
 6  14.2  19.4   16:16   9.3   05:34   4.1   0.0   0.0   4.7  20.9   16:03     S
 7  15.0  19.2   16:37   9.2   06:37   3.3   0.0   0.0   4.9  14.8   14:08    SW
 8  15.1  20.4   15:56   8.8   06:16   3.2   0.0   0.0   4.2  11.3   12:12     W
 9  16.1  20.3   16:27  10.9   03:07   2.2   0.0   0.0   4.6  17.4   12:56   NNE
10  18.4  22.7   17:17  15.8   06:48   0.0   0.1   0.0   4.0  14.8   13:15    NW
11  18.2  21.2   16:36  15.9   00:00   0.1   0.0   0.0   5.1  14.8   11:15   NNW
12  17.4  19.6   18:17  15.8   05:53   0.9   0.0   0.4   3.8  13.9   15:24   NNW
13  17.7  20.0   13:28  15.2   23:03   0.6   0.0   0.0   8.9  21.7   08:17   WNW
14  16.9  20.0   14:30  13.9   07:06   1.4   0.0   0.0   6.9  17.4   04:11     N
15  17.3  21.0   18:24  14.4   04:57   1.0   0.0   0.0   6.2  16.5   08:53   NNE
16  16.4  19.9   15:18  13.2   01:19   1.9   0.0   0.0   5.9  16.5   12:33   NNE
17  18.5  22.9   18:22  15.4   06:54   0.0   0.2   0.0   6.3  20.9   16:51   SSW
18  17.0  21.3   17:02  12.7   07:43   1.3   0.0   0.0   4.2  13.9   12:36   WSW
19  16.8  22.7   18:23  10.4   05:09   1.5   0.0   0.0   4.5  12.2   15:20    SW
20  17.2  21.4   12:38  12.2   02:58   1.1   0.0   0.0   4.7  14.8   13:38   NNW
21  17.7  22.0   15:20  12.8   05:19   0.6   0.0   0.0   5.1  13.9   13:23   NNE
22  17.7  22.5   16:10  11.9   23:56   0.6   0.0   0.0   5.7  22.6   14:09     S
23  14.5  20.9   17:43   6.6   06:57   3.8   0.0   0.0   4.1  15.7   18:33    SW
24  15.6  22.6   18:59   7.8   06:41   2.7   0.0   0.0   3.2  13.0   13:10   NNW
25  15.5  21.4   16:15   9.3   04:37   2.8   0.0   0.0   4.3  13.9   12:00    SW
26  16.2  21.8   11:09  10.3   07:34   2.1   0.0   0.0   4.5  16.5   10:14    NW
27  15.8  20.5   14:44  10.6   07:00   2.5   0.0   0.2   4.7  15.7   16:10   SSW
28  16.8  24.7   13:28   9.1   04:49   1.5   0.0   0.0   4.4  16.5   11:41   WSW
----------------------------------------------------------------------------------
    16.8  25.6     3     6.6    23    44.1   3.3  26.6   5.0  33.0     5       W

Max >=  25.0:  1
Max <=  30.0: 28
Min <=   5.0:  0
Min <=   0.0:  0
Max Rain: 22.2 on day 4
Days of Rain: 1 (>= 10.0 mm)  0 (>= 30.0 mm)  0 (>= 50.0 mm)
Heat Base: 18.3  Cool Base: 18.3  Method: Integration