NOAA-style Climate Reports


Report for 2013 Mar
                   Monthly Climatological Summary for Mar 2013

Name: Waikawa Beach Weather   City: Waikawa Beach   State: Horowhenua
Elevation: 28 m  Lat: S 40 41' 46"   Lon: E 175 09' 43"

                  Temperature (C), Rain (mm), Wind Speed (km/h)

                                      Heat  Cool        Avg
    Mean                              Deg   Deg         Wind                 Dom
Day Temp  High   Time   Low    Time   Days  Days  Rain  Speed High   Time    Dir
----------------------------------------------------------------------------------
 1  17.2  22.6   18:22  12.3   02:30   1.1   0.0   0.0   4.6  17.4   13:54   WSW
 2  17.0  21.8   16:06  12.8   02:48   1.3   0.0   0.0   3.9  14.8   14:28   WSW
 3  18.2  23.1   16:38  15.4   06:20   0.1   0.0   0.0   4.6  22.6   13:32     S
 4  17.4  20.4   14:51  13.7   23:58   0.9   0.0   0.2   6.1  19.1   07:55   NNW
 5  15.5  19.0   17:54  11.6   23:34   2.8   0.0   0.2   4.7  15.7   14:47    SW
 6  14.7  18.8   14:30   9.3   02:45   3.6   0.0   0.4   6.4  20.0   11:50   NNE
 7  16.7  21.6   15:18   9.9   07:29   1.6   0.0   0.0   4.8  15.7   14:29    SW
 8  16.9  21.6   15:10  11.8   02:17   1.4   0.0   0.0   4.8  13.9   13:34   NNE
 9  17.7  24.6   14:54  11.4   04:41   0.6   0.0   0.0   4.9  14.8   14:18   WNW
10  17.6  24.1   11:28  11.4   05:05   0.7   0.0   0.0   5.6  20.0   16:33     S
11  17.6  27.2   17:30   9.8   07:45   0.7   0.0   0.0   4.8  19.1   13:40   SSW
12  15.5  19.8   17:00  10.2   07:50   2.8   0.0   0.0   4.6  16.5   12:48    SW
13  14.4  18.9   17:00   9.7   02:57   3.9   0.0   0.0   4.9  14.8   15:34    SW
14  15.0  20.0   13:19   9.3   05:24   3.3   0.0   0.0   4.8  14.8   14:49     N
15  17.5  21.7   17:06  13.4   00:13   0.8   0.0   0.0   3.9  13.0   13:47   NNW
16  17.7  22.4   12:30  13.4   00:23   0.6   0.0   0.0   3.8  13.0   16:53   WSW
17  18.9  22.8   16:47  13.2   02:34   0.0   0.6   3.2   4.9  16.5   12:52    NE
18  18.6  20.0   16:13  15.7   21:54   0.0   0.3  16.2   5.1  20.9   12:10    NW
19  15.0  16.8   16:55  13.4   23:15   3.3   0.0   9.8   5.5  19.1   11:08     S
20  15.1  20.0   15:18   9.9   23:46   3.2   0.0   0.0   4.7  18.3   15:32     S
21  13.1  18.6   18:43   7.6   06:34   5.2   0.0   0.0   4.0  14.8   13:58   SSW
22  14.4  20.2   17:27   8.6   07:41   3.9   0.0   0.0   3.8  13.0   13:32    SW
23  15.1  20.1   12:43  10.7   07:02   3.2   0.0   0.0   4.9  14.8   14:05    NE
24  15.6  20.3   14:19  12.0   05:17   2.7   0.0   0.0   4.6  11.3   00:49    NE
25  16.8  20.6   13:46  13.2   00:39   1.5   0.0   0.0   5.0  14.8   13:21     N
26  17.6  21.0   12:59  14.6   23:35   0.7   0.0   3.4   3.4  13.0   13:50    NW
27  15.8  19.4   16:34  11.9   06:29   2.5   0.0   0.0   4.1  11.3   15:31   ENE
28  15.6  19.4   17:02  13.0   00:29   2.7   0.0   0.0   3.5  10.4   12:58   SSE
29  16.9  20.1   14:08  14.7   00:00   1.4   0.0   0.0   4.4  17.4   10:58   NNE
30  18.0  22.3   15:32  15.5   00:14   0.3   0.0   0.0   2.7   9.6   14:08     N
31  18.0  21.0   12:44  15.0   03:30   0.3   0.0   1.6   5.9  27.0   13:14     N
----------------------------------------------------------------------------------
    16.5  27.2    11     7.6    21    57.1   0.9  35.0   4.6  27.0    31     WNW

Max >=  25.0:  1
Max <=  30.0: 31
Min <=   5.0:  0
Min <=   0.0:  0
Max Rain: 16.2 on day 18
Days of Rain: 1 (>= 10.0 mm)  0 (>= 30.0 mm)  0 (>= 50.0 mm)
Heat Base: 18.3  Cool Base: 18.3  Method: Integration