NOAA-style Climate Reports

Select a Year or Month report

Report for 2013 Apr
                   Monthly Climatological Summary for Apr 2013

Name: Waikawa Beach Weather   City: Waikawa Beach   State: Horowhenua
Elevation: 28 m  Lat: S 40 41' 46"   Lon: E 175 09' 43"

                  Temperature (C), Rain (mm), Wind Speed (km/h)

                                      Heat  Cool        Avg
    Mean                              Deg   Deg         Wind                 Dom
Day Temp  High   Time   Low    Time   Days  Days  Rain  Speed High   Time    Dir
----------------------------------------------------------------------------------
 1  18.1  19.6   14:34  16.0   23:09   0.2   0.0   0.8   4.0  14.8   00:10   WNW
 2  16.8  20.9   16:56  13.1   05:10   1.5   0.0   0.0   4.0  11.3   12:52    NE
 3  18.1  21.7   13:43  15.7   00:05   0.2   0.0   0.2   6.4  26.1   18:11     N
 4  16.3  19.7   15:25  11.8   23:18   2.0   0.0   0.0   4.4  14.8   03:18    SW
 5  12.2  17.7   11:32   5.5   08:13   6.1   0.0   0.0   3.9  13.0   13:24     S
 6  13.8  19.1   13:16   7.9   02:20   4.5   0.0   0.0   4.6  16.5   14:16   SSE
 7  11.6  14.3   15:44   9.0   05:42   6.7   0.0   0.0   4.9  18.3   11:09   SSW
 8  12.4  17.9   15:25   9.0   02:51   5.9   0.0   2.8   3.5  11.3   13:08    NE
 9  12.8  16.9   11:26  10.6   23:51   5.5   0.0   1.4   5.0  20.9   17:03   ESE
10  10.8  15.1   16:29   5.7   06:46   7.5   0.0   0.0   3.6   9.6   03:20     S
11  13.2  18.7   12:54   5.6   00:29   5.1   0.0   0.0   8.0  23.5   22:20    NW
12  16.9  18.5   12:13  15.3   23:56   1.4   0.0   3.0   7.5  21.7   01:56   WNW
13  15.1  17.2   14:08  13.4   20:11   3.2   0.0   2.8   4.2  12.2   09:36    NE
14  15.4  19.1   14:50  11.3   22:58   2.9   0.0  12.2   3.7  15.7   02:22   NNE
15  15.7  21.3   15:40  11.3   01:36   2.6   0.0   0.0   3.4  12.2   23:49    NE
16  18.6  21.3   14:41  16.1   07:11   0.0   0.3   1.8   5.5  26.1   14:20   ENE
17  17.2  20.2   11:54  15.3   20:51   1.1   0.0   3.2   5.0  17.4   14:13    SW
18  15.3  18.3   13:53  12.7   23:57   3.0   0.0   0.0   2.7  13.0   19:12     S
19  14.1  17.5   15:07  11.6   03:54   4.2   0.0   0.0   2.6  11.3   14:05    SW
20  14.3  16.6   18:03  11.6   03:38   4.0   0.0   3.2   5.2  24.3   18:10   ENE
21  16.2  17.8   15:46  14.2   00:23   2.1   0.0   7.6   8.8  24.3   05:38   ENE
22  17.1  20.8   10:36  15.4   03:17   1.2   0.0   0.0   6.1  19.1   09:57   NNE
23  16.4  18.1   13:14  13.7   00:30   1.9   0.0   7.2  11.4  32.2   23:49   WNW
24  16.8  18.3   11:06  13.8   02:48   1.5   0.0   2.6  12.9  31.3   05:26   WNW
25  15.7  16.9   00:00  13.6   05:20   2.6   0.0   6.8  10.7  27.8   09:50     W
26  16.3  17.2   10:47  15.2   07:20   2.0   0.0   0.0  15.2  34.8   21:46     W
27  16.6  17.6   11:12  14.9   23:42   1.7   0.0   0.0  14.3  34.8   09:16     W
28  16.5  18.6   14:05  14.7   01:00   1.8   0.0   0.0   6.6  20.0   23:57   NNW
29  17.6  18.9   12:35  16.9   02:37   0.7   0.0   0.0  11.4  27.8   05:48   WNW
----------------------------------------------------------------------------------
    15.4  21.7     3     5.5     5    83.1   0.3  55.6   6.5  34.8    26     WNW

Max >=  25.0:  0
Max <=  30.0: 29
Min <=   5.0:  0
Min <=   0.0:  0
Max Rain: 12.2 on day 14
Days of Rain: 1 (>= 10.0 mm)  0 (>= 30.0 mm)  0 (>= 50.0 mm)
Heat Base: 18.3  Cool Base: 18.3  Method: Integration