NOAA-style Climate Reports

Select a Year or Month report

Report for 2013 May
                   Monthly Climatological Summary for May 2013

Name: Waikawa Beach Weather   City: Waikawa Beach   State: Horowhenua
Elevation: 28 m  Lat: S 40 41' 46"   Lon: E 175 09' 43"

                  Temperature (C), Rain (mm), Wind Speed (km/h)

                                      Heat  Cool        Avg
    Mean                              Deg   Deg         Wind                 Dom
Day Temp  High   Time   Low    Time   Days  Days  Rain  Speed High   Time    Dir
----------------------------------------------------------------------------------
 9  12.9  16.6   14:21   6.1   02:32   5.4   0.0   3.4   7.7  27.0   22:51   WNW
10  12.7  15.8   12:16   9.1   23:03   5.6   0.0   0.0   7.6  25.2   00:06   SSW
11  10.3  14.0   13:16   6.2   07:23   8.0   0.0   0.0   3.6  13.9   03:21   SSE
12  10.8  16.1   15:42   7.1   06:34   7.5   0.0   0.0   3.3   8.7   00:34     N
13  12.4  17.0   13:21   6.2   06:41   5.9   0.0   0.0   3.9  11.3   09:37    NE
14  14.3  16.1   14:03  12.5   20:13   4.0   0.0   0.0   3.9   9.6   05:45    NE
15  13.5  18.6   12:43   8.7   23:45   4.8   0.0   0.0   3.7  12.2   03:19   ENE
16  12.6  18.2   13:30   7.1   04:22   5.7   0.0   0.0   3.8  11.3   23:13   ENE
17  14.2  17.7   13:20  11.6   01:03   4.1   0.0   7.4   5.3  13.0   13:38   ENE
18  14.0  16.2   15:45  12.6   23:38   4.3   0.0   3.0   2.7   8.7   13:06   SSW
19  12.8  15.2   12:00   9.6   22:26   5.5   0.0   0.2   3.1  11.3   18:21   SSE
20  12.2  16.5   14:32   8.7   03:33   6.1   0.0   3.6   4.0  12.2   13:38    NE
21  12.5  17.9   15:14   8.2   04:49   5.8   0.0   0.2   3.6  10.4   23:39   ENE
22  13.5  16.5   12:20  11.6   05:58   4.8   0.0   0.0   4.5  12.2   03:14    NE
23  11.3  13.4   12:12   9.3   22:03   7.0   0.0   3.8   5.0  22.6   16:17     S
24   8.8  13.3   15:04   3.8   06:00   9.5   0.0   0.0   3.3  11.3   23:32   ENE
25  11.9  14.7   13:50   8.5   00:06   6.4   0.0   0.8   5.9  20.0   12:20   NNW
26  13.8  15.9   13:36  10.6   07:18   4.5   0.0   0.0  12.2  39.1   22:04     W
27  13.5  15.5   13:04  10.8   23:12   4.8   0.0   0.0  18.3  41.7   17:39     W
28   6.3  10.8   00:00   3.7   18:55  12.0   0.0   0.8   7.6  27.0   15:22   SSW
29   7.0  11.0   15:59   3.5   20:59  11.3   0.0   0.4   5.9  22.6   02:45     S
30   8.3  13.5   15:48   3.2   06:35  10.0   0.0   0.0   5.8  13.0   10:59   ENE
31  12.6  15.4   12:26   9.2   00:00   5.7   0.0   0.0   7.1  19.1   22:34     N
----------------------------------------------------------------------------------
    11.8  18.6    15     3.2    30   148.7   0.0  23.6   5.7  41.7    27      NW

Max >=  25.0:  0
Max <=  30.0: 23
Min <=   5.0:  4
Min <=   0.0:  0
Max Rain: 7.4 on day 17
Days of Rain: 0 (>= 10.0 mm)  0 (>= 30.0 mm)  0 (>= 50.0 mm)
Heat Base: 18.3  Cool Base: 18.3  Method: Integration