NOAA-style Climate Reports

Select a Year or Month report

Report for 2013 Jun
                   Monthly Climatological Summary for Jun 2013

Name: Waikawa Beach Weather   City: Waikawa Beach   State: Horowhenua
Elevation: 28 m  Lat: S 40 41' 46"   Lon: E 175 09' 43"

                  Temperature (C), Rain (mm), Wind Speed (km/h)

                                      Heat  Cool        Avg
    Mean                              Deg   Deg         Wind                 Dom
Day Temp  High   Time   Low    Time   Days  Days  Rain  Speed High   Time    Dir
----------------------------------------------------------------------------------
 1  14.9  16.5   12:40  14.0   00:32   3.4   0.0   0.0   9.3  21.7   08:55     W
 2  14.7  15.7   09:41  13.9   18:23   3.6   0.0   0.0  10.1  23.5   12:31   WNW
 3  12.8  14.8   14:28  11.0   06:59   5.5   0.0   0.0   5.1  15.7   02:23   NNE
 4  12.6  14.8   10:51  10.8   03:01   5.7   0.0   7.0   6.1  22.6   23:11   ESE
 5   9.8  12.4   01:12   8.5   23:37   8.5   0.0   2.2   7.0  28.7   20:59     S
 6   9.6  14.5   14:08   5.5   23:36   8.7   0.0   0.0   3.2  17.4   01:19   SSE
 7   8.6  14.9   14:46   3.5   02:23   9.7   0.0   0.0   4.1  14.8   11:57   ENE
 8  11.0  14.4   13:28   6.9   00:00   7.3   0.0   0.0   5.9  14.8   23:09    NE
 9  11.5  14.5   13:54   7.7   22:42   6.8   0.0   1.4   3.3  14.8   13:29     E
10  12.9  16.7   12:32   8.7   00:00   5.4   0.0   0.2   2.9   9.6   11:50   SSW
11  12.7  17.8   16:00   9.2   02:28   5.6   0.0   0.0   2.1   7.8   07:18   SSE
12  11.5  15.5   14:12   7.2   08:17   6.8   0.0   0.0   2.7   8.7   08:43   SSW
13  10.8  13.2   14:56   7.7   23:59   7.5   0.0   0.2   3.2  10.4   09:43    SE
14   9.2  14.6   13:36   4.1   07:03   9.1   0.0   0.2   2.8  11.3   11:58   ENE
15   8.7  12.7   17:49   4.1   06:58   9.6   0.0   0.0   4.7  13.0   13:50   ENE
16  13.3  15.6   22:54  10.4   01:02   5.0   0.0   8.6   7.8  27.8   22:51   ENE
17  14.0  15.4   14:53  13.0   20:11   4.3   0.0   2.6   7.2  21.7   21:46   NNE
18  13.3  15.8   14:24  11.9   23:09   5.0   0.0   7.6   5.1  15.7   12:41   NNE
19  11.6  14.1   10:36   9.6   17:59   6.7   0.0  11.8   3.8  11.3   01:24   ENE
20   8.6  11.9   11:32   4.7   23:20   9.7   0.0  15.6   8.6  43.5   19:58    SW
21   7.3   8.5   18:16   4.9   00:00  11.0   0.0   1.8  14.0  37.4   07:21   SSW
22   6.9   7.7   00:00   6.0   22:46  11.4   0.0   3.8   7.1  23.5   00:39   SSW
23   6.5  10.8   14:46   2.6   22:29  11.8   0.0   0.2   3.9  13.9   14:01   SSE
24   7.3  12.3   14:42   2.3   00:13  11.0   0.0   0.0   5.2  13.0   10:07   ENE
25   6.7  12.3   12:27   3.0   02:22  11.6   0.0   0.0   3.2   7.8   10:57   SSE
26   6.8  12.5   13:14   1.8   04:31  11.5   0.0   0.0   3.0  10.4   20:07    SE
27   7.1  11.8   13:31   1.6   04:46  11.2   0.0   0.0   3.5  13.9   14:38   SSE
28   8.7  12.0   13:01   3.2   23:41   9.6   0.0   0.0   4.9  20.0   03:54     S
29   6.6  10.3   15:12   1.7   01:31  11.7   0.0   1.4   4.4  10.4   13:00   ENE
30  10.1  14.0   14:44   7.7   02:12   8.2   0.0   0.2   4.6  11.3   09:24    NE
----------------------------------------------------------------------------------
    10.2  17.8    11     1.6    27   242.9   0.0  64.8   5.3  43.5    20      SE

Max >=  25.0:  0
Max <=  30.0: 30
Min <=   5.0: 12
Min <=   0.0:  0
Max Rain: 15.6 on day 20
Days of Rain: 2 (>= 10.0 mm)  0 (>= 30.0 mm)  0 (>= 50.0 mm)
Heat Base: 18.3  Cool Base: 18.3  Method: Integration