NOAA-style Climate Reports

Select a Year or Month report

Report for 2013 Jul
                   Monthly Climatological Summary for Jul 2013

Name: Waikawa Beach Weather   City: Waikawa Beach   State: Horowhenua
Elevation: 28 m  Lat: S 40 41' 46"   Lon: E 175 09' 43"

                  Temperature (C), Rain (mm), Wind Speed (km/h)

                                      Heat  Cool        Avg
    Mean                              Deg   Deg         Wind                 Dom
Day Temp  High   Time   Low    Time   Days  Days  Rain  Speed High   Time    Dir
----------------------------------------------------------------------------------
 1  12.2  14.6   13:16   7.6   05:26   6.1   0.0   0.0  10.1  26.1   19:24   WNW
 2  13.3  14.5   12:42  10.9   23:59   5.0   0.0   0.8  12.8  33.0   04:35   WNW
 3  13.3  15.3   14:20  10.8   00:05   5.0   0.0   1.6   7.7  25.2   15:10   WNW
 4  12.2  15.3   14:13   7.9   21:53   6.1   0.0   0.2   3.7  11.3   03:18   NNE
 5  11.5  14.3   14:18   8.2   00:09   6.8   0.0   0.2   5.9  19.1   21:16     N
 6  12.7  13.6   17:06  10.4   07:31   5.6   0.0   2.4   9.0  25.2   10:43    NW
 7  13.5  15.1   13:35  11.9   23:55   4.8   0.0   0.0  15.6  33.0   21:38     W
 8  11.2  12.6   12:10   7.2   19:58   7.1   0.0   0.0  10.5  27.0   12:50   WSW
 9   7.6  12.5   13:19   1.0   04:56  10.7   0.0   0.4   5.2  17.4   23:30   ENE
10   8.3  10.3   20:21   6.8   02:17  10.0   0.0   2.4   4.8  26.1   23:35   SSE
11   8.8   9.9   08:14   6.4   22:56   9.5   0.0   2.0   7.5  32.2   00:12     S
12   9.1  11.8   12:16   6.1   23:52   9.2   0.0   1.6   4.0  18.3   08:01     S
13   7.9  11.2   13:12   4.7   06:03  10.4   0.0   0.8   2.4  10.4   23:22   SSE
14   8.4  10.9   11:35   6.2   23:31   9.9   0.0   0.8   8.7  38.3   16:18     S
15   5.8   8.6   13:55   3.7   22:38  12.5   0.0   2.0   5.2  21.7   00:19   SSW
16   6.7  10.9   13:25   1.6   03:36  11.6   0.0   0.2   4.1  11.3   22:35   ENE
17  11.2  13.3   13:21   9.2   00:00   7.1   0.0   0.0   6.5  15.7   11:39   NNE
18  11.9  13.4   14:55  10.7   00:11   6.4   0.0   0.0   6.2  15.7   01:02   NNE
19  11.4  14.4   14:39   9.6   06:33   6.9   0.0   0.4   5.3  13.9   10:43    NE
20  11.2  12.8   13:41  10.6   22:12   7.1   0.0   0.4   3.9  13.9   14:32     N
21  12.1  14.4   13:25  10.7   00:00   6.2   0.0   1.4   4.1  13.9   11:07   NNE
22  11.7  13.5   14:05  10.8   07:21   6.6   0.0   0.8   3.3  12.2   13:47    NE
23  11.1  12.3   11:09  10.4   06:54   7.2   0.0   0.0   4.2  13.0   23:58    NE
24  11.7  12.7   11:00  10.5   06:50   6.6   0.0   0.0   3.8  13.9   00:35     N
25  12.0  13.7   15:15   9.0   20:02   6.3   0.0   1.4   8.7  22.6   08:21   WNW
26  11.3  14.3   11:24   7.8   07:37   7.0   0.0   0.0   5.0  14.8   01:31     N
27  11.6  14.2   13:17   9.2   06:43   6.7   0.0   0.0   6.1  16.5   14:14   NNE
28  11.3  14.6   13:33   8.5   22:03   7.0   0.0   0.0   5.8  13.9   05:39    NE
29   9.2  13.8   11:46   4.8   08:08   9.1   0.0   0.0   3.7   9.6   02:01    SE
30   8.1  13.5   12:26   3.7   07:24  10.2   0.0   0.0   4.1  11.3   11:19    NE
31   9.7  13.3   13:30   6.2   07:09   8.6   0.0   0.0   4.2  11.3   06:00   ENE
----------------------------------------------------------------------------------
    10.6  15.3     3     1.0     9   239.3   0.0  19.8   6.2  38.3    14     NNW

Max >=  25.0:  0
Max <=  30.0: 31
Min <=   5.0:  6
Min <=   0.0:  0
Max Rain: 2.4 on day 6
Days of Rain: 0 (>= 10.0 mm)  0 (>= 30.0 mm)  0 (>= 50.0 mm)
Heat Base: 18.3  Cool Base: 18.3  Method: Integration