NOAA-style Climate Reports

Select a Year or Month report

Report for 2013 Aug
                   Monthly Climatological Summary for Aug 2013

Name: Waikawa Beach Weather   City: Waikawa Beach   State: Horowhenua
Elevation: 28 m  Lat: S 40 41' 46"   Lon: E 175 09' 43"

                  Temperature (C), Rain (mm), Wind Speed (km/h)

                                      Heat  Cool        Avg
    Mean                              Deg   Deg         Wind                 Dom
Day Temp  High   Time   Low    Time   Days  Days  Rain  Speed High   Time    Dir
----------------------------------------------------------------------------------
 1   8.7  12.9   14:13   4.3   05:02   9.6   0.0   0.0   3.1   7.8   14:21   ENE
 2   9.8  13.6   15:11   5.9   04:03   8.5   0.0   0.0   2.4   8.7   11:05     S
 3  10.6  14.9   13:01   7.1   04:56   7.7   0.0   0.0   3.3  10.4   22:05   ESE
 4  11.4  16.3   15:25   6.3   01:35   6.9   0.0   0.0   2.5   7.8   00:58    SE
 5  12.5  14.4   12:53  11.3   02:03   5.8   0.0   2.4   3.9  13.0   21:09     N
 6  12.7  14.9   14:05  10.2   01:53   5.6   0.0   2.8   8.3  26.1   17:51   WNW
 7  13.5  15.7   15:42  11.7   08:20   4.8   0.0   0.4   5.9  18.3   01:17    NW
 8  13.9  15.7   12:46  12.4   08:18   4.4   0.0   0.2   6.5  19.1   04:33   NNW
 9  12.8  15.2   10:23   7.5   23:01   5.5   0.0   0.6   2.7   8.7   08:19   NNE
10  11.0  15.8   16:05   4.0   07:36   7.3   0.0   0.6   2.3   9.6   12:14   SSW
11  11.0  12.7   05:41   9.7   22:35   7.3   0.0   9.2   2.6  15.7   21:48    SW
12   9.9  11.2   13:22   9.2   04:06   8.4   0.0   4.0   7.7  19.1   16:39    SW
13  10.8  14.2   14:12   5.3   07:50   7.5   0.0   1.2   6.7  27.0   23:53    NW
14  11.7  13.4   00:00   6.0   23:41   6.6   0.0   0.2  13.6  34.8   01:59     W
15  11.9  14.6   13:42   6.0   00:21   6.4   0.0   0.0   8.6  24.3   09:46     W
16  11.6  15.1   16:00   8.9   02:55   6.7   0.0   0.2   4.6  15.7   12:34    NE
17  11.9  15.0   15:38   8.7   23:59   6.4   0.0  10.8   3.8  24.3   01:34   ENE
18  11.1  14.7   10:41   6.0   04:45   7.2   0.0   0.0   2.7   7.8   04:05   NNE
19  11.5  16.8   13:17   6.3   23:40   6.8   0.0   0.0   3.9  17.4   15:15     E
20  10.1  15.6   14:55   4.3   07:09   8.2   0.0   0.0   4.1  16.5   11:23    NE
21  11.9  15.8   14:04   7.9   03:37   6.4   0.0   0.4   6.8  20.0   20:38    NE
22  12.2  15.0   15:04   9.3   20:17   6.1   0.0   2.2   6.2  23.5   03:21    NE
23  11.8  14.7   14:16   9.3   06:15   6.5   0.0   2.8   6.5  17.4   13:57    NW
24  11.8  14.8   14:32   8.2   07:37   6.5   0.0   2.2   4.5  16.5   03:32     N
25  13.1  19.7   14:02   9.6   22:03   5.2   0.0   0.0   3.7  11.3   12:00   ENE
26  11.2  15.3   16:34   7.7   03:23   7.1   0.0   0.6   4.0  13.9   12:20   NNE
27  11.8  14.4   12:30   8.5   02:47   6.5   0.0   0.0   8.0  23.5   15:22   WNW
28  13.0  14.7   12:05  11.7   04:11   5.3   0.0   0.6  10.1  24.3   17:44   WNW
29   9.8  13.0   00:38   7.3   23:39   8.5   0.0  21.6   5.8  27.0   00:45     S
30   9.5  12.7   12:04   7.1   23:18   8.8   0.0   0.0   5.2  20.9   17:34     S
31   8.1  12.9   16:18   2.6   06:36  10.2   0.0   0.0   3.5  12.2   11:57     W
----------------------------------------------------------------------------------
    11.4  19.7    25     2.6    31   214.7   0.0  63.0   5.3  34.8    14      NW

Max >=  25.0:  0
Max <=  30.0: 31
Min <=   5.0:  4
Min <=   0.0:  0
Max Rain: 21.6 on day 29
Days of Rain: 2 (>= 10.0 mm)  0 (>= 30.0 mm)  0 (>= 50.0 mm)
Heat Base: 18.3  Cool Base: 18.3  Method: Integration