NOAA-style Climate Reports

Select a Year or Month report

Report for 2013 Sep
                   Monthly Climatological Summary for Sep 2013

Name: Waikawa Beach Weather   City: Waikawa Beach   State: Horowhenua
Elevation: 28 m  Lat: S 40 41' 46"   Lon: E 175 09' 43"

                  Temperature (C), Rain (mm), Wind Speed (km/h)

                                      Heat  Cool        Avg
    Mean                              Deg   Deg         Wind                 Dom
Day Temp  High   Time   Low    Time   Days  Days  Rain  Speed High   Time    Dir
----------------------------------------------------------------------------------
 1   9.0  14.1   16:26   3.4   01:18   9.3   0.0   0.0   3.7  13.9   13:22   WSW
 2   8.4  13.1   12:24   3.2   04:45   9.9   0.0   0.0   2.7  10.4   12:55    NW
 3   8.2  12.3   10:42   2.1   05:37  10.1   0.0   0.0   3.7  11.3   13:00   NNW
 4  10.1  12.6   08:38   8.1   17:31   8.2   0.0   5.4   8.4  29.6   11:44     W
 5   8.7  11.5   12:26   6.6   23:06   9.6   0.0   0.2   7.2  26.1   03:35     S
 6   9.2  13.2   12:27   4.5   04:35   9.1   0.0   0.0   4.2  14.8   13:54   NNE
 7  12.7  14.9   15:06  11.3   00:00   5.6   0.0   0.0   7.2  20.0   21:20   WNW
 8  13.0  14.4   11:54  11.8   23:22   5.3   0.0   0.0  14.9  29.6   12:32     W
 9  12.5  14.3   15:21  11.3   04:35   5.8   0.0   0.0  15.2  33.9   06:58     W
10  12.4  13.7   14:58  10.9   03:12   5.9   0.0   0.4  13.8  39.1   19:12   WNW
11  14.5  16.4   16:19  13.3   00:00   3.8   0.0  15.2  13.4  36.5   21:51    NW
12  13.6  15.0   10:43  12.1   23:54   4.7   0.0   0.2   7.6  28.7   00:16   WNW
13  12.1  13.3   10:07  10.7   05:05   6.2   0.0   0.0   8.7  16.5   06:02     W
14  11.0  12.9   16:08   6.8   07:17   7.3   0.0   0.0   7.2  22.6   23:58     W
15  10.0  13.2   13:42   4.9   23:57   8.3   0.0   0.0   6.6  26.1   01:18    SW
16   9.0  12.9   11:25   3.4   02:02   9.3   0.0   0.6   4.9  16.5   11:43    NW
17   8.5  14.2   11:26   4.0   23:43   9.8   0.0   0.0   4.5  20.9   14:53   SSE
18   6.4  12.2   16:47   0.6   06:36  11.9   0.0   0.0   3.9  12.2   12:36     E
19   9.9  14.2   13:25   4.2   02:36   8.4   0.0   2.6   5.7  16.5   19:34    NE
20  13.8  16.1   15:29  11.4   01:22   4.5   0.0  11.6   7.8  21.7   22:51   NNW
21  14.5  16.1   10:09  13.7   02:43   3.8   0.0  11.2   5.6  18.3   00:55   NNE
22  14.3  15.9   11:44  13.0   23:57   4.0   0.0  11.4   6.8  19.1   07:09     N
23  14.1  16.7   14:40  12.1   01:29   4.2   0.0   2.4   5.4  18.3   03:17   WNW
24  14.1  18.0   12:14  10.1   06:29   4.2   0.0   0.0   3.2  17.4   22:41   SSE
25  15.4  21.1   13:26  11.9   22:48   2.9   0.0   1.6   8.0  25.2   18:06   SSW
26  13.3  15.9   15:07  10.8   03:49   5.0   0.0   0.2   7.1  21.7   06:30    SW
27  12.8  15.4   10:57   7.7   04:57   5.5   0.0   0.0   4.4  22.6   22:25   NNW
28  13.2  14.4   13:39  12.2   06:07   5.1   0.0   0.8  21.5  40.0   19:40     W
29  12.9  14.0   15:26  11.3   20:48   5.4   0.0   0.2  11.6  29.6   12:27     W
30  12.6  16.0   15:07  10.6   03:03   5.7   0.0  12.6   6.6  24.3   13:39     S
----------------------------------------------------------------------------------
    11.7  21.1    25     0.6    18   198.8   0.0  76.6   7.7  40.0    28       W

Max >=  25.0:  0
Max <=  30.0: 30
Min <=   5.0:  9
Min <=   0.0:  0
Max Rain: 15.2 on day 11
Days of Rain: 5 (>= 10.0 mm)  0 (>= 30.0 mm)  0 (>= 50.0 mm)
Heat Base: 18.3  Cool Base: 18.3  Method: Integration