NOAA-style Climate Reports

Select a Year or Month report

Report for 2013 Oct
                   Monthly Climatological Summary for Oct 2013

Name: Waikawa Beach Weather   City: Waikawa Beach   State: Horowhenua
Elevation: 28 m  Lat: S 40 41' 46"   Lon: E 175 09' 43"

                  Temperature (C), Rain (mm), Wind Speed (km/h)

                                      Heat  Cool        Avg
    Mean                              Deg   Deg         Wind                 Dom
Day Temp  High   Time   Low    Time   Days  Days  Rain  Speed High   Time    Dir
----------------------------------------------------------------------------------
 1  12.0  15.4   16:15   6.2   06:42   6.3   0.0   0.0   4.4  13.0   14:14   NNW
 2  13.2  15.1   15:14  11.2   06:36   5.1   0.0   0.0   5.2  13.0   01:50     N
 3  14.0  16.0   14:43  12.4   06:52   4.3   0.0   0.0   2.3  16.5   23:41     N
 4  14.2  16.1   16:05  12.7   09:09   4.1   0.0   0.6   3.7  14.8   00:09     N
 5  14.3  16.4   13:12  13.3   05:31   4.0   0.0   0.4   3.7  11.3   13:44    NW
 6  14.2  16.6   15:28  12.7   04:09   4.1   0.0   0.0   4.3  17.4   23:56   NNW
 7  14.1  15.7   15:04  12.1   22:33   4.2   0.0   0.0   6.8  20.0   03:56    NW
 8  14.0  17.9   14:00  11.0   06:24   4.3   0.0   1.4   5.4  18.3   18:14    NE
 9   9.9  13.1   02:14   7.1   22:17   8.4   0.0   2.4   7.9  26.1   12:59   SSW
10   9.7  13.7   15:27   4.1   06:51   8.6   0.0   1.4   6.6  28.7   17:31    NW
11  13.1  14.7   19:58  10.9   14:59   5.2   0.0   6.4   8.3  35.7   21:54    NW
12  11.7  14.6   13:59   7.7   06:57   6.6   0.0   3.0  11.4  38.3   03:05   WSW
13  12.1  16.0   12:05   6.7   07:14   6.2   0.0   0.2   6.2  21.7   20:43   WNW
14  14.8  17.2   16:13  13.5   05:22   3.5   0.0   6.0  12.3  39.1   16:58    NW
15  10.8  14.8   00:00   7.8   14:13   7.5   0.0  17.4   8.1  36.5   00:09     W
16  11.8  13.5   15:04  10.0   05:35   6.5   0.0   0.0  17.5  31.3   13:59     W
17  14.0  16.1   14:43  12.4   02:57   4.3   0.0   0.0  10.0  25.2   00:22    NW
18  14.8  16.7   14:39  13.4   04:19   3.5   0.0   0.0  10.9  30.4   19:57    NW
19  13.8  17.0   11:52  11.2   05:48   4.5   0.0   0.0   7.1  26.1   01:41     N
20  13.5  16.2   13:39  11.5   06:51   4.8   0.0   0.0   6.5  18.3   21:41     N
21  13.6  14.4   10:58  13.0   03:42   4.7   0.0   0.0   8.8  21.7   23:56    NW
22  14.3  15.3   11:19  13.7   23:46   4.0   0.0   2.6  13.5  34.8   13:19   WNW
23  13.2  13.7   00:00  13.2   01:52   5.1   0.0   0.4   4.0  13.9   13:42    NW
24  13.2  13.2   00:00  13.2   00:00   5.1   0.0   2.6  10.0  33.9   21:57    NW
25  13.2  13.3   19:52  12.8   21:29   5.1   0.0   2.0  15.4  44.3   17:25    NW
26  13.8  15.6   09:12  12.2   01:09   4.5   0.0   0.0  16.1  32.2   16:38    NW
27  13.9  15.1   09:59  12.2   20:49   4.4   0.0   0.0  16.6  33.0   21:43    NW
28  12.7  15.2   15:02   8.5   23:56   5.6   0.0   0.0  12.6  33.9   00:02   WNW
29  11.1  14.6   14:51   6.3   06:25   7.2   0.0   0.0   5.7  16.5   11:53     N
30  12.5  15.3   14:32   8.9   04:59   5.8   0.0   0.6   5.7  20.0   21:50   NNW
31  14.5  17.2   15:40  11.8   04:27   3.8   0.0  21.4   8.7  27.8   10:35   NNW
----------------------------------------------------------------------------------
    13.1  17.9     8     4.1    10   161.3   0.0  68.8   8.5  44.3    25      NW

Max >=  25.0:  0
Max <=  30.0: 31
Min <=   5.0:  1
Min <=   0.0:  0
Max Rain: 21.4 on day 31
Days of Rain: 2 (>= 10.0 mm)  0 (>= 30.0 mm)  0 (>= 50.0 mm)
Heat Base: 18.3  Cool Base: 18.3  Method: Integration