NOAA-style Climate Reports

Select a Year or Month report

Report for 2013 Nov
                   Monthly Climatological Summary for Nov 2013

Name: Waikawa Beach Weather   City: Waikawa Beach   State: Horowhenua
Elevation: 28 m  Lat: S 40 41' 46"   Lon: E 175 09' 43"

                  Temperature (C), Rain (mm), Wind Speed (km/h)

                                      Heat  Cool        Avg
    Mean                              Deg   Deg         Wind                 Dom
Day Temp  High   Time   Low    Time   Days  Days  Rain  Speed High   Time    Dir
----------------------------------------------------------------------------------
 1  13.4  15.2   12:28  10.6   23:59   4.9   0.0   0.8   7.1  23.5   13:23   NNW
 2  11.6  14.8   14:49   6.6   06:20   6.7   0.0   0.0   5.6  16.5   13:11   NNW
 3  12.9  16.1   13:51  10.3   22:31   5.4   0.0   0.0   6.1  16.5   11:14   NNE
 4  13.8  17.4   15:20   9.7   02:00   4.5   0.0   0.0   3.7  11.3   11:16     N
 5  15.5  19.9   14:45  10.1   03:14   2.8   0.0   0.8   4.2  12.2   10:19   NNE
 6  16.2  21.0   14:37  13.2   23:59   2.1   0.0   3.6   3.1  13.0   15:13   ESE
 7  15.6  21.4   14:56  11.1   04:18   2.7   0.0   0.8   3.8  17.4   15:17   ESE
 8  14.5  18.9   14:59   8.4   06:26   3.8   0.0   0.0   5.0  15.7   15:57    SW
 9  15.2  18.8   16:13  11.3   06:18   3.1   0.0   0.0   4.7  18.3   12:50    SW
10  13.9  17.2   13:59  10.4   04:49   4.4   0.0   0.0   4.4  13.0   14:55     N
11  16.2  21.6   16:12  13.3   23:50   2.1   0.0   0.0   7.3  23.5   13:13     S
12  13.6  16.7   13:18  10.5   23:54   4.7   0.0   0.0   8.1  26.1   12:40   SSE
13  11.7  15.7   16:09   4.7   05:38   6.6   0.0   0.0   4.5  16.5   12:01   NNW
14  11.5  16.3   17:28   5.6   06:10   6.8   0.0   0.0   4.6  15.7   15:48     W
15  13.0  18.5   16:29   6.4   06:26   5.3   0.0   0.0   4.7  13.9   13:29   NNW
16  14.8  17.4   14:21  12.4   07:52   3.5   0.0   0.6   5.5  20.9   15:55   NNW
17  15.6  17.8   14:28  14.2   23:58   2.7   0.0   1.0   3.8  13.9   10:17   NNW
18  15.4  18.3   10:59  11.3   06:23   2.9   0.0   0.0   4.2  13.9   12:20    NW
19  16.5  21.6   14:35  10.7   06:21   1.8   0.0   0.0   4.0  13.9   15:35     W
20  16.3  21.6   11:37  11.0   05:34   2.0   0.0   0.0   4.3  13.9   16:36   WNW
21  16.1  20.3   16:22  12.2   01:55   2.2   0.0   0.0   3.7  12.2   13:53     N
22  16.8  21.8   17:08  11.2   03:31   1.5   0.0   0.0   4.4  13.0   11:47    SW
23  17.0  27.1   16:28  11.7   06:04   1.3   0.0   0.0   3.1  12.2   17:01    SW
24  17.0  22.8   12:39  10.6   04:47   1.3   0.0   0.0   4.4  13.9   13:27     N
25  17.6  22.2   12:29  15.0   23:05   0.7   0.0   0.0   4.8  15.7   04:03    NW
26  16.8  21.7   16:18  13.9   01:14   1.5   0.0   5.6   4.0  14.8   13:48   SSW
27  17.6  23.3   15:46  13.3   04:05   0.7   0.0   0.2   4.4  16.5   14:17   WNW
28  16.5  24.4   14:03  13.3   22:24   1.8   0.0  13.0   3.2  15.7   22:37    SW
29  15.9  20.6   13:09  12.2   02:31   2.4   0.0   0.0   7.8  24.3   16:45   WNW
30  16.1  18.9   10:04  14.4   14:44   2.2   0.0   1.4  14.2  39.1   12:55    NW
----------------------------------------------------------------------------------
    15.2  27.1    23     4.7    13    94.4   0.0  27.8   5.1  39.1    30      NW

Max >=  25.0:  1
Max <=  30.0: 30
Min <=   5.0:  1
Min <=   0.0:  0
Max Rain: 13.0 on day 28
Days of Rain: 1 (>= 10.0 mm)  0 (>= 30.0 mm)  0 (>= 50.0 mm)
Heat Base: 18.3  Cool Base: 18.3  Method: Integration