NOAA-style Climate Reports

Select a Year or Month report
V/Λ2021 > Jan Feb Mar Apr May Jun Jul Aug Sep Oct Nov Dec
V/Λ2020 > Jan Feb Mar Apr May Jun Jul Aug Sep Oct Nov Dec
V/Λ2019 > Jan Feb Mar Apr May Jun Jul Aug Sep Oct Nov Dec
V/Λ2018 > Jan Feb Mar Apr May Jun Jul Aug Sep Oct Nov Dec
V/Λ2017 > Jan Feb Mar Apr May Jun Jul Aug Sep Oct Nov Dec
V/Λ2016 > Jan Feb Mar Apr May Jun Jul Aug Sep Oct Nov Dec
V/Λ2015 > Jan Feb Mar Apr May Jun Jul Aug Sep Oct Nov Dec
V/Λ2014 > Jan Feb Mar Apr May Jun Jul Aug Sep Oct Nov Dec
V/Λ2013 > Jan Feb Mar Apr May Jun Jul Aug Sep Oct Nov Dec
V/Λ2012 > Jan Feb Mar Apr May Jun Jul Aug Sep Oct Nov Dec
V/Λ2011 > Jan Feb Mar Apr May Jun Jul Aug Sep Oct Nov Dec
V/Λ2010 > Jan Feb Mar Apr May Jun Jul Aug Sep Oct Nov Dec
V/Λ2009 > Jan Feb Mar Apr May Jun Jul Aug Sep Oct Nov Dec
V/Λ2008 > Jan Feb Mar Apr May Jun Jul Aug Sep Oct Nov Dec

Report for 2014 Jan
                   Monthly Climatological Summary for Jan 2014

Name: Waikawa Beach Weather   City: Waikawa Beach   State: Horowhenua
Elevation: 28 ft  Lat: S 40° 41' 44"   Lon: E 175° 09' 42"

                  Temperature (°C), Rain (mm), Wind Speed (km/h)

                                      Heat  Cool        Avg
    Mean                              Deg   Deg         Wind                 Dom
Day Temp  High   Time   Low    Time   Days  Days  Rain  Speed High   Time    Dir
----------------------------------------------------------------------------------
10  16.8  18.9   17:13  12.9   23:59   0.9   0.0   0.0   8.7  24.1   14:47   NNW
11  16.2  20.3   16:48  11.3   04:37   2.4   0.3   0.0   8.4  29.0   14:13     N
12  16.2  18.1   16:13  14.4   05:02   2.1   0.0   0.6  18.8  57.9   21:35   NNW
13  16.8  18.4   16:28  14.1   23:18   1.5   0.0   0.0  32.9  74.0   14:13   NNW
14  16.1  18.8   16:25  12.9   23:00   2.2   0.0   0.0  17.1  54.7   10:16     N
15  15.2  20.9   17:20   9.1   04:26   3.3   0.2   0.0   9.4  25.7   12:26   NNE
16  16.8  18.3   11:56  15.2   00:07   1.5   0.0   0.0  22.6  74.0   23:29   NNW
17  15.9  19.5   14:58  11.6   21:49   2.5   0.1   0.0  17.6  69.2   00:21   NNW
18  14.0  18.2   13:25  10.4   03:44   4.3   0.0   0.0  10.5  37.0   10:00    NW
19  15.6  18.9   13:33  10.4   00:34   2.7   0.0   0.0  12.9  38.6   21:23     N
20  16.6  19.2   15:09  14.3   05:13   1.8   0.0   4.0   6.5  22.5   14:51   NNW
21  16.5  21.3   12:32  14.3   03:45   2.0   0.2   7.0  10.7  43.5   19:11     W
22  16.2  19.4   18:42  14.1   03:47   2.1   0.0   1.8  17.1  49.9   12:55    NW
23  16.2  17.5   15:07  15.1   06:16   2.1   0.0   0.0  32.3  67.6   13:30    NW
24  16.6  19.4   14:21  13.4   22:25   1.8   0.1   0.0  15.1  61.2   03:46   NNW
25  16.0  19.9   11:11  10.6   06:41   2.6   0.3   0.0   9.5  25.7   14:45     N
26  16.8  21.2   14:57  12.7   03:33   2.1   0.6   5.4  11.7  77.2   17:13   NNE
27  15.1  19.1   14:14   9.7   23:57   3.2   0.0   1.0  10.1  40.2   17:02   SSE
28  13.9  20.3   16:33   5.2   06:35   4.7   0.3   0.0  10.4  51.5   14:36   SSW
29  14.1  18.8   17:27   7.9   04:58   4.2   0.0   0.0   9.3  27.4   14:49   NNW
30  17.2  20.7   18:21  14.3   23:15   1.6   0.4   0.0  11.5  35.4   12:39   NNE
31  17.1  22.8   18:23  11.3   07:01   1.9   0.7   0.0   9.5  29.0   14:14     N
----------------------------------------------------------------------------------
    16.0  22.8    31     5.2    28    53.5   3.2  19.8  14.3  77.2    26     NNW

Max >=  15.0 22
Max <=  10.0  0
Min <=   5.0  0
Min <=   0.0  0
Max Rain: 7.0 on day 21
Days of Rain: 2 (>= 5.0 mm)  0 (>= 10.0 mm)  0 (>= 15.0 mm)
Heat Base: 18.3  Cool Base: 18.3  Method: Integration