NOAA-style Climate Reports

Select a Year or Month report
V/Λ2021 > Jan Feb Mar Apr May Jun Jul Aug Sep Oct Nov Dec
V/Λ2020 > Jan Feb Mar Apr May Jun Jul Aug Sep Oct Nov Dec
V/Λ2019 > Jan Feb Mar Apr May Jun Jul Aug Sep Oct Nov Dec
V/Λ2018 > Jan Feb Mar Apr May Jun Jul Aug Sep Oct Nov Dec
V/Λ2017 > Jan Feb Mar Apr May Jun Jul Aug Sep Oct Nov Dec
V/Λ2016 > Jan Feb Mar Apr May Jun Jul Aug Sep Oct Nov Dec
V/Λ2015 > Jan Feb Mar Apr May Jun Jul Aug Sep Oct Nov Dec
V/Λ2014 > Jan Feb Mar Apr May Jun Jul Aug Sep Oct Nov Dec
V/Λ2013 > Jan Feb Mar Apr May Jun Jul Aug Sep Oct Nov Dec
V/Λ2012 > Jan Feb Mar Apr May Jun Jul Aug Sep Oct Nov Dec
V/Λ2011 > Jan Feb Mar Apr May Jun Jul Aug Sep Oct Nov Dec
V/Λ2010 > Jan Feb Mar Apr May Jun Jul Aug Sep Oct Nov Dec
V/Λ2009 > Jan Feb Mar Apr May Jun Jul Aug Sep Oct Nov Dec
V/Λ2008 > Jan Feb Mar Apr May Jun Jul Aug Sep Oct Nov Dec

Report for 2014 Feb
                   Monthly Climatological Summary for Feb 2014

Name: Waikawa Beach Weather   City: Waikawa Beach   State: Horowhenua
Elevation: 28 ft  Lat: S 40° 41' 44"   Lon: E 175° 09' 42"

                  Temperature (°C), Rain (mm), Wind Speed (km/h)

                                      Heat  Cool        Avg
    Mean                              Deg   Deg         Wind                 Dom
Day Temp  High   Time   Low    Time   Days  Days  Rain  Speed High   Time    Dir
----------------------------------------------------------------------------------
01  16.6  23.8   13:34   9.8   04:26   2.9   1.2   0.0  10.0  48.3   16:21    SE
02  16.6  22.8   14:31  10.4   05:53   2.4   0.8   0.0  10.1  41.8   10:33    SE
03  15.6  19.9   19:05  10.4   06:22   2.9   0.2   0.0   9.1  29.0   16:23   NNW
04  16.0  20.2   17:07  10.6   02:42   2.5   0.3   0.0   8.2  25.7   21:31     N
05  18.0  21.6   17:05  15.2   23:12   0.9   0.5   0.0  16.4  43.5   09:40   WNW
06  16.6  20.7   17:57  11.1   23:57   2.2   0.5   0.0  10.0  29.0   14:57    NW
07  15.7  23.4   13:17   7.8   03:30   3.2   0.6   0.0   9.3  35.4   14:53     E
08  18.4  23.3   18:55  15.1   01:42   1.0   1.1  11.0   9.7  40.2   15:09   WSW
09  18.4  22.8   14:10  15.5   23:59   0.8   0.9   0.0  15.9  45.1   16:21    SW
10  15.7  17.9   12:09  14.6   02:51   2.6   0.0   0.4  14.8  40.2   07:40   WSW
11  16.2  18.6   13:02  14.1   02:02   2.1   0.0   0.0   5.8  30.6   13:33   NNW
12  16.5  19.1   15:25  14.7   08:27   1.9   0.0   0.4  13.0  38.6   18:23   NNW
13  16.4  18.9   14:34  15.1   06:49   1.9   0.0   0.0  22.1  49.9   14:06    NW
14  16.7  19.0   15:05  15.7   07:22   1.6   0.0   0.0  22.9  54.7   05:35   NNW
15  16.7  19.8   15:46  12.7   23:55   1.8   0.2   0.4  11.4  32.2   11:51     N
16  15.8  20.6   19:17   9.9   06:09   2.9   0.4   0.2   9.8  30.6   18:06     N
17  18.5  22.8   10:27  13.1   07:11   1.3   1.5   0.0   8.8  32.2   16:51     N
18  18.7  22.1   16:17  14.8   02:46   0.9   1.2   0.0   6.9  24.1   15:35     N
19  18.8  22.6   18:02  14.5   05:26   1.1   1.6   0.0   9.7  30.6   16:34     N
20  18.5  23.1   16:39  14.2   07:06   0.9   1.1   0.2   7.8  25.7   12:48   NNW
21  18.7  23.1   17:28  15.8   05:45   0.9   1.2   0.2   6.5  25.7   13:28     N
22  19.4  22.3   15:02  17.7   22:52   0.1   1.2   0.0  12.7  54.7   15:41    NW
23  17.6  19.3   13:12  15.7   23:33   0.8   0.1   0.0  31.0  62.8   12:20   NNW
24  14.2  18.1   16:58   6.8   07:13   4.1   0.0   0.0  11.2  33.8   23:54     N
25  17.2  20.9   16:56  13.8   06:32   1.6   0.5   0.0  13.5  37.0   00:03     N
26  17.1  22.1   15:45  11.4   05:49   2.2   1.0   0.0   7.9  24.1   11:50     N
27  16.8  22.1   11:21  11.0   07:41   2.2   0.8   0.0  10.7  32.2   14:18   NNE
28  16.8  19.0   13:53  12.2   23:53   1.5   0.0   0.0  18.7  67.6   19:23    NW
----------------------------------------------------------------------------------
    17.1  23.8     1     6.8    24    51.2  16.9  12.8  12.3  67.6    28     NNW

Max >=  15.0 28
Max <=  10.0  0
Min <=   5.0  0
Min <=   0.0  0
Max Rain: 11.0 on day 8
Days of Rain: 1 (>= 5.0 mm)  1 (>= 10.0 mm)  0 (>= 15.0 mm)
Heat Base: 18.3  Cool Base: 18.3  Method: Integration