NOAA-style Climate Reports

Select a Year or Month report

Report for 2014 Apr
                   Monthly Climatological Summary for Apr 2014

Name: Waikawa Beach Weather   City: Waikawa Beach   State: Horowhenua
Elevation: 28 ft  Lat: S 40° 41' 44"   Lon: E 175° 09' 42"

                  Temperature (°C), Rain (mm), Wind Speed (km/h)

                                      Heat  Cool        Avg
    Mean                              Deg   Deg         Wind                 Dom
Day Temp  High   Time   Low    Time   Days  Days  Rain  Speed High   Time    Dir
----------------------------------------------------------------------------------
01  14.1  18.1   16:32  10.2   03:46   4.2   0.0   0.0   7.7  27.4   12:39   NNE
02  14.3  20.5   13:34  10.6   05:20   4.1   0.1   0.2   7.3  25.7   13:04    NE
03  14.2  19.5   13:42   8.7   06:43   4.2   0.2   0.0   8.7  25.7   14:20    NE
04  14.9  20.0   12:56  10.3   03:39   3.6   0.2   0.0   7.2  25.7   13:14   NNE
05  14.7  19.2   15:22   9.7   06:22   3.7   0.0   0.0   8.7  27.4   15:44   NNE
06  16.1  22.7   17:05  10.0   05:24   3.0   0.7   0.0   7.0  27.4   14:39    NE
07  17.6  22.8   14:56  11.7   04:17   1.8   1.1   0.0   9.2  45.1   23:16   NNW
08  16.5  18.0   00:00  14.9   02:31   1.8   0.0   0.6  15.5  51.5   07:50   SSW
09  16.5  19.5   10:36  14.7   22:59   1.9   0.1   1.2   7.6  33.8   00:13   NNW
10  16.7  20.6   11:23  14.6   05:44   1.8   0.2   1.2  10.7  41.8   13:12   NNW
11  16.5  19.4   11:49  14.8   23:19   1.8   0.1   0.6   5.3  22.5   15:03     N
12  16.3  19.5   14:01  14.4   23:58   2.1   0.1   0.0  13.0  45.1   15:47    NE
13  13.6  18.1   13:46   9.9   23:51   4.7   0.0   4.2   6.8  29.0   02:41   SSE
14  12.5  15.2   14:49   9.8   00:49   5.8   0.0   3.2   3.7  16.1   13:22     E
15  18.0  22.8   13:25  14.8   00:00   1.2   0.9   0.0   7.5  33.8   21:22    NE
16  16.3  18.2   16:35  13.9   22:36   2.0   0.0  43.2   9.2  29.0   10:18   ENE
17  16.6  20.1   18:08  14.0   02:54   2.1   0.4  10.8  19.9  86.9   19:58   ENE
18  20.8  24.1   13:42  18.3   23:59   0.0   2.5   0.0  23.3  61.2   00:13   ENE
19  17.5  20.5   14:38  15.5   22:53   1.0   0.3   3.6  10.0  37.0   22:23     N
20  15.9  18.7   13:29  14.2   19:26   2.4   0.0  13.0  19.1  56.3   14:12   NNW
21  15.7  17.1   14:59  14.1   23:46   2.6   0.0   0.0  18.8  57.9   03:08     N
22  13.8  17.8   13:33   9.3   23:56   4.5   0.0   0.0   9.1  30.6   06:52    NE
23  12.4  16.6   12:25   6.5   05:46   5.9   0.0   0.0  10.6  30.6   12:50   NNE
24  14.7  16.9   15:52  12.3   05:54   3.6   0.0   4.2   7.8  29.0   15:11   NNE
25  16.6  18.0   14:02  15.6   23:54   1.7   0.0   1.4  21.6  53.1   13:12     N
26  13.1  17.2   15:40   7.6   23:18   5.2   0.0   0.0  10.5  32.2   07:13    NE
27  12.2  16.2   11:47   7.1   01:24   6.1   0.0   6.8  12.6  40.2   18:55   NNE
28  12.7  14.7   04:01  10.3   09:45   5.6   0.0  20.0  28.7  69.2   09:40   NNW
29  11.5  14.2   16:16   9.4   05:25   6.8   0.0   2.8  14.3  45.1   15:24   NNW
30  11.9  14.9   11:48   9.4   07:28   6.4   0.0   4.0   7.2  33.8   20:46     N
----------------------------------------------------------------------------------
    15.1  24.1    18     6.5    23   101.6   6.9 121.0  11.6  86.9    17     NNE

Max >=  15.0 27
Max <=  10.0  0
Min <=   5.0  0
Min <=   0.0  0
Max Rain: 43.2 on day 16
Days of Rain: 5 (>= 5.0 mm)  4 (>= 10.0 mm)  2 (>= 15.0 mm)
Heat Base: 18.3  Cool Base: 18.3  Method: Integration