NOAA-style Climate Reports

Select a Year or Month report

Report for 2014 May
                   Monthly Climatological Summary for May 2014

Name: Waikawa Beach Weather   City: Waikawa Beach   State: Horowhenua
Elevation: 28 ft  Lat: S 40° 41' 44"   Lon: E 175° 09' 42"

                  Temperature (°C), Rain (mm), Wind Speed (km/h)

                                      Heat  Cool        Avg
    Mean                              Deg   Deg         Wind                 Dom
Day Temp  High   Time   Low    Time   Days  Days  Rain  Speed High   Time    Dir
----------------------------------------------------------------------------------
01  11.7  15.7   11:46   7.6   08:00   6.6   0.0   0.2   6.8  24.1   02:14   ENE
02  11.0  16.0   15:05   7.7   03:32   7.3   0.0   0.0   6.2  17.7   13:48   NNE
03  13.8  17.5   15:53   9.6   00:00   4.5   0.0   1.0   6.3  20.9   02:45    NE
04  15.5  18.2   14:36  13.2   21:37   2.8   0.0   0.4   6.3  20.9   09:52   NNE
05  15.2  18.0   12:06  13.5   18:02   3.1   0.0   8.8  13.6  43.5   16:39    NE
06  16.2  17.7   14:31  14.6   22:31   2.1   0.0   8.8  20.5  61.2   06:28     N
07  15.8  17.7   13:38  14.2   00:38   2.5   0.0   8.6  15.9  43.5   12:17   NNW
08  14.0  16.9   14:21  11.7   23:20   4.3   0.0   1.0   8.0  37.0   11:18   NNE
09  11.7  14.8   14:20   7.7   23:32   6.6   0.0   2.2   7.1  22.5   02:47    NE
10  10.8  15.7   11:28   7.0   00:35   7.5   0.0   0.0   6.8  20.9   13:57   ENE
11  10.0  14.8   10:58   6.1   07:02   8.3   0.0   0.0   5.2  17.7   13:17   ENE
12  12.3  15.2   12:41   7.3   00:02   6.0   0.0   1.0  12.2  45.1   16:55   NNE
13  13.1  15.8   12:40  10.9   23:45   5.2   0.0  10.0   9.6  33.8   01:46   NNE
14  11.0  12.7   12:55  10.2   08:25   7.3   0.0   9.0   8.4  33.8   21:38   NNE
15  11.4  14.1   13:44  10.2   23:53   6.9   0.0   0.0  15.0  38.6   11:46   NNW
16  10.6  15.2   12:40   5.8   22:50   7.7   0.0   0.0   7.5  25.7   00:25     N
17  11.0  16.7   15:30   6.1   01:19   7.3   0.0   0.0   9.1  29.0   10:39    NE
18  11.7  16.5   14:48   5.7   04:34   6.6   0.0   0.0  10.8  29.0   16:57   NNE
19  14.5  17.6   14:47  12.9   05:39   3.8   0.0   0.0  11.3  29.0   00:54    NE
20  15.1  16.6   10:56  12.8   00:57   3.2   0.0   0.0  16.7  45.1   22:32     N
21  15.5  16.9   12:52  12.1   23:59   2.8   0.0   2.4  23.8  51.5   16:26     N
22  11.6  13.9   12:26   6.2   06:30   6.7   0.0   0.0  14.9  46.7   18:18     N
23  15.8  16.9   14:49  13.6   00:03   2.5   0.0   0.0  33.3  86.9   11:28   NNW
24  16.0  17.0   12:01  14.0   16:11   2.3   0.0   8.0  31.1  77.2   14:40   NNW
25  13.8  15.6   00:00  12.7   07:24   4.5   0.0   0.6  33.2  91.7   21:23   NNW
26   9.9  15.2   00:00   5.6   22:14   8.4   0.0   0.4  25.4  93.3   02:16   NNW
27   6.4  11.0   13:34   0.5   05:28  11.9   0.0   0.0   8.8  22.5   10:18   ENE
28  11.5  13.8   11:55   8.8   03:23   6.8   0.0   0.8  14.6  53.1   16:18     N
29  13.5  15.2   15:32  11.4   09:09   4.8   0.0   4.6  15.3  49.9   13:35   NNW
30  10.3  14.0   14:23   5.2   23:58   8.0   0.0   0.0   6.1  41.8   00:16   SSE
31   7.1  12.2   11:26   2.7   06:50  11.2   0.0   0.0   5.7  16.1   13:32    NE
----------------------------------------------------------------------------------
    12.5  18.2     4     0.5    27   179.5   0.0  67.8  13.4  93.3    26       N

Max >=  15.0 22
Max <=  10.0  0
Min <=   5.0  2
Min <=   0.0  0
Max Rain: 10.0 on day 13
Days of Rain: 6 (>= 5.0 mm)  1 (>= 10.0 mm)  0 (>= 15.0 mm)
Heat Base: 18.3  Cool Base: 18.3  Method: Integration