NOAA-style Climate Reports

Select a Year or Month report
V/Λ2021 > Jan Feb Mar Apr May Jun Jul Aug Sep Oct Nov Dec
V/Λ2020 > Jan Feb Mar Apr May Jun Jul Aug Sep Oct Nov Dec
V/Λ2019 > Jan Feb Mar Apr May Jun Jul Aug Sep Oct Nov Dec
V/Λ2018 > Jan Feb Mar Apr May Jun Jul Aug Sep Oct Nov Dec
V/Λ2017 > Jan Feb Mar Apr May Jun Jul Aug Sep Oct Nov Dec
V/Λ2016 > Jan Feb Mar Apr May Jun Jul Aug Sep Oct Nov Dec
V/Λ2015 > Jan Feb Mar Apr May Jun Jul Aug Sep Oct Nov Dec
V/Λ2014 > Jan Feb Mar Apr May Jun Jul Aug Sep Oct Nov Dec
V/Λ2013 > Jan Feb Mar Apr May Jun Jul Aug Sep Oct Nov Dec
V/Λ2012 > Jan Feb Mar Apr May Jun Jul Aug Sep Oct Nov Dec
V/Λ2011 > Jan Feb Mar Apr May Jun Jul Aug Sep Oct Nov Dec
V/Λ2010 > Jan Feb Mar Apr May Jun Jul Aug Sep Oct Nov Dec
V/Λ2009 > Jan Feb Mar Apr May Jun Jul Aug Sep Oct Nov Dec
V/Λ2008 > Jan Feb Mar Apr May Jun Jul Aug Sep Oct Nov Dec

Report for 2014 Jul
                   Monthly Climatological Summary for Jul 2014

Name: Waikawa Beach Weather   City: Waikawa Beach   State: Horowhenua
Elevation: 28 ft  Lat: S 40° 41' 44"   Lon: E 175° 09' 42"

                  Temperature (°C), Rain (mm), Wind Speed (km/h)

                                      Heat  Cool        Avg
    Mean                              Deg   Deg         Wind                 Dom
Day Temp  High   Time   Low    Time   Days  Days  Rain  Speed High   Time    Dir
----------------------------------------------------------------------------------
01  12.3  13.7   04:43   9.7   00:16   6.0   0.0   6.8  20.8  59.5   23:59     N
02   9.1  11.4   02:19   5.7   20:48   9.2   0.0   1.2  25.6  75.6   00:15     N
03   7.1  10.7   12:36   3.7   21:18  11.2   0.0   0.0   8.2  40.2   01:51   SSE
04   8.4  12.7   23:58   2.7   07:47   9.9   0.0   0.0  10.6  51.5   22:16     N
05  12.8  14.4   12:20  10.1   23:50   5.5   0.0   0.0  29.7  69.2   08:47     N
06   8.5  12.4   13:57   3.7   23:55   9.8   0.0   0.0   7.5  33.8   01:31     S
07   5.9  11.4   14:40   0.8   07:22  12.4   0.0   0.0   6.0  16.1   13:26     E
08   6.3  11.3   12:17  -0.1   06:30  12.0   0.0   0.0   5.7  17.7   13:24     E
09   9.0  13.7   14:01   4.1   02:23   9.3   0.0   0.0   7.6  35.4   15:28     E
10  12.3  15.3   12:45   8.4   00:58   6.0   0.0   0.0  16.8  51.5   12:52   ENE
11  13.4  16.0   13:27  11.3   03:56   4.9   0.0   0.0  20.2  40.2   02:48   ENE
12  13.1  15.3   12:03  11.5   19:59   5.2   0.0   2.0  18.2  46.7   04:04   ENE
13  11.9  14.2   12:30   9.2   22:29   6.4   0.0   2.6   8.9  29.0   12:00     N
14  10.3  14.4   14:36   7.8   04:02   8.0   0.0   0.2   8.2  33.8   13:46     S
15   8.6  12.0   12:21   4.8   07:35   9.7   0.0   0.0   7.7  37.0   15:10     S
16   6.7  10.4   13:24   3.4   05:25  11.6   0.0   0.0   8.6  41.8   12:36   SSW
17   6.4  10.7   13:44   2.8   08:13  11.9   0.0   0.0   7.8  35.4   14:06   SSW
18   5.4  11.1   15:31   0.6   07:41  12.9   0.0   0.0   5.7  17.7   01:56    NW
19   6.3  12.6   15:30  -0.2   07:43  12.0   0.0   0.2   6.0  30.6   21:33   NNW
20   9.5  10.3   04:40   8.3   23:59   8.8   0.0   1.8  14.4  40.2   14:52    SW
21   7.2  10.1   11:43   4.2   23:01  11.1   0.0   0.0  10.3  40.2   16:34   SSW
22   6.9   9.1   13:37   4.5   00:00  11.4   0.0   1.0  13.9  53.1   09:52    SW
23   9.0  12.3   14:17   4.5   23:57   9.3   0.0   3.0  13.5  48.3   11:36   WNW
24   7.5  13.0   14:52   3.3   02:34  10.8   0.0   0.0   7.7  24.1   11:39    NE
25   8.6  13.8   12:39   3.5   04:06   9.7   0.0   0.0   9.6  64.4   23:14   SSE
26   7.2  11.5   13:13   2.1   07:46  11.1   0.0   0.0   5.9  30.6   00:07   NNE
27   6.8  12.2   14:22   0.8   06:10  11.5   0.0   0.0   8.5  46.7   13:24     N
28   7.5  11.2   12:55   1.2   07:24  10.8   0.0   0.0   7.5  24.1   11:09   NNE
29  10.6  13.0   12:44   7.9   07:33   7.7   0.0   0.0  10.4  33.8   13:06   NNE
30  12.9  14.5   13:36  10.6   00:22   5.4   0.0   0.8  19.0  66.0   00:00   NNW
31  13.8  14.9   14:20  12.1   01:20   4.5   0.0   0.8  19.6  67.6   00:00     N
----------------------------------------------------------------------------------
     9.1  16.0    11    -0.2    19   286.0   0.0  20.4  11.9  75.6     2       N

Max >=  15.0  3
Max <=  10.0  1
Min <=   5.0 19
Min <=   0.0  2
Max Rain: 6.8 on day 1
Days of Rain: 1 (>= 5.0 mm)  0 (>= 10.0 mm)  0 (>= 15.0 mm)
Heat Base: 18.3  Cool Base: 18.3  Method: Integration