NOAA-style Climate Reports

Select a Year or Month report
V/Λ2021 > Jan Feb Mar Apr May Jun Jul Aug Sep Oct Nov Dec
V/Λ2020 > Jan Feb Mar Apr May Jun Jul Aug Sep Oct Nov Dec
V/Λ2019 > Jan Feb Mar Apr May Jun Jul Aug Sep Oct Nov Dec
V/Λ2018 > Jan Feb Mar Apr May Jun Jul Aug Sep Oct Nov Dec
V/Λ2017 > Jan Feb Mar Apr May Jun Jul Aug Sep Oct Nov Dec
V/Λ2016 > Jan Feb Mar Apr May Jun Jul Aug Sep Oct Nov Dec
V/Λ2015 > Jan Feb Mar Apr May Jun Jul Aug Sep Oct Nov Dec
V/Λ2014 > Jan Feb Mar Apr May Jun Jul Aug Sep Oct Nov Dec
V/Λ2013 > Jan Feb Mar Apr May Jun Jul Aug Sep Oct Nov Dec
V/Λ2012 > Jan Feb Mar Apr May Jun Jul Aug Sep Oct Nov Dec
V/Λ2011 > Jan Feb Mar Apr May Jun Jul Aug Sep Oct Nov Dec
V/Λ2010 > Jan Feb Mar Apr May Jun Jul Aug Sep Oct Nov Dec
V/Λ2009 > Jan Feb Mar Apr May Jun Jul Aug Sep Oct Nov Dec
V/Λ2008 > Jan Feb Mar Apr May Jun Jul Aug Sep Oct Nov Dec

Report for 2014 Dec
                   Monthly Climatological Summary for Dec 2014

Name: Waikawa Beach Weather   City: Waikawa Beach   State: Horowhenua
Elevation: 28 ft  Lat: S 40° 41' 44"   Lon: E 175° 09' 42"

                  Temperature (°C), Rain (mm), Wind Speed (km/h)

                                      Heat  Cool        Avg
    Mean                              Deg   Deg         Wind                 Dom
Day Temp  High   Time   Low    Time   Days  Days  Rain  Speed High   Time    Dir
----------------------------------------------------------------------------------
01  11.8  14.5   14:28   9.4   06:32   6.5   0.0   0.4  11.3  45.1   12:02   SSW
02  11.6  14.9   10:56   7.2   02:21   6.7   0.0   0.0  13.9  46.7   14:10   SSW
03  12.6  16.2   12:33   7.6   00:36   5.7   0.0   0.0  12.0  37.0   13:46     W
04  14.3  15.4   13:28  13.3   03:30   4.0   0.0   7.0  19.1  46.7   08:27   WNW
05  15.0  18.1   16:50  10.0   23:59   3.3   0.0   0.2  13.4  46.7   16:07    SW
06  13.7  18.1   15:35   9.2   02:44   4.6   0.0   0.0   6.5  29.0   23:06     W
07  15.8  17.3   19:27  14.1   22:13   2.5   0.0   2.8   9.1  43.5   11:57   WNW
08  14.8  18.3   17:44  12.2   05:53   3.5   0.0   0.0   8.8  25.7   15:11    SW
09  14.2  16.6   18:25  10.6   06:03   4.1   0.0   0.0   8.4  33.8   16:53   WSW
10  14.3  16.5   13:54  11.7   21:46   4.0   0.0  31.6  10.1  43.5   16:05    SW
11  14.2  17.1   16:07  11.8   00:00   4.1   0.0   0.6   5.9  25.7   20:15    SW
12  14.0  16.4   13:51  10.7   23:56   4.3   0.0   0.2   9.7  40.2   09:23     W
13  13.4  17.8   16:18   9.4   02:39   4.9   0.0   0.0   7.7  27.4   14:49   SSW
14  14.3  18.4   17:36  11.1   23:42   4.0   0.0   0.0   7.0  27.4   11:45   WSW
15  14.4  18.8   17:01   7.8   06:06   3.9   0.0   0.0   8.3  25.7   13:03   WSW
16  16.2  23.2   16:55   7.7   05:35   3.1   1.0   0.0   8.5  38.6   22:32   SSW
17  18.9  22.2   13:15  16.9   03:25   0.2   0.8   0.8  20.6  54.7   13:47     S
18  16.9  18.7   00:44  15.8   23:49   1.4   0.0   3.0  13.8  54.7   16:51     W
19  16.5  18.7   14:32  14.9   04:46   1.8   0.0   1.4   5.3  20.9   04:25     W
20  18.3  22.3   12:37  14.0   05:32   1.0   1.0   4.2   4.6  25.7   23:43   WSW
21  17.2  19.1   00:17  16.1   21:22   1.1   0.0   1.6  13.7  37.0   02:56   WNW
22  16.2  18.2   16:41  14.8   05:43   2.1   0.0   0.2  12.3  37.0   09:23    NW
23  16.8  21.8   15:54  10.6   06:01   2.3   0.8   0.0   9.0  29.0   15:03    SW
24  17.7  21.7   11:54  12.9   05:26   1.5   0.9   0.0   7.7  27.4   14:31   WSW
25  17.7  20.4   16:10  14.6   06:23   1.1   0.5   0.0   7.5  24.1   10:43   WSW
26  18.7  21.4   13:41  16.2   22:58   0.4   0.9   0.0   6.2  22.5   12:36     W
27  17.7  20.6   15:46  14.2   23:31   1.1   0.5   0.0   9.8  30.6   17:27   WSW
28  17.9  20.7   16:10  13.3   02:43   1.1   0.7   0.0   6.0  20.9   12:47    SW
29  19.3  23.1   17:14  16.7   23:54   0.3   1.3   0.0   6.1  27.4   12:05    SW
30  17.2  20.2   18:37  13.7   03:46   1.3   0.2   1.8   6.9  38.6   13:31    SW
31  17.8  22.1   15:06  14.6   02:15   1.2   0.8   2.8  14.9  51.5   20:25   NNW
----------------------------------------------------------------------------------
    15.8  23.2    16     7.2     2    87.1   9.4  58.6   9.8  54.7    17     WSW

Max >=  15.0 29
Max <=  10.0  0
Min <=   5.0  0
Min <=   0.0  0
Max Rain: 31.6 on day 10
Days of Rain: 2 (>= 5.0 mm)  1 (>= 10.0 mm)  1 (>= 15.0 mm)
Heat Base: 18.3  Cool Base: 18.3  Method: Integration