NOAA-style Climate Reports

Select a Year or Month report

Report for 2015 May
                   Monthly Climatological Summary for May 2015

Name: Waikawa Beach Weather   City: Waikawa Beach   State: Horowhenua
Elevation: 28 ft  Lat: S 40° 41' 44"   Lon: E 175° 09' 42"

                  Temperature (°C), Rain (mm), Wind Speed (km/h)

                                      Heat  Cool        Avg
    Mean                              Deg   Deg         Wind                 Dom
Day Temp  High   Time   Low    Time   Days  Days  Rain  Speed High   Time    Dir
----------------------------------------------------------------------------------
01  12.4  17.4   14:07   8.1   01:23   5.9   0.0   0.6   9.5  27.4   14:48    SW
02  14.0  16.8   14:39  12.2   01:35   4.3   0.0   0.0  10.0  35.4   14:14   WSW
03  13.4  16.8   14:24   9.9   23:52   4.9   0.0   0.0   8.7  25.7   10:04     S
04  11.6  14.9   16:12   8.1   03:35   6.6   0.0   0.0   8.0  20.9   11:48     S
05  14.8  17.3   15:35  12.5   01:20   3.5   0.0   0.0   6.9  17.7   10:11   SSE
06  17.0  19.0   15:17  14.8   01:12   1.3   0.0   0.0  14.3  57.9   18:27    NW
07  17.1  18.3   00:31  16.3   10:40   1.2   0.0  12.2  16.0  48.3   03:57   WNW
08  15.9  17.3   14:06  14.3   04:48   2.4   0.0  11.2  15.4  43.5   00:54   WSW
09  15.1  15.9   13:21  14.2   07:22   3.2   0.0   0.0  28.5  57.9   19:45    SW
10  16.0  17.2   12:46  15.2   20:50   2.3   0.0   0.0  22.4  56.3   03:06    SW
11  15.4  17.8   15:03  12.3   06:34   2.9   0.0   3.4  18.2  56.3   17:07   WSW
12  14.4  15.9   18:06  12.4   12:47   3.9   0.0  15.6  22.1  66.0   11:33    SW
13  14.3  16.6   14:43  12.1   21:12   4.0   0.0   2.2  24.8  62.8   09:21    SW
14  13.9  16.6   13:52  12.4   00:00   4.4   0.0  28.6  13.4  41.8   14:17    SE
15  12.5  15.0   12:29  10.3   22:23   5.8   0.0  17.8   6.6  53.1   23:48     S
16  11.9  14.3   13:52  10.2   00:50   6.4   0.0   3.4  13.6  57.9   12:42     S
17  10.2  15.3   13:13   5.7   04:56   8.1   0.0   0.0   6.0  19.3   00:57    NW
18  12.4  16.5   14:56   9.2   00:00   5.9   0.0   0.0  11.3  33.8   16:51     W
19  11.0  15.2   12:54   5.4   22:54   7.2   0.0   0.0   8.2  29.0   12:20     S
20  10.6  14.2   20:57   5.7   01:00   7.7   0.0   0.0  11.4  43.5   23:17   SSW
21  15.0  17.1   14:22  12.1   02:20   3.3   0.0   0.4  23.7  70.8   23:22   WSW
22  10.9  15.4   00:22   5.5   23:55   7.4   0.0   0.4  15.3  77.2   00:32   WSW
23   9.9  13.4   13:20   5.2   01:04   8.4   0.0   0.0   7.3  25.7   04:14   WNW
24  11.5  13.9   19:31   8.9   06:58   6.8   0.0   0.0  18.2  74.0   21:13    SW
25   7.5  11.2   15:00   2.4   23:57  10.8   0.0   0.0   9.8  45.1   11:16     S
26   5.6  12.1   13:53  -0.3   04:39  12.7   0.0   0.0   6.1  22.5   14:40   SSW
27   8.9  11.4   12:59   3.0   00:30   9.4   0.0   0.2  11.0  51.5   15:09     S
28   6.9  12.7   13:28   2.1   06:01  11.4   0.0   0.0   7.1  19.3   07:59   ESE
29   7.9  11.4   15:31   3.8   00:25  10.4   0.0   0.0   8.7  20.9   01:20     S
30  10.2  13.2   14:08   6.8   06:38   8.1   0.0   1.2  11.2  38.6   15:34   WSW
31  12.4  16.4   14:51   9.0   23:59   5.9   0.0   0.4   7.4  22.5   08:24    NW
----------------------------------------------------------------------------------
    12.3  19.0     6    -0.3    26   186.5   0.0  97.6  12.9  77.2    22      SW

Max >=  15.0 20
Max <=  10.0  0
Min <=   5.0  5
Min <=   0.0  1
Max Rain: 28.6 on day 14
Days of Rain: 5 (>= 5.0 mm)  5 (>= 10.0 mm)  3 (>= 15.0 mm)
Heat Base: 18.3  Cool Base: 18.3  Method: Integration